{"id":56,"date":"2013-06-05T00:54:25","date_gmt":"2013-06-05T00:54:25","guid":{"rendered":"http:\/\/blog.espol.edu.ec\/csrivas\/?page_id=56"},"modified":"2013-06-05T01:09:54","modified_gmt":"2013-06-05T01:09:54","slug":"la-inspiracion-vino-un-dia","status":"publish","type":"page","link":"https:\/\/blog.espol.edu.ec\/csrivas\/la-inspiracion-vino-un-dia\/","title":{"rendered":"La inspiraci\u00f3n vino un d\u00eda"},"content":{"rendered":"<h4><span style=\"color: #993300\">Puedo decirles que las inspiraci\u00f3n llego con una comedia que vi hace a\u00f1os en WB.<\/span><\/h4>\n<p><a href=\"http:\/\/blog.espol.edu.ec\/csrivas\/files\/2013\/06\/url-2.jpeg\"><img loading=\"lazy\" decoding=\"async\" class=\"aligncenter size-medium wp-image-66\" src=\"http:\/\/blog.espol.edu.ec\/csrivas\/files\/2013\/06\/url-2-300x225.jpeg\" alt=\"\" width=\"300\" height=\"225\" srcset=\"https:\/\/blog.espol.edu.ec\/csrivas\/files\/2013\/06\/url-2-300x225.jpeg 300w, https:\/\/blog.espol.edu.ec\/csrivas\/files\/2013\/06\/url-2-1024x768.jpeg 1024w, https:\/\/blog.espol.edu.ec\/csrivas\/files\/2013\/06\/url-2.jpeg 1280w\" sizes=\"auto, (max-width: 300px) 100vw, 300px\" \/><\/a><\/p>\n<p><span style=\"color: #808000\">Pushing Daisies es una comedia dram\u00e1tica que relata la vida de Ned, un joven que posee la misteriosa habilidad de devolver la vida a los muertos s\u00f3lo con tocarlos. Sin embargo, hay algunas condiciones: si toca a la persona resucitada una segunda vez, \u00e9sta morir\u00e1 para siempre; y si una persona revive durante m\u00e1s de un minuto, alguien cercano morir\u00e1.<\/span><\/p>\n<p><span style=\"color: #808000\">Ned descubri\u00f3 su don de ni\u00f1o cuando resucit\u00f3 a su Golden Retriever, Digby, que hab\u00eda sido atropellado por un cami\u00f3n mientras jugaban. Despu\u00e9s devolvi\u00f3 la vida a su madre cuando muri\u00f3 a causa de una aneurisma. Sin embargo, al revivirla, caus\u00f3 accidentalmente la muerte del padre de Chuck, la chica que le gustaba, pues todav\u00eda no conoc\u00eda las consecuencias de revivir a alguien m\u00e1s de un minuto. Se enter\u00f3 de este hecho de la peor manera posible, ya que su madre muri\u00f3 para siempre despu\u00e9s de darle ese mismo d\u00eda el beso de buenas noches. Ned y Chuck fueron separados. Ella fue a vivir con sus exc\u00e9ntricas t\u00edas Vivian y Lily, y \u00e9l fue trasladado y abandonado en un internado por su padre. En consecuencia, ambos crecieron y se convirtieron en adultos introvertidos.<\/span><\/p>\n<p><a href=\"http:\/\/blog.espol.edu.ec\/csrivas\/files\/2013\/06\/pushingdaisies-s2-circus5.jpg\"><img loading=\"lazy\" decoding=\"async\" class=\"aligncenter size-medium wp-image-67\" src=\"http:\/\/blog.espol.edu.ec\/csrivas\/files\/2013\/06\/pushingdaisies-s2-circus5-300x200.jpg\" alt=\"\" width=\"300\" height=\"200\" srcset=\"https:\/\/blog.espol.edu.ec\/csrivas\/files\/2013\/06\/pushingdaisies-s2-circus5-300x200.jpg 300w, https:\/\/blog.espol.edu.ec\/csrivas\/files\/2013\/06\/pushingdaisies-s2-circus5-1024x682.jpg 1024w, https:\/\/blog.espol.edu.ec\/csrivas\/files\/2013\/06\/pushingdaisies-s2-circus5.jpg 1600w\" sizes=\"auto, (max-width: 300px) 100vw, 300px\" \/><\/a><\/p>\n<p><span style=\"color: #808000\">Gracias a que hered\u00f3 el talento de su madre con los fogones, Ned se convirti\u00f3 en pastelero y abri\u00f3 una tarter\u00eda, \"The Pie Hole\", con la ayuda de su camarera, Olive Snook. Un investigador privado, Emerson Cod, descubre accidentalmente el don de Ned y le propone un trato: Ned resucitar\u00e1 a v\u00edctimas de asesinato durante un minuto y les preguntar\u00e1 qui\u00e9n las mat\u00f3. Cod resolver\u00e1 los casos y se repartir\u00e1n la recompensa, lo que vendr\u00e1 muy bien a Ned para mantener a flote la \"Tarter\u00eda\".<\/span><\/p>\n<p><span style=\"color: #808000\">Ned se entera de que Chuck, a la que no ve\u00eda desde ni\u00f1o, ha muerto durante un crucero. La revive con el pretexto de servir a la justicia pregunt\u00e1ndole qui\u00e9n la mat\u00f3, pero no es capaz de tocarla por segunda vez; pasado el minuto, se produce la esperada selecci\u00f3n aleatoria, y el director de la funeraria muere en su lugar. Ned y Chuck se enamoran y \u00e9l le abre las puertas de su hogar. Chuck est\u00e1 encantada de tener una segunda oportunidad en la vida, y Ned es feliz por haber recuperado al amor de su infancia, al que nunca olvid\u00f3.<\/span><\/p>\n<p><span style=\"color: #808000\">La serie contin\u00faa con Ned, Chuck, Emerson y Olive resolviendo casos de asesinato, relacion\u00e1ndose entre ellos y explorando lo que significa realmente estar vivo. Las historias combinan misterio, magia, humor negro, romanticismo, animales, coloridos paisajes, n\u00fameros musicales, y, por supuesto, tartas.<\/span><\/p>\n","protected":false},"excerpt":{"rendered":"<p>Puedo decirles que las inspiraci\u00f3n llego con una comedia que vi hace a\u00f1os en WB. Pushing Daisies es una comedia dram\u00e1tica que relata la vida de Ned, un joven que posee la misteriosa habilidad de devolver la vida a los muertos s\u00f3lo con tocarlos. Sin embargo, hay algunas condiciones: si toca a la persona resucitada [&hellip;]<\/p>\n","protected":false},"author":8584,"featured_media":0,"parent":0,"menu_order":0,"comment_status":"open","ping_status":"open","template":"","meta":{"footnotes":""},"class_list":["post-56","page","type-page","status-publish","hentry"],"_links":{"self":[{"href":"https:\/\/blog.espol.edu.ec\/csrivas\/wp-json\/wp\/v2\/pages\/56","targetHints":{"allow":["GET"]}}],"collection":[{"href":"https:\/\/blog.espol.edu.ec\/csrivas\/wp-json\/wp\/v2\/pages"}],"about":[{"href":"https:\/\/blog.espol.edu.ec\/csrivas\/wp-json\/wp\/v2\/types\/page"}],"author":[{"embeddable":true,"href":"https:\/\/blog.espol.edu.ec\/csrivas\/wp-json\/wp\/v2\/users\/8584"}],"replies":[{"embeddable":true,"href":"https:\/\/blog.espol.edu.ec\/csrivas\/wp-json\/wp\/v2\/comments?post=56"}],"version-history":[{"count":4,"href":"https:\/\/blog.espol.edu.ec\/csrivas\/wp-json\/wp\/v2\/pages\/56\/revisions"}],"predecessor-version":[{"id":65,"href":"https:\/\/blog.espol.edu.ec\/csrivas\/wp-json\/wp\/v2\/pages\/56\/revisions\/65"}],"wp:attachment":[{"href":"https:\/\/blog.espol.edu.ec\/csrivas\/wp-json\/wp\/v2\/media?parent=56"}],"curies":[{"name":"wp","href":"https:\/\/api.w.org\/{rel}","templated":true}]}}