{"id":26,"date":"2011-06-29T22:17:20","date_gmt":"2011-06-29T22:17:20","guid":{"rendered":"http:\/\/blog.espol.edu.ec\/ctumalie\/?page_id=26"},"modified":"2011-06-29T22:17:20","modified_gmt":"2011-06-29T22:17:20","slug":"biografias","status":"publish","type":"page","link":"https:\/\/blog.espol.edu.ec\/ctumalie\/biografias\/","title":{"rendered":"Biografias"},"content":{"rendered":"<p><strong>David Pierre Guetta<\/strong> (<a title=\"Par\u00eds\" href=\"http:\/\/es.wikipedia.org\/wiki\/Par%C3%ADs\">Par\u00eds<\/a>,\u00a0<a title=\"7 de noviembre\" href=\"http:\/\/es.wikipedia.org\/wiki\/7_de_noviembre\">7 de noviembre<\/a> de\u00a0<a title=\"1967\" href=\"http:\/\/es.wikipedia.org\/wiki\/1967\">1967<\/a>)\u00a0es un\u00a0<a title=\"Disc jockey\" href=\"http:\/\/es.wikipedia.org\/wiki\/Disc_jockey\">disc jockey<\/a> de\u00a0<a title=\"M\u00fasica electr\u00f3nica\" href=\"http:\/\/es.wikipedia.org\/wiki\/M%C3%BAsica_electr%C3%B3nica\">m\u00fasica electr\u00f3nica<\/a> y\u00a0<a title=\"Productor discogr\u00e1fico\" href=\"http:\/\/es.wikipedia.org\/wiki\/Productor_discogr%C3%A1fico\">productor discogr\u00e1fico<\/a> <a title=\"Francia\" href=\"http:\/\/es.wikipedia.org\/wiki\/Francia\">franc\u00e9s<\/a>, especializado en\u00a0<a title=\"M\u00fasica house\" href=\"http:\/\/es.wikipedia.org\/wiki\/M%C3%BAsica_house\">m\u00fasica house<\/a>. Se inici\u00f3 como\u00a0<a title=\"Disc jockey\" href=\"http:\/\/es.wikipedia.org\/wiki\/Disc_jockey\">DJ<\/a> en\u00a0<a title=\"Discoteca\" href=\"http:\/\/es.wikipedia.org\/wiki\/Discoteca\">discotecas<\/a> durante los\u00a0<a title=\"A\u00f1os 1980\" href=\"http:\/\/es.wikipedia.org\/wiki\/A%C3%B1os_1980\">a\u00f1os 1980<\/a> y\u00a0<a title=\"A\u00f1os 1990\" href=\"http:\/\/es.wikipedia.org\/wiki\/A%C3%B1os_1990\">1990<\/a>. Luego, fund\u00f3 Gum Productions y lanz\u00f3 su primer\u00a0<a title=\"\u00c1lbum de estudio\" href=\"http:\/\/es.wikipedia.org\/wiki\/%C3%81lbum_de_estudio\">\u00e1lbum de estudio<\/a>,\u00a0<em><a title=\"Just a Little More Love\" href=\"http:\/\/es.wikipedia.org\/wiki\/Just_a_Little_More_Love\">Just a Little More Love<\/a><\/em>, en\u00a0<a title=\"2001\" href=\"http:\/\/es.wikipedia.org\/wiki\/2001\">2001<\/a>. Posteriormente, lanz\u00f3\u00a0<em><a title=\"Guetta Blaster\" href=\"http:\/\/es.wikipedia.org\/wiki\/Guetta_Blaster\">Guetta Blaster<\/a><\/em> (2004) y\u00a0<em><a title=\"Pop Life\" href=\"http:\/\/es.wikipedia.org\/wiki\/Pop_Life\">Pop Life<\/a><\/em> (2007). Su \u00faltimo \u00e1lbum,\u00a0<em><a title=\"One Love (\u00e1lbum de David Guetta)\" href=\"http:\/\/es.wikipedia.org\/wiki\/One_Love_(%C3%A1lbum_de_David_Guetta)\">One Love<\/a><\/em> (<a title=\"2009\" href=\"http:\/\/es.wikipedia.org\/wiki\/2009\">2009<\/a>), incluye los sencillos \u00ab<a title=\"When Love Takes Over\" href=\"http:\/\/es.wikipedia.org\/wiki\/When_Love_Takes_Over\">When Love Takes Over<\/a>\u00bb (acompa\u00f1ado por\u00a0<a title=\"Kelly Rowland\" href=\"http:\/\/es.wikipedia.org\/wiki\/Kelly_Rowland\">Kelly Rowland<\/a>), \u00ab<a title=\"Gettin' Over\" href=\"http:\/\/es.wikipedia.org\/wiki\/Gettin%27_Over\">Gettin' Over<\/a>\u00bb (acompa\u00f1ado por\u00a0<a title=\"Chris Willis\" href=\"http:\/\/es.wikipedia.org\/wiki\/Chris_Willis\">Chris Willis<\/a>), y \u00ab<a title=\"Sexy Bitch\" href=\"http:\/\/es.wikipedia.org\/wiki\/Sexy_Bitch\">Sexy Bitch<\/a>\u00bb (acompa\u00f1ado\u00a0<a title=\"Akon\" href=\"http:\/\/es.wikipedia.org\/wiki\/Akon\">Akon<\/a>); este \u00faltimo lleg\u00f3 al top 5 en\u00a0<a title=\"Estados Unidos\" href=\"http:\/\/es.wikipedia.org\/wiki\/Estados_Unidos\">Estados Unidos<\/a> y los tres alcanzaron el primer lugar en el\u00a0<a title=\"Reino Unido\" href=\"http:\/\/es.wikipedia.org\/wiki\/Reino_Unido\">Reino Unido<\/a>.<\/p>\n<p>Cuando comenc\u00e9 en Par\u00eds, el DJ era un\u00a0<a title=\"An\u00f3nimo\" href=\"http:\/\/es.wikipedia.org\/wiki\/An%C3%B3nimo\">an\u00f3nimo<\/a>, un menos que nada. Un d\u00eda, fui a\u00a0<a title=\"Londres\" href=\"http:\/\/es.wikipedia.org\/wiki\/Londres\">Londres<\/a> y vi que all\u00e1 la\u00a0<a title=\"M\u00fasica house\" href=\"http:\/\/es.wikipedia.org\/wiki\/M%C3%BAsica_house\">m\u00fasica house<\/a> ya era producida, todas las luces apuntaban hacia ella. Invert\u00ed todos mis ahorros en discos de [m\u00fasica] electr\u00f3nica y, a mi regreso, llegu\u00e9 a un acuerdo con los due\u00f1os de las discotecas que me empleaban: Renuncio a mi\u00a0<em>cach\u00e9<\/em>; pero, a cambio, hago mi propia programaci\u00f3n y mi propia promoci\u00f3n.<\/p>\n<p>En\u00a0<a title=\"2009\" href=\"http:\/\/es.wikipedia.org\/wiki\/2009\">2009<\/a>, fue clasificado tercero en la encuesta de\u00a0<em><a title=\"DJmag\" href=\"http:\/\/es.wikipedia.org\/wiki\/DJmag\">DJmag<\/a><\/em> y en 2010 result\u00f3 segundo.\u00a0y ese mismo a\u00f1o fue el artista franc\u00e9s que vendi\u00f3 m\u00e1s discos en todo el mundo.\u00a0En toda su carrera art\u00edstica, ha vendido m\u00e1s de 7,2 millones de discos, un r\u00e9cord para un\u00a0<a title=\"Disc jockey\" href=\"http:\/\/es.wikipedia.org\/wiki\/Disc_jockey\">DJ<\/a>.Actualmente, Guetta es uno de los productores de m\u00fasica m\u00e1s cotizados,\u00a0tras haber trabajado con una variedad de artistas de\u00a0<a title=\"M\u00fasica pop\" href=\"http:\/\/es.wikipedia.org\/wiki\/M%C3%BAsica_pop\">m\u00fasica pop<\/a> y\u00a0<a title=\"Hip hop\" href=\"http:\/\/es.wikipedia.org\/wiki\/Hip_hop\">hip hop<\/a>, tales como\u00a0<a title=\"Rihanna\" href=\"http:\/\/es.wikipedia.org\/wiki\/Rihanna\">Rihanna<\/a>,\u00a0<a title=\"Akon\" href=\"http:\/\/es.wikipedia.org\/wiki\/Akon\">Akon<\/a>,\u00a0<a title=\"Chris Willis\" href=\"http:\/\/es.wikipedia.org\/wiki\/Chris_Willis\">Chris Willis<\/a>,\u00a0<a title=\"50 Cent\" href=\"http:\/\/es.wikipedia.org\/wiki\/50_Cent\">50 Cent<\/a>,\u00a0<a title=\"Kelly Rowland\" href=\"http:\/\/es.wikipedia.org\/wiki\/Kelly_Rowland\">Kelly Rowland<\/a>,\u00a0<a title=\"Lil' Wayne\" href=\"http:\/\/es.wikipedia.org\/wiki\/Lil%27_Wayne\">Lil' Wayne<\/a>,\u00a0<a title=\"Kylie Minogue\" href=\"http:\/\/es.wikipedia.org\/wiki\/Kylie_Minogue\">Kylie Minogue<\/a>,\u00a0<a title=\"Kelis\" href=\"http:\/\/es.wikipedia.org\/wiki\/Kelis\">Kelis<\/a>,\u00a0<a title=\"Madonna\" href=\"http:\/\/es.wikipedia.org\/wiki\/Madonna\">Madonna<\/a>,\u00a0<a title=\"Kid Cudi\" href=\"http:\/\/es.wikipedia.org\/wiki\/Kid_Cudi\">Kid Cudi<\/a>,<a title=\"Estelle\" href=\"http:\/\/es.wikipedia.org\/wiki\/Estelle\">Estelle<\/a>,\u00a0<a title=\"Fergie\" href=\"http:\/\/es.wikipedia.org\/wiki\/Fergie\">Fergie<\/a>,\u00a0<a title=\"K'naan\" href=\"http:\/\/es.wikipedia.org\/wiki\/K%27naan\">K'naan<\/a>,\u00a0<a title=\"Will.i.am\" href=\"http:\/\/es.wikipedia.org\/wiki\/Will.i.am\">will.i.am<\/a>,\u00a0<a title=\"LMFAO\" href=\"http:\/\/es.wikipedia.org\/wiki\/LMFAO\">LMFAO<\/a>,\u00a0<a title=\"Soraya Arnelas\" href=\"http:\/\/es.wikipedia.org\/wiki\/Soraya_Arnelas\">Soraya Arnelas<\/a>,\u00a0<a title=\"Dane Bowers (a\u00fan no redactado)\" href=\"http:\/\/es.wikipedia.org\/w\/index.php?title=Dane_Bowers&amp;action=edit&amp;redlink=1\">Dane Bowers<\/a>,\u00a0<a title=\"Flo Rida\" href=\"http:\/\/es.wikipedia.org\/wiki\/Flo_Rida\">Flo Rida<\/a> y\u00a0<a title=\"Apl.de.ap\" href=\"http:\/\/es.wikipedia.org\/wiki\/Apl.de.ap\">apl.de.ap<\/a>.<\/p>\n","protected":false},"excerpt":{"rendered":"<p>David Pierre Guetta (Par\u00eds,\u00a07 de noviembre de\u00a01967)\u00a0es un\u00a0disc jockey de\u00a0m\u00fasica electr\u00f3nica y\u00a0productor discogr\u00e1fico franc\u00e9s, especializado en\u00a0m\u00fasica house. Se inici\u00f3 como\u00a0DJ en\u00a0discotecas durante los\u00a0a\u00f1os 1980 y\u00a01990. Luego, fund\u00f3 Gum Productions y lanz\u00f3 su primer\u00a0\u00e1lbum de estudio,\u00a0Just a Little More Love, en\u00a02001. Posteriormente, lanz\u00f3\u00a0Guetta Blaster (2004) y\u00a0Pop Life (2007). Su \u00faltimo \u00e1lbum,\u00a0One Love (2009), incluye los sencillos [&hellip;]<\/p>\n","protected":false},"author":6314,"featured_media":0,"parent":0,"menu_order":0,"comment_status":"open","ping_status":"open","template":"","meta":{"footnotes":""},"class_list":["post-26","page","type-page","status-publish","hentry"],"_links":{"self":[{"href":"https:\/\/blog.espol.edu.ec\/ctumalie\/wp-json\/wp\/v2\/pages\/26","targetHints":{"allow":["GET"]}}],"collection":[{"href":"https:\/\/blog.espol.edu.ec\/ctumalie\/wp-json\/wp\/v2\/pages"}],"about":[{"href":"https:\/\/blog.espol.edu.ec\/ctumalie\/wp-json\/wp\/v2\/types\/page"}],"author":[{"embeddable":true,"href":"https:\/\/blog.espol.edu.ec\/ctumalie\/wp-json\/wp\/v2\/users\/6314"}],"replies":[{"embeddable":true,"href":"https:\/\/blog.espol.edu.ec\/ctumalie\/wp-json\/wp\/v2\/comments?post=26"}],"version-history":[{"count":1,"href":"https:\/\/blog.espol.edu.ec\/ctumalie\/wp-json\/wp\/v2\/pages\/26\/revisions"}],"predecessor-version":[{"id":27,"href":"https:\/\/blog.espol.edu.ec\/ctumalie\/wp-json\/wp\/v2\/pages\/26\/revisions\/27"}],"wp:attachment":[{"href":"https:\/\/blog.espol.edu.ec\/ctumalie\/wp-json\/wp\/v2\/media?parent=26"}],"curies":[{"name":"wp","href":"https:\/\/api.w.org\/{rel}","templated":true}]}}