{"id":105,"date":"2016-11-15T01:53:31","date_gmt":"2016-11-15T01:53:31","guid":{"rendered":"http:\/\/blog.espol.edu.ec\/cutervo\/?page_id=105"},"modified":"2016-11-15T01:53:31","modified_gmt":"2016-11-15T01:53:31","slug":"biodiversidad","status":"publish","type":"page","link":"https:\/\/blog.espol.edu.ec\/cutervo\/biodiversidad\/","title":{"rendered":"Biodiversidad"},"content":{"rendered":"<p>El parque alberga una serie de comunidades ecol\u00f3gicas comprendidas en los tipos forestales \" bosque h\u00famedo montano\" y \"bosque muy h\u00famedo montano\". A ellas se suman las comunidades andinas de jalcas (p\u00e1ramos), situadas sobre los 3,000 m de altura, los bosques orientales de tierras m\u00e1s bajas que se encuentran cerca de los 1200 m y una serie de ambientes de humedales asociados a los r\u00edos y peque\u00f1os lagos del \u00e1rea. <img loading=\"lazy\" decoding=\"async\" class=\"alignnone size-medium wp-image-101\" src=\"http:\/\/blog.espol.edu.ec\/frtoro\/files\/2016\/11\/cueva-de-los-guacharos1-300x152.jpg\" alt=\"cueva-de-los-guacharos1\" width=\"300\" height=\"152\" \/>\u00a0 \u00a0<img loading=\"lazy\" decoding=\"async\" class=\"alignnone size-medium wp-image-114\" src=\"http:\/\/blog.espol.edu.ec\/frtoro\/files\/2016\/11\/parque-nacional-cutervo1-300x172.jpg\" alt=\"parque-nacional-cutervo1\" width=\"300\" height=\"172\" \/><\/p>\n<form id=\"vozme_form_8056eda81ec66a00861c15857d2d39e9\" method=\"post\" name=\"vozme_form_8056eda81ec66a00861c15857d2d39e9\" target=\"8056eda81ec66a00861c15857d2d39e9\" action=\"http:\/\/vozme.com\/text2voice.php\"><input name=\"text\" type=\"hidden\" value=\"Biodiversidad. El parque alberga una serie de comunidades ecol\u00f3gicas comprendidas en los tipos forestales &quot; bosque h\u00famedo montano&quot; y &quot;bosque muy h\u00famedo montano&quot;. A ellas se suman las comunidades andinas de jalcas (p\u00e1ramos), situadas sobre los 3,000 m de altura, los bosques orientales de tierras m\u00e1s bajas que se encuentran cerca de los 1200 m y una serie de ambientes de humedales asociados a los r\u00edos y peque\u00f1os lagos del \u00e1rea. \u00a0 \u00a0\n\" \/><input name=\"lang\" type=\"hidden\" value=\"es\" \/><input name=\"gn\" type=\"hidden\" value=\"ml\" \/><input type=\"hidden\" id=\"interface\" name=\"interface\" value=\"full\" \/>\n\t\t\t<div style=\"text-align:left;\">\n\t\t\t\n\t\t\t\t<input style=\"float:left;\" type=\"image\" width=\"40\" height=\"40\" src=\"http:\/\/blog.espol.edu.ec\/cutervo\/wp-content\/plugins\/vozme\/img\/megaphone40x40w.gif\" alt=\"Escucha este post\" onclick=\"window.open('', '8056eda81ec66a00861c15857d2d39e9', 'width=600,height=370,scrollbars=yes,location=yes,menubar=yes,resizable=yes,status=yes,toolbar=yes');\">\n\t\t\t\t<div style=\"margin-left:48px; text-align:left;\"><a style=\"font-size:12px;\" href=\"javascript:void(0);\" onclick=\"window.open('', '8056eda81ec66a00861c15857d2d39e9', 'width=600,height=370,scrollbars=yes,location=yes,menubar=yes,resizable=yes,status=yes,toolbar=yes'); document.getElementById('vozme_form_8056eda81ec66a00861c15857d2d39e9').submit();\">Escucha<br\/>este post<\/a><\/div>\n\t\t\t<\/div><\/form>","protected":false},"excerpt":{"rendered":"<p>El parque alberga una serie de comunidades ecol\u00f3gicas comprendidas en los tipos forestales \" bosque h\u00famedo montano\" y \"bosque muy h\u00famedo montano\". A ellas se suman las comunidades andinas de jalcas (p\u00e1ramos), situadas sobre los 3,000 m de altura, los bosques orientales de tierras m\u00e1s bajas que se encuentran cerca de los 1200 m y [&hellip;]<\/p>\n","protected":false},"author":10730,"featured_media":0,"parent":0,"menu_order":0,"comment_status":"closed","ping_status":"closed","template":"","meta":{"footnotes":""},"class_list":["post-105","page","type-page","status-publish","hentry"],"_links":{"self":[{"href":"https:\/\/blog.espol.edu.ec\/cutervo\/wp-json\/wp\/v2\/pages\/105","targetHints":{"allow":["GET"]}}],"collection":[{"href":"https:\/\/blog.espol.edu.ec\/cutervo\/wp-json\/wp\/v2\/pages"}],"about":[{"href":"https:\/\/blog.espol.edu.ec\/cutervo\/wp-json\/wp\/v2\/types\/page"}],"author":[{"embeddable":true,"href":"https:\/\/blog.espol.edu.ec\/cutervo\/wp-json\/wp\/v2\/users\/10730"}],"replies":[{"embeddable":true,"href":"https:\/\/blog.espol.edu.ec\/cutervo\/wp-json\/wp\/v2\/comments?post=105"}],"version-history":[{"count":1,"href":"https:\/\/blog.espol.edu.ec\/cutervo\/wp-json\/wp\/v2\/pages\/105\/revisions"}],"predecessor-version":[{"id":107,"href":"https:\/\/blog.espol.edu.ec\/cutervo\/wp-json\/wp\/v2\/pages\/105\/revisions\/107"}],"wp:attachment":[{"href":"https:\/\/blog.espol.edu.ec\/cutervo\/wp-json\/wp\/v2\/media?parent=105"}],"curies":[{"name":"wp","href":"https:\/\/api.w.org\/{rel}","templated":true}]}}