{"id":108,"date":"2016-11-15T01:56:13","date_gmt":"2016-11-15T01:56:13","guid":{"rendered":"http:\/\/blog.espol.edu.ec\/cutervo\/?page_id=108"},"modified":"2016-11-15T01:56:13","modified_gmt":"2016-11-15T01:56:13","slug":"flora","status":"publish","type":"page","link":"https:\/\/blog.espol.edu.ec\/cutervo\/flora\/","title":{"rendered":"Flora"},"content":{"rendered":"<p>Existen pajonales, bosques enanos y bosques de neblina; se encuentran orqu\u00eddeas de flores diminutas de extraordinaria belleza; y la vegetaci\u00f3n arb\u00f3rea est\u00e1 compuesta por muchas especies valiosas entre las que tenemos cascarilla (Cinchona sp.), cedro (Cedrela sp.), roble (Nectandra sp.), nogal (Juglans neotropica) y aliso (Alnus jorullensis).<\/p>\n<p>La vegetaci\u00f3n que predomina corresponde a la selva alta existen abundantes orqu\u00eddeas, helechos, palmeras, cedros, alisos colorados, nogales de monta\u00f1a, saucecillos, ishpingos, choloques y quinas que constituyen un verdadero para\u00edso bot\u00e1nico.<\/p>\n<p>Instituciones especializadas calculan 125 familias, 340 g\u00e9neros y 683 especies de flora en los dominios del parque.<\/p>\n<p>Hay que destacar al \u00e1rbol de la quina, que permiti\u00f3 la elaboraci\u00f3n de la quinina para controlar la malaria en el mundo. La quina, es s\u00edmbolo del escudo nacional, y se extrajo de este lugar... hoy es posible que est\u00e9 extinta en este territorio.<\/p>\n<div style=\"width: 970px\" class=\"wp-caption aligncenter\"><img loading=\"lazy\" decoding=\"async\" src=\"https:\/\/scontent-mia1-2.xx.fbcdn.net\/v\/t1.0-9\/14446128_1194357990587014_5949911899661167572_n.jpg?oh=9bab87b0f5c5544cdd7b54373f330c2e&amp;oe=58D4B8BC\" width=\"960\" height=\"539\" \/><p class=\"wp-caption-text\">El \u00e1rbol del escudo nacional, el \u00e1rbol de la Quina.<\/p><\/div>\n<p>&nbsp;<\/p>\n<div style=\"width: 689px\" class=\"wp-caption aligncenter\"><img loading=\"lazy\" decoding=\"async\" src=\"http:\/\/old.sernanp.gob.pe\/sernanp\/archivos\/imagenes\/2013\/notas\/setiembre\/parque%20nacional%20de%20cutervo%202.jpg\" width=\"679\" height=\"488\" \/><p class=\"wp-caption-text\">Bosque de neblina<\/p><\/div>\n<div style=\"width: 610px\" class=\"wp-caption aligncenter\"><img loading=\"lazy\" decoding=\"async\" src=\"http:\/\/www.ecuadoracolores.com\/ed2011_nov\/pages\/resources\/int02_img06.jpg\" width=\"600\" height=\"535\" \/><p class=\"wp-caption-text\">Una orqu\u00eddea explota en color p\u00farpura en una de las brumosas quebradas del parque<\/p><\/div>\n<p>&nbsp;<\/p>\n<\/div>\n<div style=\"width: 910px\" class=\"wp-caption aligncenter\"><img loading=\"lazy\" decoding=\"async\" src=\"http:\/\/1.bp.blogspot.com\/-_mG92LPidHg\/VC7xaq4FeEI\/AAAAAAAB6aw\/9vbylwVJTIc\/s1600\/DSC_3794bOK%2BBrassia%2Bcaudata.jpg\" width=\"900\" height=\"1157\" \/><p class=\"wp-caption-text\">Zapatito de Reina, nombre com\u00fan de la orqu\u00eddea Phragmypedium caudatum.<\/p><\/div>\n<div style=\"width: 310px\" class=\"wp-caption aligncenter\"><img loading=\"lazy\" decoding=\"async\" src=\"https:\/\/verdecora.es\/blog\/wp-content\/uploads\/2015\/04\/orquidea-maxillaria-300x239.jpg\" width=\"300\" height=\"239\" \/><p class=\"wp-caption-text\">Floraci\u00f3n de la orqu\u00eddea Maxillaria tenuis.<\/p><\/div>\n<p>&nbsp;<\/p>\n<\/div>\n<div style=\"width: 810px\" class=\"wp-caption aligncenter\"><img loading=\"lazy\" decoding=\"async\" src=\"http:\/\/caminoincamachupicchu.org\/cmingutd\/images\/flora-en-el-camino-inca.jpg\" width=\"800\" height=\"533\" \/><p class=\"wp-caption-text\">Epidendrum secundum, conocida en quechua como Wi\u00f1ay Wayna (siempre j\u00f3ven)<\/p><\/div>\n<p>&nbsp;<\/p>\n<\/div>\n<div style=\"width: 236px\" class=\"wp-caption aligncenter\"><img loading=\"lazy\" decoding=\"async\" src=\"http:\/\/www.oocities.org\/ecologia_peru\/Masdevalia_setacea.jpg\" width=\"226\" height=\"299\" \/><p class=\"wp-caption-text\">Masdevallia setacea, una de las orqu\u00eddeas m\u00e1s abundantes en el per\u00fa.<\/p><\/div>\n<div id=\"attachment_126\" style=\"width: 179px\" class=\"wp-caption aligncenter\"><img loading=\"lazy\" decoding=\"async\" aria-describedby=\"caption-attachment-126\" class=\"wp-image-126 size-medium\" src=\"http:\/\/blog.espol.edu.ec\/frtoro\/files\/2016\/11\/WP_20160409_16_40_18_Pro-169x300.jpg\" alt=\"wp_20160409_16_40_18_pro\" width=\"169\" height=\"300\" \/><p id=\"caption-attachment-126\" class=\"wp-caption-text\">roble(Quercus)<\/p><\/div>\n<div style=\"width: 610px\" class=\"wp-caption aligncenter\"><img loading=\"lazy\" decoding=\"async\" src=\"http:\/\/elhorticultor.org\/wp-content\/uploads\/2014\/07\/3.jpg\" alt=\"Resultado de imagen para nogal\" width=\"600\" height=\"450\" \/><p class=\"wp-caption-text\">El nogal(Juglans regia)<\/p><\/div>\n<p>&nbsp;<\/p>\n<\/div>\n<div style=\"width: 1610px\" class=\"wp-caption aligncenter\"><img loading=\"lazy\" decoding=\"async\" src=\"http:\/\/3.bp.blogspot.com\/-VsvnEvuI8lM\/UIvz0vqQ-nI\/AAAAAAAABuI\/iodo2SXjFUA\/s1600\/Ninos+de+ShismayShismay+Hu%25C3%25A1nuco+Per%25C3%25BA.jpg\" width=\"1600\" height=\"1200\" \/><p class=\"wp-caption-text\">aliso(Alnus acuminata)<\/p><\/div>\n<p>&nbsp;<\/p>\n<\/div>\n<div style=\"width: 970px\" class=\"wp-caption alignnone\"><img loading=\"lazy\" decoding=\"async\" src=\"http:\/\/blog.espol.edu.ec\/frtoro\/files\/2016\/11\/14446035_1194358693920277_4326549437189265807_n.jpg\" width=\"960\" height=\"641\" \/><p class=\"wp-caption-text\">Palmeras blancas<\/p><\/div>\n<form id=\"vozme_form_de8fce776f0f072d948bd6b35a02b06a\" method=\"post\" name=\"vozme_form_de8fce776f0f072d948bd6b35a02b06a\" target=\"de8fce776f0f072d948bd6b35a02b06a\" action=\"http:\/\/vozme.com\/text2voice.php\"><input name=\"text\" type=\"hidden\" value=\"Flora. Existen pajonales, bosques enanos y bosques de neblina; se encuentran orqu\u00eddeas de flores diminutas de extraordinaria belleza; y la vegetaci\u00f3n arb\u00f3rea est\u00e1 compuesta por muchas especies valiosas entre las que tenemos cascarilla (Cinchona sp.), cedro (Cedrela sp.), roble (Nectandra sp.), nogal (Juglans neotropica) y aliso (Alnus jorullensis).\nLa vegetaci\u00f3n que predomina corresponde a la selva alta existen abundantes orqu\u00eddeas, helechos, palmeras, cedros, alisos colorados, nogales de monta\u00f1a, saucecillos, ishpingos, choloques y quinas que constituyen un verdadero para\u00edso bot\u00e1nico.\nInstituciones especializadas calculan 125 familias, 340 g\u00e9neros y 683 especies de flora en los dominios del parque.\nHay que destacar al \u00e1rbol de la quina, que permiti\u00f3 la elaboraci\u00f3n de la quinina para controlar la malaria en el mundo. La quina, es s\u00edmbolo del escudo nacional, y se extrajo de este lugar... hoy es posible que est\u00e9 extinta en este territorio.\n[caption id=&quot;&quot; align=&quot;aligncenter&quot; width=&quot;960&quot;] El \u00e1rbol del escudo nacional, el \u00e1rbol de la Quina.[\/caption]\n&nbsp;\n[caption id=&quot;&quot; align=&quot;aligncenter&quot; width=&quot;679&quot;] Bosque de neblina[\/caption]\n[caption id=&quot;&quot; align=&quot;aligncenter&quot; width=&quot;600&quot;] Una orqu\u00eddea explota en color p\u00farpura en una de las brumosas quebradas del parque[\/caption]\n&nbsp;\n\n[caption id=&quot;&quot; align=&quot;aligncenter&quot; width=&quot;900&quot;] Zapatito de Reina, nombre com\u00fan de la orqu\u00eddea Phragmypedium caudatum.[\/caption]\n[caption id=&quot;&quot; align=&quot;aligncenter&quot; width=&quot;300&quot;] Floraci\u00f3n de la orqu\u00eddea Maxillaria tenuis.[\/caption]\n&nbsp;\n\n[caption id=&quot;&quot; align=&quot;aligncenter&quot; width=&quot;800&quot;] Epidendrum secundum, conocida en quechua como Wi\u00f1ay Wayna (siempre j\u00f3ven)[\/caption]\n&nbsp;\n\n[caption id=&quot;&quot; align=&quot;aligncenter&quot; width=&quot;226&quot;] Masdevallia setacea, una de las orqu\u00eddeas m\u00e1s abundantes en el per\u00fa.[\/caption]\n[caption id=&quot;attachment_126&quot; align=&quot;aligncenter&quot; width=&quot;169&quot;] roble(Quercus)[\/caption]\n[caption id=&quot;&quot; align=&quot;aligncenter&quot; width=&quot;600&quot;] El nogal(Juglans regia)[\/caption]\n&nbsp;\n\n[caption id=&quot;&quot; align=&quot;aligncenter&quot; width=&quot;1600&quot;] aliso(Alnus acuminata)[\/caption]\n&nbsp;\n\n[caption id=&quot;&quot; align=&quot;alignnone&quot; width=&quot;960&quot;] Palmeras blancas[\/caption]\n\" \/><input name=\"lang\" type=\"hidden\" value=\"es\" \/><input name=\"gn\" type=\"hidden\" value=\"ml\" \/><input type=\"hidden\" id=\"interface\" name=\"interface\" value=\"full\" \/>\n\t\t\t<div style=\"text-align:left;\">\n\t\t\t\n\t\t\t\t<input style=\"float:left;\" type=\"image\" width=\"40\" height=\"40\" src=\"http:\/\/blog.espol.edu.ec\/cutervo\/wp-content\/plugins\/vozme\/img\/megaphone40x40w.gif\" alt=\"Escucha este post\" onclick=\"window.open('', 'de8fce776f0f072d948bd6b35a02b06a', 'width=600,height=370,scrollbars=yes,location=yes,menubar=yes,resizable=yes,status=yes,toolbar=yes');\">\n\t\t\t\t<div style=\"margin-left:48px; text-align:left;\"><a style=\"font-size:12px;\" href=\"javascript:void(0);\" onclick=\"window.open('', 'de8fce776f0f072d948bd6b35a02b06a', 'width=600,height=370,scrollbars=yes,location=yes,menubar=yes,resizable=yes,status=yes,toolbar=yes'); document.getElementById('vozme_form_de8fce776f0f072d948bd6b35a02b06a').submit();\">Escucha<br\/>este post<\/a><\/div>\n\t\t\t<\/div><\/form>","protected":false},"excerpt":{"rendered":"<p>Existen pajonales, bosques enanos y bosques de neblina; se encuentran orqu\u00eddeas de flores diminutas de extraordinaria belleza; y la vegetaci\u00f3n arb\u00f3rea est\u00e1 compuesta por muchas especies valiosas entre las que tenemos cascarilla (Cinchona sp.), cedro (Cedrela sp.), roble (Nectandra sp.), nogal (Juglans neotropica) y aliso (Alnus jorullensis). La vegetaci\u00f3n que predomina corresponde a la selva [&hellip;]<\/p>\n","protected":false},"author":10730,"featured_media":0,"parent":0,"menu_order":0,"comment_status":"closed","ping_status":"closed","template":"","meta":{"footnotes":""},"class_list":["post-108","page","type-page","status-publish","hentry"],"_links":{"self":[{"href":"https:\/\/blog.espol.edu.ec\/cutervo\/wp-json\/wp\/v2\/pages\/108","targetHints":{"allow":["GET"]}}],"collection":[{"href":"https:\/\/blog.espol.edu.ec\/cutervo\/wp-json\/wp\/v2\/pages"}],"about":[{"href":"https:\/\/blog.espol.edu.ec\/cutervo\/wp-json\/wp\/v2\/types\/page"}],"author":[{"embeddable":true,"href":"https:\/\/blog.espol.edu.ec\/cutervo\/wp-json\/wp\/v2\/users\/10730"}],"replies":[{"embeddable":true,"href":"https:\/\/blog.espol.edu.ec\/cutervo\/wp-json\/wp\/v2\/comments?post=108"}],"version-history":[{"count":1,"href":"https:\/\/blog.espol.edu.ec\/cutervo\/wp-json\/wp\/v2\/pages\/108\/revisions"}],"predecessor-version":[{"id":110,"href":"https:\/\/blog.espol.edu.ec\/cutervo\/wp-json\/wp\/v2\/pages\/108\/revisions\/110"}],"wp:attachment":[{"href":"https:\/\/blog.espol.edu.ec\/cutervo\/wp-json\/wp\/v2\/media?parent=108"}],"curies":[{"name":"wp","href":"https:\/\/api.w.org\/{rel}","templated":true}]}}