{"id":134,"date":"2016-11-15T02:07:34","date_gmt":"2016-11-15T02:07:34","guid":{"rendered":"http:\/\/blog.espol.edu.ec\/cutervo\/?page_id=134"},"modified":"2016-11-15T02:07:34","modified_gmt":"2016-11-15T02:07:34","slug":"el-bota-luto","status":"publish","type":"page","link":"https:\/\/blog.espol.edu.ec\/cutervo\/el-bota-luto\/","title":{"rendered":"El bota luto"},"content":{"rendered":"<p>es un acto que se hace al a\u00f1o del fallecimiento de un pariente, en la cual los familiares del difunto, en compa\u00f1\u00eda de un padrino se cambian simb\u00f3licamente la ropa negra por otra de color que representa el fin del luto.<\/p>\n<p><img decoding=\"async\" class=\"aligncenter\" src=\"http:\/\/3.bp.blogspot.com\/-01ugOk_zUsE\/VQDd9z2-nLI\/AAAAAAAAADs\/czfzpiMtCBs\/s1600\/Imagen6.jpg\" \/><\/p>\n<form id=\"vozme_form_bbe98444f32b612e323836619ee20898\" method=\"post\" name=\"vozme_form_bbe98444f32b612e323836619ee20898\" target=\"bbe98444f32b612e323836619ee20898\" action=\"http:\/\/vozme.com\/text2voice.php\"><input name=\"text\" type=\"hidden\" value=\"El bota luto. es un acto que se hace al a\u00f1o del fallecimiento de un pariente, en la cual los familiares del difunto, en compa\u00f1\u00eda de un padrino se cambian simb\u00f3licamente la ropa negra por otra de color que representa el fin del luto.\n\n\" \/><input name=\"lang\" type=\"hidden\" value=\"es\" \/><input name=\"gn\" type=\"hidden\" value=\"ml\" \/><input type=\"hidden\" id=\"interface\" name=\"interface\" value=\"full\" \/>\n\t\t\t<div style=\"text-align:left;\">\n\t\t\t\n\t\t\t\t<input style=\"float:left;\" type=\"image\" width=\"40\" height=\"40\" src=\"http:\/\/blog.espol.edu.ec\/cutervo\/wp-content\/plugins\/vozme\/img\/megaphone40x40w.gif\" alt=\"Escucha este post\" onclick=\"window.open('', 'bbe98444f32b612e323836619ee20898', 'width=600,height=370,scrollbars=yes,location=yes,menubar=yes,resizable=yes,status=yes,toolbar=yes');\">\n\t\t\t\t<div style=\"margin-left:48px; text-align:left;\"><a style=\"font-size:12px;\" href=\"javascript:void(0);\" onclick=\"window.open('', 'bbe98444f32b612e323836619ee20898', 'width=600,height=370,scrollbars=yes,location=yes,menubar=yes,resizable=yes,status=yes,toolbar=yes'); document.getElementById('vozme_form_bbe98444f32b612e323836619ee20898').submit();\">Escucha<br\/>este post<\/a><\/div>\n\t\t\t<\/div><\/form>","protected":false},"excerpt":{"rendered":"<p>es un acto que se hace al a\u00f1o del fallecimiento de un pariente, en la cual los familiares del difunto, en compa\u00f1\u00eda de un padrino se cambian simb\u00f3licamente la ropa negra por otra de color que representa el fin del luto. Escuchaeste post<\/p>\n","protected":false},"author":10730,"featured_media":0,"parent":0,"menu_order":0,"comment_status":"closed","ping_status":"closed","template":"","meta":{"footnotes":""},"class_list":["post-134","page","type-page","status-publish","hentry"],"_links":{"self":[{"href":"https:\/\/blog.espol.edu.ec\/cutervo\/wp-json\/wp\/v2\/pages\/134","targetHints":{"allow":["GET"]}}],"collection":[{"href":"https:\/\/blog.espol.edu.ec\/cutervo\/wp-json\/wp\/v2\/pages"}],"about":[{"href":"https:\/\/blog.espol.edu.ec\/cutervo\/wp-json\/wp\/v2\/types\/page"}],"author":[{"embeddable":true,"href":"https:\/\/blog.espol.edu.ec\/cutervo\/wp-json\/wp\/v2\/users\/10730"}],"replies":[{"embeddable":true,"href":"https:\/\/blog.espol.edu.ec\/cutervo\/wp-json\/wp\/v2\/comments?post=134"}],"version-history":[{"count":1,"href":"https:\/\/blog.espol.edu.ec\/cutervo\/wp-json\/wp\/v2\/pages\/134\/revisions"}],"predecessor-version":[{"id":136,"href":"https:\/\/blog.espol.edu.ec\/cutervo\/wp-json\/wp\/v2\/pages\/134\/revisions\/136"}],"wp:attachment":[{"href":"https:\/\/blog.espol.edu.ec\/cutervo\/wp-json\/wp\/v2\/media?parent=134"}],"curies":[{"name":"wp","href":"https:\/\/api.w.org\/{rel}","templated":true}]}}