{"id":146,"date":"2016-11-15T02:12:16","date_gmt":"2016-11-15T02:12:16","guid":{"rendered":"http:\/\/blog.espol.edu.ec\/cutervo\/?page_id=146"},"modified":"2016-11-15T02:12:16","modified_gmt":"2016-11-15T02:12:16","slug":"la-minga","status":"publish","type":"page","link":"https:\/\/blog.espol.edu.ec\/cutervo\/la-minga\/","title":{"rendered":"La minga"},"content":{"rendered":"<p>Trabajo grupal en la chacra de alg\u00fan Campesino que puede devolver el trabajo en reciprocidad, como tambi\u00e9n pagar en los productos cosechados cuando se paga jornales, muchas veces es s\u00f3lo simb\u00f3lico.<\/p>\n<p><img decoding=\"async\" class=\"aligncenter\" src=\"http:\/\/1.bp.blogspot.com\/-jAX2vuDs0OM\/Vf2dPC-46bI\/AAAAAAAAAJw\/_2eLfCVu7kM\/s1600\/Minga876.jpg\" \/><\/p>\n<form id=\"vozme_form_fbe2c2c1e1d66ec449f222566e4eade9\" method=\"post\" name=\"vozme_form_fbe2c2c1e1d66ec449f222566e4eade9\" target=\"fbe2c2c1e1d66ec449f222566e4eade9\" action=\"http:\/\/vozme.com\/text2voice.php\"><input name=\"text\" type=\"hidden\" value=\"La minga. Trabajo grupal en la chacra de alg\u00fan Campesino que puede devolver el trabajo en reciprocidad, como tambi\u00e9n pagar en los productos cosechados cuando se paga jornales, muchas veces es s\u00f3lo simb\u00f3lico.\n\n\" \/><input name=\"lang\" type=\"hidden\" value=\"es\" \/><input name=\"gn\" type=\"hidden\" value=\"ml\" \/><input type=\"hidden\" id=\"interface\" name=\"interface\" value=\"full\" \/>\n\t\t\t<div style=\"text-align:left;\">\n\t\t\t\n\t\t\t\t<input style=\"float:left;\" type=\"image\" width=\"40\" height=\"40\" src=\"http:\/\/blog.espol.edu.ec\/cutervo\/wp-content\/plugins\/vozme\/img\/megaphone40x40w.gif\" alt=\"Escucha este post\" onclick=\"window.open('', 'fbe2c2c1e1d66ec449f222566e4eade9', 'width=600,height=370,scrollbars=yes,location=yes,menubar=yes,resizable=yes,status=yes,toolbar=yes');\">\n\t\t\t\t<div style=\"margin-left:48px; text-align:left;\"><a style=\"font-size:12px;\" href=\"javascript:void(0);\" onclick=\"window.open('', 'fbe2c2c1e1d66ec449f222566e4eade9', 'width=600,height=370,scrollbars=yes,location=yes,menubar=yes,resizable=yes,status=yes,toolbar=yes'); document.getElementById('vozme_form_fbe2c2c1e1d66ec449f222566e4eade9').submit();\">Escucha<br\/>este post<\/a><\/div>\n\t\t\t<\/div><\/form>","protected":false},"excerpt":{"rendered":"<p>Trabajo grupal en la chacra de alg\u00fan Campesino que puede devolver el trabajo en reciprocidad, como tambi\u00e9n pagar en los productos cosechados cuando se paga jornales, muchas veces es s\u00f3lo simb\u00f3lico. Escuchaeste post<\/p>\n","protected":false},"author":10730,"featured_media":0,"parent":0,"menu_order":0,"comment_status":"closed","ping_status":"closed","template":"","meta":{"footnotes":""},"class_list":["post-146","page","type-page","status-publish","hentry"],"_links":{"self":[{"href":"https:\/\/blog.espol.edu.ec\/cutervo\/wp-json\/wp\/v2\/pages\/146","targetHints":{"allow":["GET"]}}],"collection":[{"href":"https:\/\/blog.espol.edu.ec\/cutervo\/wp-json\/wp\/v2\/pages"}],"about":[{"href":"https:\/\/blog.espol.edu.ec\/cutervo\/wp-json\/wp\/v2\/types\/page"}],"author":[{"embeddable":true,"href":"https:\/\/blog.espol.edu.ec\/cutervo\/wp-json\/wp\/v2\/users\/10730"}],"replies":[{"embeddable":true,"href":"https:\/\/blog.espol.edu.ec\/cutervo\/wp-json\/wp\/v2\/comments?post=146"}],"version-history":[{"count":1,"href":"https:\/\/blog.espol.edu.ec\/cutervo\/wp-json\/wp\/v2\/pages\/146\/revisions"}],"predecessor-version":[{"id":148,"href":"https:\/\/blog.espol.edu.ec\/cutervo\/wp-json\/wp\/v2\/pages\/146\/revisions\/148"}],"wp:attachment":[{"href":"https:\/\/blog.espol.edu.ec\/cutervo\/wp-json\/wp\/v2\/media?parent=146"}],"curies":[{"name":"wp","href":"https:\/\/api.w.org\/{rel}","templated":true}]}}