{"id":32,"date":"2016-11-15T01:08:45","date_gmt":"2016-11-15T01:08:45","guid":{"rendered":"http:\/\/blog.espol.edu.ec\/cutervo\/?page_id=32"},"modified":"2016-11-15T01:08:45","modified_gmt":"2016-11-15T01:08:45","slug":"ubicacion","status":"publish","type":"page","link":"https:\/\/blog.espol.edu.ec\/cutervo\/ubicacion\/","title":{"rendered":"Ubicaci\u00f3n"},"content":{"rendered":"<p>Se encuentra en el \u00e1rea denominada Cordillera de Tarros (2200-3500 m) la que se ubica entre las localidades de La Capilla, San Andr\u00e9s de Cutervo, La Flor y la ciudad de Cutervo a 260 kil\u00f3metros de Cajamarca; en la ecorregi\u00f3n del P\u00e1ramo en el Departamento de Cajamarca.<\/p>\n<p><img decoding=\"async\" src=\"http:\/\/old.sernanp.gob.pe\/sernanp\/archivos\/biblioteca\/mapas\/cutervo\/PN%20DE%20CUTERVO.jpg\" alt=\"Ubicaci\u00f3n P.N. Cutervo \" \/><\/p>\n<form id=\"vozme_form_0e0039a8d13bf81e636aaadbcbfab1ec\" method=\"post\" name=\"vozme_form_0e0039a8d13bf81e636aaadbcbfab1ec\" target=\"0e0039a8d13bf81e636aaadbcbfab1ec\" action=\"http:\/\/vozme.com\/text2voice.php\"><input name=\"text\" type=\"hidden\" value=\"Ubicaci\u00f3n. Se encuentra en el \u00e1rea denominada Cordillera de Tarros (2200-3500 m) la que se ubica entre las localidades de La Capilla, San Andr\u00e9s de Cutervo, La Flor y la ciudad de Cutervo a 260 kil\u00f3metros de Cajamarca; en la ecorregi\u00f3n del P\u00e1ramo en el Departamento de Cajamarca.\n\n\" \/><input name=\"lang\" type=\"hidden\" value=\"es\" \/><input name=\"gn\" type=\"hidden\" value=\"ml\" \/><input type=\"hidden\" id=\"interface\" name=\"interface\" value=\"full\" \/>\n\t\t\t<div style=\"text-align:left;\">\n\t\t\t\n\t\t\t\t<input style=\"float:left;\" type=\"image\" width=\"40\" height=\"40\" src=\"http:\/\/blog.espol.edu.ec\/cutervo\/wp-content\/plugins\/vozme\/img\/megaphone40x40w.gif\" alt=\"Escucha este post\" onclick=\"window.open('', '0e0039a8d13bf81e636aaadbcbfab1ec', 'width=600,height=370,scrollbars=yes,location=yes,menubar=yes,resizable=yes,status=yes,toolbar=yes');\">\n\t\t\t\t<div style=\"margin-left:48px; text-align:left;\"><a style=\"font-size:12px;\" href=\"javascript:void(0);\" onclick=\"window.open('', '0e0039a8d13bf81e636aaadbcbfab1ec', 'width=600,height=370,scrollbars=yes,location=yes,menubar=yes,resizable=yes,status=yes,toolbar=yes'); document.getElementById('vozme_form_0e0039a8d13bf81e636aaadbcbfab1ec').submit();\">Escucha<br\/>este post<\/a><\/div>\n\t\t\t<\/div><\/form>","protected":false},"excerpt":{"rendered":"<p>Se encuentra en el \u00e1rea denominada Cordillera de Tarros (2200-3500 m) la que se ubica entre las localidades de La Capilla, San Andr\u00e9s de Cutervo, La Flor y la ciudad de Cutervo a 260 kil\u00f3metros de Cajamarca; en la ecorregi\u00f3n del P\u00e1ramo en el Departamento de Cajamarca. Escuchaeste post<\/p>\n","protected":false},"author":10730,"featured_media":0,"parent":0,"menu_order":0,"comment_status":"closed","ping_status":"closed","template":"","meta":{"footnotes":""},"class_list":["post-32","page","type-page","status-publish","hentry"],"_links":{"self":[{"href":"https:\/\/blog.espol.edu.ec\/cutervo\/wp-json\/wp\/v2\/pages\/32","targetHints":{"allow":["GET"]}}],"collection":[{"href":"https:\/\/blog.espol.edu.ec\/cutervo\/wp-json\/wp\/v2\/pages"}],"about":[{"href":"https:\/\/blog.espol.edu.ec\/cutervo\/wp-json\/wp\/v2\/types\/page"}],"author":[{"embeddable":true,"href":"https:\/\/blog.espol.edu.ec\/cutervo\/wp-json\/wp\/v2\/users\/10730"}],"replies":[{"embeddable":true,"href":"https:\/\/blog.espol.edu.ec\/cutervo\/wp-json\/wp\/v2\/comments?post=32"}],"version-history":[{"count":1,"href":"https:\/\/blog.espol.edu.ec\/cutervo\/wp-json\/wp\/v2\/pages\/32\/revisions"}],"predecessor-version":[{"id":33,"href":"https:\/\/blog.espol.edu.ec\/cutervo\/wp-json\/wp\/v2\/pages\/32\/revisions\/33"}],"wp:attachment":[{"href":"https:\/\/blog.espol.edu.ec\/cutervo\/wp-json\/wp\/v2\/media?parent=32"}],"curies":[{"name":"wp","href":"https:\/\/api.w.org\/{rel}","templated":true}]}}