{"id":89,"date":"2016-11-15T01:41:57","date_gmt":"2016-11-15T01:41:57","guid":{"rendered":"http:\/\/blog.espol.edu.ec\/cutervo\/?page_id=89"},"modified":"2016-11-15T01:41:57","modified_gmt":"2016-11-15T01:41:57","slug":"parque-nacional-de-cutervo","status":"publish","type":"page","link":"https:\/\/blog.espol.edu.ec\/cutervo\/parque-nacional-de-cutervo\/","title":{"rendered":"Parque Nacional de Cutervo"},"content":{"rendered":"<p>El Parque Nacional de Cutervo Constituye el primer Parque Nacional del Per\u00fa, creado en el 08 de setiembre de 1961. Su existencia fue un precedente decisivo para la creaci\u00f3n del actual Sistema Nacional de Areas Naturales Protegidas por el Estado Peruano (SINANPE). Su extensi\u00f3n es de 2,500 hect\u00e1reas, ubicado sobre la cordillera de Tarros de los Andes Occidentales del Per\u00fa, en Cutervo-Cajamarca, con altitudes que van entre 2200 y 3500 msnm.<img loading=\"lazy\" decoding=\"async\" class=\"alignnone size-medium\" src=\"http:\/\/image.slidesharecdn.com\/cutervo-140717232220-phpapp02\/95\/parque-nacional-cutervo-1-638.jpg?cb=1405639468\" alt=\"\" width=\"638\" height=\"479\" \/><\/p>\n<p>ver los videos:<\/p>\n<p><iframe loading=\"lazy\" title=\"Parque Nacional de Cutervo Cajamarca Per\u00fa 2014\" width=\"506\" height=\"380\" src=\"https:\/\/www.youtube.com\/embed\/AM4Tk_sORTU?feature=oembed\" frameborder=\"0\" allow=\"accelerometer; autoplay; clipboard-write; encrypted-media; gyroscope; picture-in-picture; web-share\" referrerpolicy=\"strict-origin-when-cross-origin\" allowfullscreen><\/iframe><\/p>\n<p><iframe loading=\"lazy\" title=\"PARQUE NACIONAL DE CUTERVO (PERU)\" width=\"506\" height=\"380\" src=\"https:\/\/www.youtube.com\/embed\/EqVErQRKUNM?feature=oembed\" frameborder=\"0\" allow=\"accelerometer; autoplay; clipboard-write; encrypted-media; gyroscope; picture-in-picture; web-share\" referrerpolicy=\"strict-origin-when-cross-origin\" allowfullscreen><\/iframe><\/p>\n<form id=\"vozme_form_993433647d89008931898805aafaa848\" method=\"post\" name=\"vozme_form_993433647d89008931898805aafaa848\" target=\"993433647d89008931898805aafaa848\" action=\"http:\/\/vozme.com\/text2voice.php\"><input name=\"text\" type=\"hidden\" value=\"Parque Nacional de Cutervo. El Parque Nacional de Cutervo Constituye el primer Parque Nacional del Per\u00fa, creado en el 08 de setiembre de 1961. Su existencia fue un precedente decisivo para la creaci\u00f3n del actual Sistema Nacional de Areas Naturales Protegidas por el Estado Peruano (SINANPE). Su extensi\u00f3n es de 2,500 hect\u00e1reas, ubicado sobre la cordillera de Tarros de los Andes Occidentales del Per\u00fa, en Cutervo-Cajamarca, con altitudes que van entre 2200 y 3500 msnm.\nver los videos:\n\n\n\" \/><input name=\"lang\" type=\"hidden\" value=\"es\" \/><input name=\"gn\" type=\"hidden\" value=\"ml\" \/><input type=\"hidden\" id=\"interface\" name=\"interface\" value=\"full\" \/>\n\t\t\t<div style=\"text-align:left;\">\n\t\t\t\n\t\t\t\t<input style=\"float:left;\" type=\"image\" width=\"40\" height=\"40\" src=\"http:\/\/blog.espol.edu.ec\/cutervo\/wp-content\/plugins\/vozme\/img\/megaphone40x40w.gif\" alt=\"Escucha este post\" onclick=\"window.open('', '993433647d89008931898805aafaa848', 'width=600,height=370,scrollbars=yes,location=yes,menubar=yes,resizable=yes,status=yes,toolbar=yes');\">\n\t\t\t\t<div style=\"margin-left:48px; text-align:left;\"><a style=\"font-size:12px;\" href=\"javascript:void(0);\" onclick=\"window.open('', '993433647d89008931898805aafaa848', 'width=600,height=370,scrollbars=yes,location=yes,menubar=yes,resizable=yes,status=yes,toolbar=yes'); document.getElementById('vozme_form_993433647d89008931898805aafaa848').submit();\">Escucha<br\/>este post<\/a><\/div>\n\t\t\t<\/div><\/form>","protected":false},"excerpt":{"rendered":"<p>El Parque Nacional de Cutervo Constituye el primer Parque Nacional del Per\u00fa, creado en el 08 de setiembre de 1961. Su existencia fue un precedente decisivo para la creaci\u00f3n del actual Sistema Nacional de Areas Naturales Protegidas por el Estado Peruano (SINANPE). Su extensi\u00f3n es de 2,500 hect\u00e1reas, ubicado sobre la cordillera de Tarros de [&hellip;]<\/p>\n","protected":false},"author":10730,"featured_media":0,"parent":0,"menu_order":0,"comment_status":"closed","ping_status":"closed","template":"","meta":{"footnotes":""},"class_list":["post-89","page","type-page","status-publish","hentry"],"_links":{"self":[{"href":"https:\/\/blog.espol.edu.ec\/cutervo\/wp-json\/wp\/v2\/pages\/89","targetHints":{"allow":["GET"]}}],"collection":[{"href":"https:\/\/blog.espol.edu.ec\/cutervo\/wp-json\/wp\/v2\/pages"}],"about":[{"href":"https:\/\/blog.espol.edu.ec\/cutervo\/wp-json\/wp\/v2\/types\/page"}],"author":[{"embeddable":true,"href":"https:\/\/blog.espol.edu.ec\/cutervo\/wp-json\/wp\/v2\/users\/10730"}],"replies":[{"embeddable":true,"href":"https:\/\/blog.espol.edu.ec\/cutervo\/wp-json\/wp\/v2\/comments?post=89"}],"version-history":[{"count":1,"href":"https:\/\/blog.espol.edu.ec\/cutervo\/wp-json\/wp\/v2\/pages\/89\/revisions"}],"predecessor-version":[{"id":91,"href":"https:\/\/blog.espol.edu.ec\/cutervo\/wp-json\/wp\/v2\/pages\/89\/revisions\/91"}],"wp:attachment":[{"href":"https:\/\/blog.espol.edu.ec\/cutervo\/wp-json\/wp\/v2\/media?parent=89"}],"curies":[{"name":"wp","href":"https:\/\/api.w.org\/{rel}","templated":true}]}}