{"id":97,"date":"2011-07-10T22:06:41","date_gmt":"2011-07-10T22:06:41","guid":{"rendered":"http:\/\/blog.espol.edu.ec\/cvaccaro\/?page_id=97"},"modified":"2011-07-24T04:41:50","modified_gmt":"2011-07-24T04:41:50","slug":"futbol","status":"publish","type":"page","link":"https:\/\/blog.espol.edu.ec\/cvaccaro\/futbol\/","title":{"rendered":"F\u00fatbol"},"content":{"rendered":"<p>Aqu\u00ed la lista de equipos de f\u00fatbol de Ecuador de la serie \"A\"...<\/p>\n<p><strong>EQUIPOS ECUATORIANOS<\/strong><\/p>\n<p><a href=\"http:\/\/blog.espol.edu.ec\/cvaccaro\/2011\/07\/10\/barcelona-sporting-club\">Barcelona Sporting Club<\/a><\/p>\n<p><a href=\"http:\/\/blog.espol.edu.ec\/cvaccaro\/2011\/07\/12\/club-sport-emelec\">Club Sport Emelec<\/a><\/p>\n<p><a href=\"http:\/\/blog.espol.edu.ec\/cvaccaro\/2011\/07\/24\/liga-de-quito\">Liga de Quito<\/a><\/p>\n","protected":false},"excerpt":{"rendered":"<p>Aqu\u00ed la lista de equipos de f\u00fatbol de Ecuador de la serie \"A\"... EQUIPOS ECUATORIANOS Barcelona Sporting Club Club Sport Emelec Liga de Quito<\/p>\n","protected":false},"author":6580,"featured_media":0,"parent":0,"menu_order":0,"comment_status":"open","ping_status":"open","template":"","meta":{"footnotes":""},"class_list":["post-97","page","type-page","status-publish","hentry"],"_links":{"self":[{"href":"https:\/\/blog.espol.edu.ec\/cvaccaro\/wp-json\/wp\/v2\/pages\/97","targetHints":{"allow":["GET"]}}],"collection":[{"href":"https:\/\/blog.espol.edu.ec\/cvaccaro\/wp-json\/wp\/v2\/pages"}],"about":[{"href":"https:\/\/blog.espol.edu.ec\/cvaccaro\/wp-json\/wp\/v2\/types\/page"}],"author":[{"embeddable":true,"href":"https:\/\/blog.espol.edu.ec\/cvaccaro\/wp-json\/wp\/v2\/users\/6580"}],"replies":[{"embeddable":true,"href":"https:\/\/blog.espol.edu.ec\/cvaccaro\/wp-json\/wp\/v2\/comments?post=97"}],"version-history":[{"count":5,"href":"https:\/\/blog.espol.edu.ec\/cvaccaro\/wp-json\/wp\/v2\/pages\/97\/revisions"}],"predecessor-version":[{"id":118,"href":"https:\/\/blog.espol.edu.ec\/cvaccaro\/wp-json\/wp\/v2\/pages\/97\/revisions\/118"}],"wp:attachment":[{"href":"https:\/\/blog.espol.edu.ec\/cvaccaro\/wp-json\/wp\/v2\/media?parent=97"}],"curies":[{"name":"wp","href":"https:\/\/api.w.org\/{rel}","templated":true}]}}