{"id":75,"date":"2009-07-02T22:12:03","date_gmt":"2009-07-03T02:12:03","guid":{"rendered":"http:\/\/blog.espol.edu.ec\/cxvilla\/?page_id=75"},"modified":"2009-07-08T15:48:15","modified_gmt":"2009-07-08T19:48:15","slug":"noticias-eventos","status":"publish","type":"page","link":"https:\/\/blog.espol.edu.ec\/cxvilla\/noticias-eventos\/","title":{"rendered":"NOTICIAS &amp; EVENTOS.!!"},"content":{"rendered":"<div><em><\/em><\/div>\n<p><em><span class=\"date\"><strong><span style=\"color: #666666;font-size: x-small\"><\/p>\n<p class=\"postMeta fix\">\n<p class=\"container\"><span class=\"date\">Jul 7, 2009<\/span><\/p>\n<p class=\"postMeta fix\" style=\"text-align: center\">ESTRENA DADDY YANKEE EN CARAS<\/p>\n<p class=\"entry\">\n<p style=\"text-align: justify\"><img loading=\"lazy\" decoding=\"async\" class=\"alignleft size-medium wp-image-291\" style=\"margin-bottom: 2px;margin-right: 12px\" src=\"http:\/\/www.daddyyankee.com\/news\/wp-content\/uploads\/2009\/07\/cover-julio-500x648.jpg\" alt=\"cover julio\" width=\"200\" height=\"259\" \/>7<span style=\"color: #000000\"> de julio de 2009, San Juan, Puerto Rico \u2013 La prestigiosa revista\u00a0 CARAS celebra el lanzamiento de la edici\u00f3n del mes de julio con la portada del \u2018Big Boss\u2019 Daddy Yankee.<\/span><\/p>\n<p style=\"text-align: justify\"><span style=\"color: #000000\">La edici\u00f3n\u00a0muestra el lado humano y empresarial del icono de la m\u00fasica urbana, adem\u00e1s, de conversar tranquilamente sobre su pr\u00f3xima propuesta musical y su lado humanitario. En exclusiva, Daddy Yankee convers\u00f3 con Osvaldo Martir sobre su trayectoria, filantrop\u00eda y planes empresariales complementado con unas im\u00e1genes fotogr\u00e1ficas realizadas por Manuel V\u00e9lez.<\/span><\/p>\n<p style=\"text-align: justify\"><span style=\"color: #000000\">Patricia de la Torre, directora editorial de la publicaci\u00f3n, expres\u00f3\u00a0\u201cDaddy Yankee es la voz de una generaci\u00f3n. Representa el ideal de un sue\u00f1o hecho realidad. El \u00e9xito trae tambi\u00e9n una responsabilidad hacia la sociedad, hacia la juventud, hacia el pa\u00eds, y esto es algo que Daddy maneja muy bien. En nombre de la revista CARAS, nuestras m\u00e1s sinceras felicitaciones\u201d<\/span><\/p>\n<p style=\"text-align: justify\"><span style=\"color: #000000\">CARAS\u00a0 estar\u00e1\u00a0 en los estantes a partir de la primera semana de julio. Esta edici\u00f3n presenta entrevistas\u00a0 con Megan Fox y Julia Roberts, reportajes de inter\u00e9s y lo m\u00e1s reciente en belleza y moda. CARAS es una publicaci\u00f3n de Televisa Publishing.<\/span><\/p>\n<p style=\"text-align: justify\">\u00a0<\/p>\n<p><\/span><\/strong><\/span><\/p>\n<p class=\"postMeta fix\"><span class=\"date\"><strong><span style=\"color: #666666;font-size: x-small\">Jul 7, 2009<\/span><\/strong><\/span><\/p>\n<h3>DADDY YANKEE: TRES LLENOS TOTALES EN ARGENTINA<\/h3>\n<div class=\"entry\"><!-- see gallery_shortcode() in wp-includes\/media.php --><\/div>\n<div id=\"gallery-1\" class=\"gallery galleryid-275\">\n<dl>\n<dt><a title=\"DSC00141\" href=\"http:\/\/www.daddyyankee.com\/news\/wp-content\/uploads\/2009\/07\/DSC00141.JPG\"><img loading=\"lazy\" decoding=\"async\" class=\"attachment-thumbnail\" src=\"http:\/\/www.daddyyankee.com\/news\/wp-content\/uploads\/2009\/07\/DSC00141-150x150.jpg\" alt=\"\" width=\"150\" height=\"150\" \/><\/a> <\/dt>\n<\/dl>\n<dl>\n<dt><a title=\"DSC00030\" href=\"http:\/\/www.daddyyankee.com\/news\/wp-content\/uploads\/2009\/07\/DSC00030.jpg\"><img loading=\"lazy\" decoding=\"async\" class=\"attachment-thumbnail\" src=\"http:\/\/www.daddyyankee.com\/news\/wp-content\/uploads\/2009\/07\/DSC00030-150x150.jpg\" alt=\"\" width=\"150\" height=\"150\" \/><\/a> <\/dt>\n<\/dl>\n<\/div>\n<p style=\"text-align: justify\">\u00a0<\/p>\n<p style=\"text-align: justify\"><strong>Ni la lluvia ni el frio detuvieron a sus fan\u00e1ticos uruguayos en su primer recital en Montevideo. <\/strong><\/p>\n<p style=\"text-align: justify\">Miami,Fl- 6 de julio, 2009: El Big Boss, Daddy Yankee regres\u00f3 triunfal este pasado fin de semana a la Argentina para presentarse en tres conciertos con llenos totales, el mayor de un acto urbano, \u00a0como parte de su gira mundial Talento de Barrio que diera inicio a principios de a\u00f1o. \u00a0Su espect\u00e1culo continu\u00f3 con fenomenal \u00e9xito anoche en Montevideo, Uruguay, donde se lleg\u00f3 por vez primera.<\/p>\n<p style=\"text-align: justify\">En C\u00f3rdoba, Los fan\u00e1ticos argentinos que se presentaron al Orfeo iban desde familias con ni\u00f1os, parejas, grupos de adolescentes, y pre-adolescentes, con sus camisetas (franelas) y hasta bandanas de Daddy Yankee, listos para el gran espect\u00e1culo. El Jefe cumpli\u00f3 y se entreg\u00f3 a su p\u00fablico. Entr\u00f3 a tarima interpretando \u201cSomos de calle\u201d y sigui\u00f3 con el concierto puro de \u00e9xitos recientes como \u201cQue tengo que hacer\u201d, \u201cPose\u201d y \u201cLlamado de emergencia\u201d. \u00a0La energ\u00eda del show fue subiendo y Daddy Yankee interpret\u00f3 sus cl\u00e1sicos como \u201cElla Me Levanto\u201d, \u201cLo Que Paso Paso\u201d y \u201cRompe\u201d. La audiencia pidi\u00f3 mas\u2026 y el Jefe cumpli\u00f3 cantando \u201cGasolina\u201d y \u201cSalgo pa la calle\u201d.<\/p>\n<p style=\"text-align: justify\">Daddy Yankee tomo un momento de la noche para rendirle tributo a Michael Jackson cuando uno de sus bailarines personifico al Rey del Pop al ritmo de \u201cBilly Jean\u201d. \u201cEl fue una inspiraci\u00f3n cuando crec\u00ed y quiero dedicarle este concierto\u201d, dijo el astro boricua a la audiencia.<\/p>\n<p style=\"text-align: justify\">En Buenos Aires la misma euforia que en C\u00f3rdoba se percib\u00ed minuto a minuto. Sus fans estaban m\u00e1s que listos para una noche inolvidable en el Estadio Diego Maradona Jr. tras bastidores, Daddy Yankee recibi\u00f3 la visita sorpresa del astro de f\u00fatbol argentino\u00a0Carlos Tevez quien es su fan y vino a ver el concierto de El Cangri. All\u00ed le obsequio una camiseta conmemorativa de la Selecci\u00f3n Argentina.<\/p>\n<p style=\"text-align: justify\">Anoche, le toc\u00f3 el turno a Montevideo Uruguay. Daddy Yankee llev\u00f3 por primera vez se espect\u00e1culo a suelo uruguayo donde el Estadio Charr\u00faa, repleto de fans estuvieron listos para el reggaeton y el Big Boss. La lluvia y el fr\u00edo no importo cantaron cada \u00e9xito y bailaron de principio a fin. Indiscutiblemente una noche inolvidable. La gira de Talento de Barrio<br \/>\ncontinua el pr\u00f3ximo 9 de julio en La Paz Bolivia.<\/p>\n<p style=\"text-align: justify\"><strong><\/strong><\/p>\n<p style=\"text-align: justify\"><strong><\/strong><\/p>\n<p style=\"text-align: justify\"><strong><\/strong><\/p>\n<p style=\"text-align: justify\"><strong>Julio 12<\/strong><br \/>\nSantiago, Chile at Arena Movistar Santiago de Chile<\/p>\n<p style=\"text-align: justify\"><strong>Julio 14<\/strong><br \/>\nCoquimbo, Chile<\/p>\n<p style=\"text-align: justify\"><strong>Julio 16<\/strong><br \/>\nPanam\u00e1 at Centro de Convenciones Figali<\/p>\n<address><\/address>\n<div><span class=\"date\"><strong><\/strong><\/span><\/div>\n<p><span class=\"date\"><strong><span style=\"color: #666666;font-size: x-small\"><\/p>\n<address>\n<p class=\"container\"><span class=\"date\">Jul 6, 2009<\/span><\/p>\n<\/address>\n<h3 style=\"text-align: left\">Daddy Yankee, el rey del reggaeton, hizo \u201cperrear\u201d a miles de fans.<\/h3>\n<address><a href=\"http:\/\/www.diarioperfil.com.ar\/edimp\/0380\/articulo.php?art=15476&amp;ed=0380\"><br \/>\n<img loading=\"lazy\" decoding=\"async\" class=\"aligncenter size-medium wp-image-268\" src=\"http:\/\/www.daddyyankee.com\/news\/wp-content\/uploads\/2009\/07\/DYarg-500x343.jpg\" alt=\"DYargentina\" width=\"500\" height=\"343\" \/><\/a><\/address>\n<address>A<span style=\"color: #000000\">yer se present\u00f3 el puertorique\u00f1o Daddy Yankee en el estadio Diego Armando Maradona (Argentinos Juniors) ante una multitud de fan\u00e1ticos que, euf\u00f3ricos, gritaban y saludaban a su \u00eddolo: \u201cEs el rey del reaggeton\u201d. El autor de Gasolina y Lo que pas\u00f3, pas\u00f3 es uno de los int\u00e9rpretes que \u2013como Calle 13\u2013 impusieron los hits del reaggeton en todo el mundo y se ubica en los primeros puestos en los rankings de ventas y de las radios.<\/span><\/address>\n<address><span style=\"color: #000000\">Pese a que el estadio se vio colmado de j\u00f3venes y grandes bailando al ritmo de la canci\u00f3n hit Llamado de emergencia, el \u00e1rea de prensa que coordin\u00f3 el evento en la Argentina no supo informar qu\u00e9 cantidad exacta de gente concurri\u00f3 al espect\u00e1culo caribe\u00f1o.<\/span><\/address>\n<h3 class=\"entry\" style=\"text-align: justify\"><span style=\"color: #000000\">El p\u00fablico presente cantaba los estribillos mientras las chicas apoyaban sus manos en las rodillas y \u201cperreaban\u201d, como denominan al movimiento de cadera femenino que realizan con esta m\u00fasica. Pese a la gripe, la inflaci\u00f3n, la crisis y tanta realidad negativa, la gente festej\u00f3 el espect\u00e1culo del famoso portorrique\u00f1o. El valor de las entradas iba de los $ 100 del campo o popular a los $ 400, del Vip Platinum.<\/span><\/h3>\n<p class=\"entry\" style=\"text-align: justify\"><span style=\"color: #000000\">El artista internacional confirm\u00f3 que una vez que finalice el tour promocional de Talento de Barrio, lanzar\u00e1 al mercado su nuevo disco, Daddy Yankee mundial. Con artistas invitados como Don Omar, con quien se disputa el t\u00edtulo del campe\u00f3n del \u201cperreo\u201d, Tempo y Jowell &amp; Randy, Daddy Yankee mundial ser\u00eda editado en el mes de octubre en la Argentina.<\/span><\/p>\n<p class=\"entry\" style=\"text-align: justify\"><span style=\"color: #000000\">En cifras, entre sus tres discos, Barrio Fino, Barrio Fino en directo y El Cartel The Big Boss, vendi\u00f3 m\u00e1s de siete millones de copias, que adem\u00e1s fueron certificados como los m\u00e1s vendidos de todos los g\u00e9neros musicales en espa\u00f1ol. Por el disco Talento de barrio, la compa\u00f1\u00eda discogr\u00e1fica Universal Music le entreg\u00f3 a Daddy Yankee el Galard\u00f3n de Disco de Oro por haber superado las 20 mil copias.<\/span><\/p>\n<p class=\"entry\" style=\"text-align: justify\"><span style=\"color: #000000\">El reaggeton, m\u00fasica pegadiza que fusiona el reggae, hip hop y el rap, naci\u00f3 en Puerto Rico y trascendi\u00f3 las fronteras m\u00e1s all\u00e1 de Latinoam\u00e9rica de la mano del afamado Yankee, por sus letras desfachatadas y su baile provocativo, sobre todo las ondulaciones de los cuerpos femeninos.<\/span><\/p>\n<p class=\"entry\" style=\"text-align: justify\"><span style=\"color: #000000\">Nacido y criado en un residencial p\u00fablico de la Isla del Encanto, Raymond Ayala Rodr\u00edguez cre\u00f3 la Fundaci\u00f3n Coraz\u00f3n Guerrero, que brinda ayuda a j\u00f3venes en instituciones penales para que finalicen sus estudios. Ayer, el p\u00fablico argentino disfrut\u00f3 del Yankee estrella.<\/span><\/p>\n<p>\u00a0<\/p>\n<p>\u00a0<\/p>\n<p><\/span><\/strong><\/span><\/p>\n<p class=\"container\" style=\"text-align: justify\"><span class=\"date\"><strong><\/strong><\/span><\/p>\n<address><span class=\"date\"><strong><span style=\"color: #666666;font-size: x-small\">Jul 3, 2009<\/span><\/strong><\/span><\/address>\n<address>\n<h3><em>\u201cLe puso gasolina\u201d- Dia a Dia\u00a0 \u201cAfiebrados\u201d- La Voz<\/em><\/h3>\n<p class=\"entry\"><em><img loading=\"lazy\" decoding=\"async\" class=\"alignnone size-full wp-image-259\" src=\"http:\/\/www.daddyyankee.com\/news\/wp-content\/uploads\/2009\/07\/puso-gasolina.png\" alt=\"puso-gasolina\" width=\"500\" height=\"372\" \/><\/em><\/p>\n<p style=\"text-align: justify\">Daddy Yankee se present\u00f3\u00a0en la ciudad de\u00a0C\u00f3rdoba, Argentina ante dos llenos totales donde m\u00e1s de 10 mil\u00a0fan\u00e1ticos\u00a0por noche retumbaron con sus gritos las paredes en el Orfeo.<\/p>\n<p style=\"text-align: justify\">Las entradas del concierto se vendieron ha una semana de estar a la venta. Los principales\u00a0peri\u00f3dicos\u00a0de\u00a0C\u00f3rdoba\u00a0le dedicaron portadas y suplementos especiales que\u00a0inclu\u00edan\u00a0desde\u00a0afiches\u00a0hasta juegos de\u00a0trivia.<\/p>\n<p style=\"text-align: justify\">Los\u00a0fan\u00e1ticos\u00a0argentinos que se presentaron al Orfeo iban desde familias con ninos, parejas, grupos de adolescentes, y pre adolescentes, con sus camisetas (franelas) de Daddy Yankee, y hasta bandanas, listos para el gran\u00a0espect\u00e1culo. El Jefe\u00a0cumpli\u00f3\u00a0y se entreg\u00f3 a su publico. Entr\u00f3 a tarima interpretando \u201cSomos de calle\u201d y\u00a0sigui\u00f3\u00a0con el concierto puro de\u00a0\u00e9xitos\u00a0recientes como \u201cQue tengo que hacer\u201d, \u201cPose\u201d y \u201cLlamado de emergencia\u201d.\u00a0 La\u00a0energ\u00eda\u00a0del show fue subiendo y Daddy Yankee interpret\u00f3 sus\u00a0cl\u00e1sicos\u00a0como\u00a0\u201cElla Me Levanto\u201d, \u201cLo Que Paso\"<\/p>\n<h3 style=\"text-align: center\"><em><\/em><\/h3>\n<h3 style=\"text-align: center\"><em>Campeones mundiales\u00a0se juntan<\/em><\/h3>\n<p style=\"text-align: justify\">Daddy Yankee visito\u00a0el martes el programa mananero El despelote de la emisora radial Reggaeton 94 junto a Billy Fourquet, Rocky The Kid y Tony Banana y a manera de primicia, estreno el tema El ritmo no perdona (prende). Durante una hora el cantante converso sobre su carrera, nuevo disco y todas las preguntas que el publico le realizo via telefonica, en vivo e internet.<\/p>\n<p style=\"text-align: justify\">\u00a0<\/p>\n<p style=\"text-align: justify\">Al filo de culminar la entrevista llegaron los campeones mundiales de boxeo Juanma Lopez y Tito Trinidad, junto a DY conversaron con el publico.<\/p>\n<p style=\"text-align: justify\">LAS DOS LINEAS PARA LA PAGINA PUEDE SER: Campeones mundiales se juntan.<\/p>\n<p style=\"text-align: justify\">\u00a0<\/p>\n<p style=\"text-align: center\"><strong>EXCLUSIVEOVIDEO PREMIER! \u201cEL RITMO NO SE PERDONA (PRENDE)\u201d<\/strong><\/p>\n<p style=\"text-align: justify\">Este pr\u00f3ximo mi\u00e9rcoles 1 de julio estrena de manera exclusiva para daddyyankee.com el primer video videoclip de Daddy Yankee Mundial titulado \u201cEl ritmo no perdona\u201d (Prende). El estreno mundial va de la mano del lanzamiento de la nueva p\u00e1gina de web del artista que lanza simult\u00e1neamente totalmente redise\u00f1ada.<\/p>\n<p style=\"text-align: justify\">El video del \u201cEl ritmo no perdona\u201d (Prende) fue filmado completamente con la mejor calidad de video disponible en el suburbio de Soho en Nueva York contando con mas 100 extras producido y dirigido por Georgie Rivera y Louanson. El pegajoso tema es una canci\u00f3n tropical que envuelve la esencia de diversas personas de diferentes naciones contagi\u00e1ndose as\u00ed con el ritmo de la canci\u00f3n y con lo que est\u00e1 sucediendo en el lugar. El video muestra una batalla musical entre ambos personajes de DY y los ritmos son una explosi\u00f3n de m\u00fasica urbana con fusiones tropicales del Mambo.<\/p>\n<p style=\"text-align: justify\">\u201cEl ritmo no perdona\u201d (Prende) es parte de la veintena de temas que estar\u00e1n incluidos en Daddy Yankee Mundial a salir al mercado para finales del 2009.<\/p>\n<p style=\"text-align: justify\">\u00a0<\/p>\n<h3 style=\"text-align: center\"><em>Daddy Yankee Lanza Nueva P\u00e1gina Web<\/em>\u00a0<\/h3>\n<p style=\"text-align: justify\">Daddy Yankee anunci\u00f3\u00a0 el lanzamiento de su nueva y redise\u00f1ada pagina web oficial, que incluye m\u00e1s accesibilidad e interactividad con el artista.\u00a0 La nueva p\u00e1gina\u00a0 <span style=\"color: #666666\"><a title=\"yankee\" href=\"http:\/\/www.daddyyankee.com\">www.daddyyankee.com<\/a><\/span> ser\u00e1 el hogar de todo lo relacionado con el artista con datos exclusivos,\u00a0 chat, \u2018blog\u2019, videos, m\u00fasica, detalles de giras y toda la informaci\u00f3n del artista.<\/p>\n<p style=\"text-align: justify\">La nueva p\u00e1gina \u2013creada en espa\u00f1ol e ingl\u00e9s-\u00a0 servir\u00e1 de portal donde los fan\u00e1ticos podr\u00e1n interactuar en vivo con el artista, ofrecer\u00e1 la habilidad de personalizar las p\u00e1ginas cambiando el \u2018background\u2019, podr\u00e1n comprar en-l\u00ednea art\u00edculos exclusivos del artista, chatear y descubrir detalles de Daddy Yankee.<\/p>\n<p style=\"text-align: justify\">Algunas de las secciones que se a\u00f1adieron van dedicadas a los fans donde podr\u00e1n bajar m\u00fasica nueva y exclusiva.\u00a0 Todos los meses los seguidores de Daddy Yankee podr\u00e1n bajar m\u00fasica y videos gratis creados por el propio DY para la fanaticada subscrita.<\/p>\n<p style=\"text-align: justify\">Otras de la funciones del portal cibern\u00e9tico ser\u00e1 la habilidad de conectarse a las redes sociales de Daddy Yankee como\u00a0 Facebook, Twitter, MySpace y YouTube.<\/p>\n<p style=\"text-align: justify\">Durante las pr\u00f3ximas semanas,\u00a0<span style=\"color: #666666\">se <\/span>continuara a\u00f1adiendo contenido y aplicaciones a la p\u00e1gina.<\/p>\n<p style=\"text-align: justify\">\u00a0<\/p>\n<h3 style=\"text-align: center\">Daddy Yankee Deja Histeria En Villavicencio!!!<\/h3>\n<p style=\"text-align: justify\">El\u00a0s\u00e1bado\u00a0pasado una audiencia masiva esperaba con\u00a0ansias\u00a0la\u00a0presentaci\u00f3n\u00a0de su idolo Daddy Yankee. En el 41 Festival Internacional del Joropo, Daddy Yankee se presento ante un publico de 20K personas en el Estadio Macal de Villavicencio. Con una presentacion que duro 1 hora y media, la multidud acompa\u00f1o a su idolo en cantar los exitos \u201cRompe\u201d, \u201cLo Que Paso, Paso\u201d, \u201cElla Me Levanto\u201d, \u201cPose\u201d, Llamado de Emergencia\u201d y \u201cQue Tengo Que Hacer\u201d entre otros que comprenden parte de su gira Latinoamericana\u00a0<em>Talento de Barrio. <span style=\"font-style: normal\">El\u00a0festival tambien conto con la presentacion de los legendarios cantantes de La Fania entre ellos Cheo Feliciano, Willie Colon, Andy Monta\u00f1ez y Richie Ray y Bobby Cruz<\/span><\/em>.<\/p>\n<\/address>\n<p>\u00a0<\/p>\n<p>\u00a0<\/p>\n<p><\/em><\/p>\n","protected":false},"excerpt":{"rendered":"<p>Jul 7, 2009 ESTRENA DADDY YANKEE EN CARAS 7 de julio de 2009, San Juan, Puerto Rico \u2013 La prestigiosa revista\u00a0 CARAS celebra el lanzamiento de la edici\u00f3n del mes de julio con la portada del \u2018Big Boss\u2019 Daddy Yankee. La edici\u00f3n\u00a0muestra el lado humano y empresarial del icono de la m\u00fasica urbana, adem\u00e1s, de [&hellip;]<\/p>\n","protected":false},"author":1673,"featured_media":0,"parent":0,"menu_order":0,"comment_status":"open","ping_status":"open","template":"","meta":{"footnotes":""},"class_list":["post-75","page","type-page","status-publish","hentry"],"_links":{"self":[{"href":"https:\/\/blog.espol.edu.ec\/cxvilla\/wp-json\/wp\/v2\/pages\/75","targetHints":{"allow":["GET"]}}],"collection":[{"href":"https:\/\/blog.espol.edu.ec\/cxvilla\/wp-json\/wp\/v2\/pages"}],"about":[{"href":"https:\/\/blog.espol.edu.ec\/cxvilla\/wp-json\/wp\/v2\/types\/page"}],"author":[{"embeddable":true,"href":"https:\/\/blog.espol.edu.ec\/cxvilla\/wp-json\/wp\/v2\/users\/1673"}],"replies":[{"embeddable":true,"href":"https:\/\/blog.espol.edu.ec\/cxvilla\/wp-json\/wp\/v2\/comments?post=75"}],"version-history":[{"count":14,"href":"https:\/\/blog.espol.edu.ec\/cxvilla\/wp-json\/wp\/v2\/pages\/75\/revisions"}],"predecessor-version":[{"id":78,"href":"https:\/\/blog.espol.edu.ec\/cxvilla\/wp-json\/wp\/v2\/pages\/75\/revisions\/78"}],"wp:attachment":[{"href":"https:\/\/blog.espol.edu.ec\/cxvilla\/wp-json\/wp\/v2\/media?parent=75"}],"curies":[{"name":"wp","href":"https:\/\/api.w.org\/{rel}","templated":true}]}}