{"id":32,"date":"2016-05-21T23:34:07","date_gmt":"2016-05-21T23:34:07","guid":{"rendered":"http:\/\/blog.espol.edu.ec\/daarias\/?page_id=32"},"modified":"2016-05-22T00:13:36","modified_gmt":"2016-05-22T00:13:36","slug":"automovilismo-2","status":"publish","type":"page","link":"https:\/\/blog.espol.edu.ec\/daarias\/automovilismo-2\/","title":{"rendered":"Automovilismo"},"content":{"rendered":"<p><a href=\"http:\/\/www.caranddriverthef1.com\/sites\/default\/files\/node_articulof1_imagen\/f1_automovilismo_rfeda_0.jpg\" target=\"_blank\"><img loading=\"lazy\" decoding=\"async\" class=\"aligncenter\" src=\"http:\/\/www.caranddriverthef1.com\/sites\/default\/files\/node_articulof1_imagen\/f1_automovilismo_rfeda_0.jpg\" alt=\"\" width=\"389\" height=\"259\" \/><\/a><\/p>\n<p>El\u00a0automovilismo\u00a0es deporte\u00a0que se practica con\u00a0autom\u00f3viles. En la mayor\u00eda de las modalidades, los autom\u00f3viles deben completar un recorrido en el menor tiempo posible, o bien recorrer un circuito\u00a0la mayor cantidad de veces en un tiempo fijo. Existen otras disciplinas que tienen objetivos distintos, por ejemplo el\u00a0drifting, donde los pilotos deben realizar derrapes espectaculares.<\/p>\n<p>El automovilismo es uno de los espect\u00e1culos m\u00e1s populares del mundo y algunas competiciones, como por ejemplo la\u00a0<a href=\"http:\/\/formula1.autobild.es\/\" target=\"_blank\">F\u00f3rmula 1<\/a>, cuentan con m\u00e1s seguidores que muchos otros deportes. Asimismo es el que mueve m\u00e1s dinero, involucrando a un gran n\u00famero de empresas, fabricantes, deportistas, ingenieros y patrocinantes. Los ingenieros desarrollan las \u00faltimas tecnolog\u00edas en motores, aerodin\u00e1mica, suspensi\u00f3n y neum\u00e1ticos para lograr el m\u00e1ximo rendimiento; estos avances han beneficiado a la industria automotriz, con los neum\u00e1ticos radiales y el turbocompresor, as\u00ed como otros adelantos.<\/p>\n<p>Cada categor\u00eda tiene su reglamento que limita las modificaciones permitidas para los motores, el chasis, la suspensi\u00f3n, los neum\u00e1ticos, el combustible y la\u00a0telemetr\u00eda.<\/p>\n<p>Dada la alta velocidad que desarrollan los autom\u00f3viles y la utilizaci\u00f3n de combustibles, el automovilismo es un deporte extremadamente peligroso. Aunque las medidas de seguridad han progresado a lo largo de las d\u00e9cadas, frecuentemente ocurren colisiones, incendios y otros accidentes que causan lesiones e incluso muertes a competidores y espectadores.<\/p>\n<p>La <a href=\"http:\/\/www.fia.com\/\" target=\"_blank\">Federaci\u00f3n Internacional del Autom\u00f3vil<\/a> es la instituci\u00f3n que organiza el automovilismo a nivel mundial. Sus miembros son las asociaciones nacionales de cada pa\u00eds, que rigen las competiciones dentro de su territorio.<\/p>\n","protected":false},"excerpt":{"rendered":"<p>El\u00a0automovilismo\u00a0es deporte\u00a0que se practica con\u00a0autom\u00f3viles. En la mayor\u00eda de las modalidades, los autom\u00f3viles deben completar un recorrido en el menor tiempo posible, o bien recorrer un circuito\u00a0la mayor cantidad de veces en un tiempo fijo. Existen otras disciplinas que tienen objetivos distintos, por ejemplo el\u00a0drifting, donde los pilotos deben realizar derrapes espectaculares. El automovilismo es [&hellip;]<\/p>\n","protected":false},"author":10265,"featured_media":0,"parent":0,"menu_order":0,"comment_status":"closed","ping_status":"closed","template":"","meta":{"footnotes":""},"class_list":["post-32","page","type-page","status-publish","hentry"],"_links":{"self":[{"href":"https:\/\/blog.espol.edu.ec\/daarias\/wp-json\/wp\/v2\/pages\/32","targetHints":{"allow":["GET"]}}],"collection":[{"href":"https:\/\/blog.espol.edu.ec\/daarias\/wp-json\/wp\/v2\/pages"}],"about":[{"href":"https:\/\/blog.espol.edu.ec\/daarias\/wp-json\/wp\/v2\/types\/page"}],"author":[{"embeddable":true,"href":"https:\/\/blog.espol.edu.ec\/daarias\/wp-json\/wp\/v2\/users\/10265"}],"replies":[{"embeddable":true,"href":"https:\/\/blog.espol.edu.ec\/daarias\/wp-json\/wp\/v2\/comments?post=32"}],"version-history":[{"count":4,"href":"https:\/\/blog.espol.edu.ec\/daarias\/wp-json\/wp\/v2\/pages\/32\/revisions"}],"predecessor-version":[{"id":37,"href":"https:\/\/blog.espol.edu.ec\/daarias\/wp-json\/wp\/v2\/pages\/32\/revisions\/37"}],"wp:attachment":[{"href":"https:\/\/blog.espol.edu.ec\/daarias\/wp-json\/wp\/v2\/media?parent=32"}],"curies":[{"name":"wp","href":"https:\/\/api.w.org\/{rel}","templated":true}]}}