{"id":185,"date":"2009-06-27T18:36:08","date_gmt":"2009-06-27T22:36:08","guid":{"rendered":"http:\/\/blog.espol.edu.ec\/daceli\/?page_id=185"},"modified":"2010-11-08T14:59:43","modified_gmt":"2010-11-08T18:59:43","slug":"deportes","status":"publish","type":"page","link":"https:\/\/blog.espol.edu.ec\/daceli\/deportes\/","title":{"rendered":"Deportes"},"content":{"rendered":"<p><a href=\"http:\/\/www.eluniverso.com\/2010\/11\/08\/1\/1372\/facebook-seria-titular.html?m=tu\">\u2018Facebook\u2019 Men\u00e9ndez ser\u00eda titular ante Deportivo quito<\/a><\/p>\n<p><a href=\"http:\/\/www.eluniverso.com\/2010\/11\/08\/1\/1442\/red-bull-ante-un-dilema-estrategia-equipo-libertad-total.html?p=1371&amp;m=100\">Red Bull ante un dilema: estrategia de equipo o libertad total<\/a><\/p>\n<p><a href=\"http:\/\/marcador.ec\/notas\/2010\/11\/08\/emelec-anuncio-promocion-para-los-hinchas-previo-al-cotejo-ante-el-deportivo-quito\">Emelec anuncia entrada gratuita a general, tribuna y preferencia en el juego con el Deportivo Quito<\/a><\/p>\n<p style=\"text-align: justify\"><span style=\"color: #ff0000\">BArceloNa SpoRTing Club gana luEgo de 2 mEses<\/span><\/p>\n<p style=\"text-align: justify\">El \u00cddolo del Astillero venci\u00f3 este domingo al Olmedo de Riobamba 1-0, en condici\u00f3n de visitante, con gol de Luis Chucho Bola\u00f1os.<\/p>\n<p style=\"text-align: justify\">El  \u00faltimo triunfo amarillo se registr\u00f3 el pasado 11 de septiembre, cuando  Barcelona venci\u00f3 en el Monumental a Deportivo Quito, 1-0, por la d\u00e9cima  fecha de esta <a href=\"http:\/\/www.eluniverso.com\/tablaposiciones\/\" target=\"_blank\">segunda etapa del campeonato nacional de f\u00fatbol<\/a>.<\/p>\n<p style=\"text-align: justify\"><span style=\"color: #ff0000\">Montero marco con el Villerreal<\/span><\/p>\n<p style=\"text-align: justify\">El Villarreal se dio un ba\u00f1o de goles frente al Athletic de Bilbao  (4-1), en un encuentro en el que tuvo que remontar el tempranero gol  visitante para demostrar que sigue intratable en casa y frustrar las  aspiraciones del cuadro vasco de acercarse a la zona m\u00e1s alta de la  clasificaci\u00f3n.<\/p>\n<p style=\"text-align: justify\"><span style=\"color: #ff0000\">FeDerer gana el ATP, su titulo 65 en su carrera<\/span><\/p>\n<p style=\"text-align: justify\">El suizo Roger Federer (dos del mundo) recuper\u00f3 el t\u00edtulo del torneo de  su ciudad natal al vencer este domingo 6-4, 3-6 y 6-1 al serbio Novak  Djokovic, el campe\u00f3n de la pasada edici\u00f3n, en la final del certame<span style=\"color: #000000\">n <strong>ATP<\/strong> de B<\/span>asilea.<\/p>\n<p><object classid=\"clsid:d27cdb6e-ae6d-11cf-96b8-444553540000\" width=\"471\" height=\"338\"><param name=\"allowFullScreen\" value=\"true\" \/><param name=\"allowscriptaccess\" value=\"always\" \/><param name=\"src\" value=\"http:\/\/www.youtube-nocookie.com\/v\/o8WBTo5bOME?fs=1&amp;hl=en_US&amp;color1=0x3a3a3a&amp;color2=0x999999\" \/><param name=\"allowfullscreen\" value=\"true\" \/><embed type=\"application\/x-shockwave-flash\" width=\"471\" height=\"338\" src=\"http:\/\/www.youtube-nocookie.com\/v\/o8WBTo5bOME?fs=1&amp;hl=en_US&amp;color1=0x3a3a3a&amp;color2=0x999999\" allowscriptaccess=\"always\" allowfullscreen=\"true\"><\/embed><\/object><\/p>\n","protected":false},"excerpt":{"rendered":"<p>\u2018Facebook\u2019 Men\u00e9ndez ser\u00eda titular ante Deportivo quito Red Bull ante un dilema: estrategia de equipo o libertad total Emelec anuncia entrada gratuita a general, tribuna y preferencia en el juego con el Deportivo Quito BArceloNa SpoRTing Club gana luEgo de 2 mEses El \u00cddolo del Astillero venci\u00f3 este domingo al Olmedo de Riobamba 1-0, en [&hellip;]<\/p>\n","protected":false},"author":1665,"featured_media":0,"parent":0,"menu_order":0,"comment_status":"open","ping_status":"open","template":"","meta":{"footnotes":""},"class_list":["post-185","page","type-page","status-publish","hentry"],"_links":{"self":[{"href":"https:\/\/blog.espol.edu.ec\/daceli\/wp-json\/wp\/v2\/pages\/185","targetHints":{"allow":["GET"]}}],"collection":[{"href":"https:\/\/blog.espol.edu.ec\/daceli\/wp-json\/wp\/v2\/pages"}],"about":[{"href":"https:\/\/blog.espol.edu.ec\/daceli\/wp-json\/wp\/v2\/types\/page"}],"author":[{"embeddable":true,"href":"https:\/\/blog.espol.edu.ec\/daceli\/wp-json\/wp\/v2\/users\/1665"}],"replies":[{"embeddable":true,"href":"https:\/\/blog.espol.edu.ec\/daceli\/wp-json\/wp\/v2\/comments?post=185"}],"version-history":[{"count":20,"href":"https:\/\/blog.espol.edu.ec\/daceli\/wp-json\/wp\/v2\/pages\/185\/revisions"}],"predecessor-version":[{"id":187,"href":"https:\/\/blog.espol.edu.ec\/daceli\/wp-json\/wp\/v2\/pages\/185\/revisions\/187"}],"wp:attachment":[{"href":"https:\/\/blog.espol.edu.ec\/daceli\/wp-json\/wp\/v2\/media?parent=185"}],"curies":[{"name":"wp","href":"https:\/\/api.w.org\/{rel}","templated":true}]}}

<p><a href="http://www.eluniverso.com/2010/11/08/1/1372/facebook-seria-titular.html?m=tu">‘Facebook’ Menéndez sería titular ante Deportivo quito</a></p>
<p><a href="http://www.eluniverso.com/2010/11/08/1/1442/red-bull-ante-un-dilema-estrategia-equipo-libertad-total.html?p=1371&amp;m=100">Red Bull ante un dilema: estrategia de equipo o libertad total</a></p>
<p><a href="http://marcador.ec/notas/2010/11/08/emelec-anuncio-promocion-para-los-hinchas-previo-al-cotejo-ante-el-deportivo-quito">Emelec anuncia entrada gratuita a general, tribuna y preferencia en el juego con el Deportivo Quito</a></p>
<p style="text-align: justify"><span style="color: #ff0000">BArceloNa SpoRTing Club gana luEgo de 2 mEses</span></p>
<p style="text-align: justify">El Ídolo del Astillero venció este domingo al Olmedo de Riobamba 1-0, en condición de visitante, con gol de Luis Chucho Bolaños.</p>
<p style="text-align: justify">El  último triunfo amarillo se registró el pasado 11 de septiembre, cuando  Barcelona venció en el Monumental a Deportivo Quito, 1-0, por la décima  fecha de esta <a href="http://www.eluniverso.com/tablaposiciones/" target="_blank">segunda etapa del campeonato nacional de fútbol</a>.</p>
<p style="text-align: justify"><span style="color: #ff0000">Montero marco con el Villerreal</span></p>
<p style="text-align: justify">El Villarreal se dio un baño de goles frente al Athletic de Bilbao  (4-1), en un encuentro en el que tuvo que remontar el tempranero gol  visitante para demostrar que sigue intratable en casa y frustrar las  aspiraciones del cuadro vasco de acercarse a la zona más alta de la  clasificación.</p>
<p style="text-align: justify"><span style="color: #ff0000">FeDerer gana el ATP, su titulo 65 en su carrera</span></p>
<p style="text-align: justify">El suizo Roger Federer (dos del mundo) recuperó el título del torneo de  su ciudad natal al vencer este domingo 6-4, 3-6 y 6-1 al serbio Novak  Djokovic, el campeón de la pasada edición, en la final del certame<span style="color: #000000">n <strong>ATP</strong> de B</span>asilea.</p>
<p><object classid="clsid:d27cdb6e-ae6d-11cf-96b8-444553540000" width="471" height="338"><param name="allowFullScreen" value="true" /><param name="allowscriptaccess" value="always" /><param name="src" value="http://www.youtube-nocookie.com/v/o8WBTo5bOME?fs=1&amp;hl=en_US&amp;color1=0x3a3a3a&amp;color2=0x999999" /><param name="allowfullscreen" value="true" /><embed type="application/x-shockwave-flash" width="471" height="338" src="http://www.youtube-nocookie.com/v/o8WBTo5bOME?fs=1&amp;hl=en_US&amp;color1=0x3a3a3a&amp;color2=0x999999" allowscriptaccess="always" allowfullscreen="true"></embed></object></p>

<p>‘Facebook’ Menéndez sería titular ante Deportivo quito Red Bull ante un dilema: estrategia de equipo o libertad total Emelec anuncia entrada gratuita a general, tribuna y preferencia en el juego con el Deportivo Quito BArceloNa SpoRTing Club gana luEgo de 2 mEses El Ídolo del Astillero venció este domingo al Olmedo de Riobamba 1-0, en [&hellip;]</p>
