{"id":112,"date":"2013-06-07T02:47:31","date_gmt":"2013-06-07T02:47:31","guid":{"rendered":"http:\/\/blog.espol.edu.ec\/dajarama\/?page_id=112"},"modified":"2013-06-07T02:47:31","modified_gmt":"2013-06-07T02:47:31","slug":"%ed%95%9c%ea%b5%ad-%eb%ac%b8%ed%99%94-cultura-coreana-el-bienestar","status":"publish","type":"page","link":"https:\/\/blog.espol.edu.ec\/dajarama\/%ed%95%9c%ea%b5%ad-%eb%ac%b8%ed%99%94-cultura-coreana-el-bienestar\/","title":{"rendered":"\ud55c\uad6d \ubb38\ud654 (cultura coreana): El bienestar"},"content":{"rendered":"<p>En Corea del Sur la palabra \"<a title=\"bienestar social\" href=\"http:\/\/es.wikipedia.org\/wiki\/Bienestar_social\" target=\"_blank\">BIENESTAR SOCIAL<\/a>\"es la clave para entender la actual tendencia de la sociedad coreana el bienestar de los finales de los 90,se ha convertido en la patata caliente de la sociedad coreana .Muchos est\u00e1n adoptando una nueva forma de vida.Por ejemplo,la gente que sigue la tendencia del \"bienestar\",consume alimentos org\u00e1nicos para cuidar su salud .En lugar de comidas de alto contenido en calor\u00edas,como las comidas r\u00e1pidas,trata de comer alimentos org\u00e1nicos ,cultivados sin ning\u00fan tipo de productos qu\u00edmicos .Mas all\u00e1 de esto ,algunos hasta crean sus propios huertos peque\u00f1os para cultivar vegetales org\u00e1nicos, ademas esta tendencia se ha convertido en un estilo en sonde se integran todos los aspectos de la vida.el BIENESTAR significa tambi\u00e9n pasar el tiempo practicando el<a title=\"YOGA\" href=\"http:\/\/es.wikipedia.org\/wiki\/Yoga\" target=\"_blank\"> YOGA<\/a> ,pues el yoga es conocido como una buena terapia f\u00edsica, no solo para la salud mental, sino tambi\u00e9n para mantenerse en forma.<a href=\"http:\/\/blog.espol.edu.ec\/dajarama\/files\/2013\/06\/yoga21.jpg\"><img loading=\"lazy\" decoding=\"async\" class=\"aligncenter size-medium wp-image-114\" src=\"http:\/\/blog.espol.edu.ec\/dajarama\/files\/2013\/06\/yoga21-300x200.jpg\" alt=\"\" width=\"300\" height=\"200\" srcset=\"https:\/\/blog.espol.edu.ec\/dajarama\/files\/2013\/06\/yoga21-300x200.jpg 300w, https:\/\/blog.espol.edu.ec\/dajarama\/files\/2013\/06\/yoga21.jpg 600w\" sizes=\"auto, (max-width: 300px) 100vw, 300px\" \/><\/a><\/p>\n","protected":false},"excerpt":{"rendered":"<p>En Corea del Sur la palabra \"BIENESTAR SOCIAL\"es la clave para entender la actual tendencia de la sociedad coreana el bienestar de los finales de los 90,se ha convertido en la patata caliente de la sociedad coreana .Muchos est\u00e1n adoptando una nueva forma de vida.Por ejemplo,la gente que sigue la tendencia del \"bienestar\",consume alimentos org\u00e1nicos [&hellip;]<\/p>\n","protected":false},"author":8579,"featured_media":0,"parent":0,"menu_order":0,"comment_status":"open","ping_status":"open","template":"","meta":{"footnotes":""},"class_list":["post-112","page","type-page","status-publish","hentry"],"_links":{"self":[{"href":"https:\/\/blog.espol.edu.ec\/dajarama\/wp-json\/wp\/v2\/pages\/112","targetHints":{"allow":["GET"]}}],"collection":[{"href":"https:\/\/blog.espol.edu.ec\/dajarama\/wp-json\/wp\/v2\/pages"}],"about":[{"href":"https:\/\/blog.espol.edu.ec\/dajarama\/wp-json\/wp\/v2\/types\/page"}],"author":[{"embeddable":true,"href":"https:\/\/blog.espol.edu.ec\/dajarama\/wp-json\/wp\/v2\/users\/8579"}],"replies":[{"embeddable":true,"href":"https:\/\/blog.espol.edu.ec\/dajarama\/wp-json\/wp\/v2\/comments?post=112"}],"version-history":[{"count":1,"href":"https:\/\/blog.espol.edu.ec\/dajarama\/wp-json\/wp\/v2\/pages\/112\/revisions"}],"predecessor-version":[{"id":115,"href":"https:\/\/blog.espol.edu.ec\/dajarama\/wp-json\/wp\/v2\/pages\/112\/revisions\/115"}],"wp:attachment":[{"href":"https:\/\/blog.espol.edu.ec\/dajarama\/wp-json\/wp\/v2\/media?parent=112"}],"curies":[{"name":"wp","href":"https:\/\/api.w.org\/{rel}","templated":true}]}}