{"id":66,"date":"2014-06-12T00:51:26","date_gmt":"2014-06-12T00:51:26","guid":{"rendered":"http:\/\/blog.espol.edu.ec\/dalialci\/?page_id=66"},"modified":"2014-06-12T20:47:49","modified_gmt":"2014-06-12T20:47:49","slug":"deportes-extremos-aereos","status":"publish","type":"page","link":"https:\/\/blog.espol.edu.ec\/dalialci\/deportes-extremos-aereos\/","title":{"rendered":"Deportes Extremos A\u00e9reos"},"content":{"rendered":"<p>1.- El Paracaidismo<\/p>\n<p>El paracaidismo, parapente, ultraliviano o el \u00cdcaro, son algunas disciplinas dentro de los deportes de vuelo extremo en M\u00e9xico, que le han dado la posibilidad e inolvidable experiencia al ser humano de volar.<\/p>\n<p>Estas actividades deportivas, como se le considera al paracaidismo, tiene su historia y se comenta que se origin\u00f3 de las pr\u00e1cticas militares donde los uniformados se lanzaban desde un avi\u00f3n solo para caer y no para volar, como lo hace un seguidor de esta actividad extrema.<\/p>\n<p>Esta experiencia, consiste a grandes rasgos en lanzarse desde una avioneta, de tal forma que la persona logre volar con su propio cuerpo. Desde luego que existe un margen de riesgo como en todos estos tipos de deportes y que por lo general en caso de suceder, se refiere a una falla humana o no del equipo; debido a esto es que es tan importante recibir la orientaci\u00f3n y ayuda de los expertos.<\/p>\n<p><a href=\"http:\/\/blog.espol.edu.ec\/dalialci\/files\/2014\/06\/paracaidismo.jpg\"><img loading=\"lazy\" decoding=\"async\" src=\"http:\/\/blog.espol.edu.ec\/dalialci\/files\/2014\/06\/paracaidismo-300x199.jpg\" alt=\"paracaidismo\" width=\"300\" height=\"199\" class=\"alignnone size-medium wp-image-28\" srcset=\"https:\/\/blog.espol.edu.ec\/dalialci\/files\/2014\/06\/paracaidismo-300x199.jpg 300w, https:\/\/blog.espol.edu.ec\/dalialci\/files\/2014\/06\/paracaidismo.jpg 604w\" sizes=\"auto, (max-width: 300px) 100vw, 300px\" \/><\/a><\/p>\n<p><em><strong>2.- Parapente<\/strong><\/em><\/p>\n<p>Sus origenes viene del paracaidismo que en algunos casos son actividades que se parecen y en otras son muy diferentes, como por ejemplo el parapente presenta un perfil perfectamente aerodin\u00e1mico y un ala mucho m\u00e1s grande con celdas abiertas por delante y cerradas por detr\u00e1s, la persona tiene mucho m\u00e1s tiempo para planear y el despegue de hace desde una monta\u00f1a y no de una avi\u00f3n como en el paracidismo.<\/p>\n<p>Esta disciplina naci\u00f3 en Francia cuando grupos de escaladores utilizaban un tipo de paraca\u00eddas para no tener que bajar de las monta\u00f1as. Asimismo, la NASA ha contribuido mucho con el invento, ya que el sistema de aterrizaje de sus c\u00e1psulas espaciales incluye paraca\u00eddas que han servido de prototipo.<\/p>\n<p><a href=\"http:\/\/blog.espol.edu.ec\/dalialci\/files\/2014\/06\/parapente.jpg\"><img loading=\"lazy\" decoding=\"async\" src=\"http:\/\/blog.espol.edu.ec\/dalialci\/files\/2014\/06\/parapente-300x300.jpg\" alt=\"parapente\" width=\"300\" height=\"300\" class=\"alignnone size-medium wp-image-154\" srcset=\"https:\/\/blog.espol.edu.ec\/dalialci\/files\/2014\/06\/parapente-300x300.jpg 300w, https:\/\/blog.espol.edu.ec\/dalialci\/files\/2014\/06\/parapente-150x150.jpg 150w, https:\/\/blog.espol.edu.ec\/dalialci\/files\/2014\/06\/parapente.jpg 364w\" sizes=\"auto, (max-width: 300px) 100vw, 300px\" \/><\/a><\/p>\n<p><em><strong>3.- Salto en bungee<\/strong><\/em><\/p>\n<p>Este es un deporte extremo que se origin\u00f3 hace ya miles de a\u00f1os, por lo que se ubica dentro de los m\u00e1s antiguos. Su origen data en Ocean\u00eda, especificamente en las islas Vanuta hoy llamadas Nuevas H\u00e9brides. El salto era un rito llamado Gkol que consistia en demostrar que se hab\u00eda pasado de ser ni\u00f1o a un valiente adolescente, y la mejor forma era lanz\u00e1ndose desde torres de ca\u00f1as con alturas hasta de 25 metros llevando una cuerda de vid atada a los tobillos.<\/p>\n<p>Afortunadamente este rito se ha convertido en un deporte que ha cambiado y mejorado.<\/p>\n<p><a href=\"http:\/\/blog.espol.edu.ec\/dalialci\/files\/2014\/06\/salto.jpg\"><img loading=\"lazy\" decoding=\"async\" class=\" wp-image-41 aligncenter\" src=\"http:\/\/blog.espol.edu.ec\/dalialci\/files\/2014\/06\/salto-300x200.jpg\" alt=\"salto\" width=\"371\" height=\"247\" srcset=\"https:\/\/blog.espol.edu.ec\/dalialci\/files\/2014\/06\/salto-300x200.jpg 300w, https:\/\/blog.espol.edu.ec\/dalialci\/files\/2014\/06\/salto.jpg 450w\" sizes=\"auto, (max-width: 371px) 100vw, 371px\" \/><\/a><\/p>\n","protected":false},"excerpt":{"rendered":"<p>1.- El Paracaidismo El paracaidismo, parapente, ultraliviano o el \u00cdcaro, son algunas disciplinas dentro de los deportes de vuelo extremo en M\u00e9xico, que le han dado la posibilidad e inolvidable experiencia al ser humano de volar. Estas actividades deportivas, como se le considera al paracaidismo, tiene su historia y se comenta que se origin\u00f3 de [&hellip;]<\/p>\n","protected":false},"author":9027,"featured_media":0,"parent":0,"menu_order":0,"comment_status":"open","ping_status":"closed","template":"","meta":{"footnotes":""},"class_list":["post-66","page","type-page","status-publish","hentry"],"_links":{"self":[{"href":"https:\/\/blog.espol.edu.ec\/dalialci\/wp-json\/wp\/v2\/pages\/66","targetHints":{"allow":["GET"]}}],"collection":[{"href":"https:\/\/blog.espol.edu.ec\/dalialci\/wp-json\/wp\/v2\/pages"}],"about":[{"href":"https:\/\/blog.espol.edu.ec\/dalialci\/wp-json\/wp\/v2\/types\/page"}],"author":[{"embeddable":true,"href":"https:\/\/blog.espol.edu.ec\/dalialci\/wp-json\/wp\/v2\/users\/9027"}],"replies":[{"embeddable":true,"href":"https:\/\/blog.espol.edu.ec\/dalialci\/wp-json\/wp\/v2\/comments?post=66"}],"version-history":[{"count":7,"href":"https:\/\/blog.espol.edu.ec\/dalialci\/wp-json\/wp\/v2\/pages\/66\/revisions"}],"predecessor-version":[{"id":155,"href":"https:\/\/blog.espol.edu.ec\/dalialci\/wp-json\/wp\/v2\/pages\/66\/revisions\/155"}],"wp:attachment":[{"href":"https:\/\/blog.espol.edu.ec\/dalialci\/wp-json\/wp\/v2\/media?parent=66"}],"curies":[{"name":"wp","href":"https:\/\/api.w.org\/{rel}","templated":true}]}}