{"id":43,"date":"2016-10-24T23:27:54","date_gmt":"2016-10-24T23:27:54","guid":{"rendered":"http:\/\/blog.espol.edu.ec\/davidrobles\/?page_id=43"},"modified":"2016-10-24T23:32:21","modified_gmt":"2016-10-24T23:32:21","slug":"conor-mcgregor-firma-contrato-con-reebok","status":"publish","type":"page","link":"https:\/\/blog.espol.edu.ec\/davidrobles\/conor-mcgregor-firma-contrato-con-reebok\/","title":{"rendered":"McGregor firma contrato con Reebok"},"content":{"rendered":"\n\t\t<style type=\"text\/css\">\n\t\t\t#gallery-1 {\n\t\t\t\tmargin: auto;\n\t\t\t}\n\t\t\t#gallery-1 .gallery-item {\n\t\t\t\tfloat: left;\n\t\t\t\tmargin-top: 10px;\n\t\t\t\ttext-align: center;\n\t\t\t\twidth: 33%;\n\t\t\t}\n\t\t\t#gallery-1 img {\n\t\t\t\tborder: 2px solid #cfcfcf;\n\t\t\t}\n\t\t\t#gallery-1 .gallery-caption {\n\t\t\t\tmargin-left: 0;\n\t\t\t}\n\t\t\t\/* see gallery_shortcode() in wp-includes\/media.php *\/\n\t\t<\/style>\n\t\t<div id='gallery-1' class='gallery galleryid-43 gallery-columns-3 gallery-size-thumbnail'><dl class='gallery-item'>\n\t\t\t<dt class='gallery-icon landscape'>\n\t\t\t\t<a href='https:\/\/blog.espol.edu.ec\/davidrobles\/conor-mcgregor-firma-contrato-con-reebok\/cm\/'><img loading=\"lazy\" decoding=\"async\" width=\"141\" height=\"141\" src=\"https:\/\/blog.espol.edu.ec\/davidrobles\/files\/2016\/10\/cm-150x150.jpg\" class=\"attachment-thumbnail size-thumbnail\" alt=\"\" \/><\/a>\n\t\t\t<\/dt><\/dl><dl class='gallery-item'>\n\t\t\t<dt class='gallery-icon portrait'>\n\t\t\t\t<a href='https:\/\/blog.espol.edu.ec\/davidrobles\/conor-mcgregor-firma-contrato-con-reebok\/cm1\/'><img loading=\"lazy\" decoding=\"async\" width=\"141\" height=\"141\" src=\"https:\/\/blog.espol.edu.ec\/davidrobles\/files\/2016\/10\/cm1-150x150.jpg\" class=\"attachment-thumbnail size-thumbnail\" alt=\"\" \/><\/a>\n\t\t\t<\/dt><\/dl><dl class='gallery-item'>\n\t\t\t<dt class='gallery-icon landscape'>\n\t\t\t\t<a href='https:\/\/blog.espol.edu.ec\/davidrobles\/conor-mcgregor-firma-contrato-con-reebok\/cm2\/'><img loading=\"lazy\" decoding=\"async\" width=\"141\" height=\"141\" src=\"https:\/\/blog.espol.edu.ec\/davidrobles\/files\/2016\/10\/cm2-150x150.jpg\" class=\"attachment-thumbnail size-thumbnail\" alt=\"\" \/><\/a>\n\t\t\t<\/dt><\/dl><br style=\"clear: both\" \/><dl class='gallery-item'>\n\t\t\t<dt class='gallery-icon portrait'>\n\t\t\t\t<a href='https:\/\/blog.espol.edu.ec\/davidrobles\/conor-mcgregor-firma-contrato-con-reebok\/cm3\/'><img loading=\"lazy\" decoding=\"async\" width=\"141\" height=\"141\" src=\"https:\/\/blog.espol.edu.ec\/davidrobles\/files\/2016\/10\/cm3-150x150.jpg\" class=\"attachment-thumbnail size-thumbnail\" alt=\"\" \/><\/a>\n\t\t\t<\/dt><\/dl>\n\t\t\t<br style='clear: both' \/>\n\t\t<\/div>\n\n<p>&nbsp;<\/p>\n<p>El pasado Mi\u00e9rcoles la estrella en ascenso<span class=\"apple-converted-space\">\u00a0<\/span>Conor McGregor<strong>,<\/strong><span class=\"apple-converted-space\">\u00a0<\/span>utiliz\u00f3 su cuenta de twitter para anunciar que hab\u00eda firmado con una de las marcas m\u00e1s importantes en el \u00e1mbito deportivo como lo es<span class=\"apple-converted-space\">\u00a0<\/span>Reebok, esto fue lo que escribi\u00f3 el Irland\u00e9s:<\/p>\n<blockquote><p>\u201cFELICITACIONES A @REEBOK POR ATRAPAR A LA FIRMA M\u00c1S GRANDE DE ESTE DEPORTE\u201d<\/p><\/blockquote>\n<p>Adicional a esto, en el segundo episodio de UFC Embedded en promoci\u00f3n del UFC Fight Ngiht 59,<span class=\"apple-converted-space\">\u00a0<\/span>Conor McGregor<span class=\"apple-converted-space\">\u00a0<\/span>hizo una sesi\u00f3n de entrenamiento al p\u00fablico donde port\u00f3 la vestimenta de<span class=\"apple-converted-space\">\u00a0<\/span>Reebok<span class=\"apple-converted-space\">\u00a0<\/span>y finalizando sus entrenamientos esto fue lo que comento:<\/p>\n<blockquote><p>\u201c\u00bfPUEDES OLER ESE DINERO? ME HE ASOCIADO CON REEBOK. ESTE ES UN GRAN PASO PARA MI CARRERA Y ESTOY HONRADO DE ESTAR CON ESTA MARCA. ESTOY HONRADO DE SER UNO DE LOS ATLETAS QUE REEBOK HA DESEADO APOYAR. PROBARE ESO AL DESEMPE\u00d1ARME DE MANERA FENOMENAL.\u201d<\/p><\/blockquote>\n<p>Sin duda la fama y la carrera del Irland\u00e9s cada d\u00eda crece m\u00e1s, esto sin mencionar que si gana su pr\u00f3ximo enfrentamiento del domingo contra<span class=\"apple-converted-space\">\u00a0<\/span>Dennis Siver, recibir\u00e1 su oportunidad de pelear por el t\u00edtulo y las ganancias que esto le generar\u00e1 a<span class=\"apple-converted-space\">\u00a0<\/span>McGregor<span class=\"apple-converted-space\">\u00a0<\/span>sin duda son de pensar.<\/p>\n<p>&nbsp;<\/p>\n","protected":false},"excerpt":{"rendered":"<p>&nbsp; El pasado Mi\u00e9rcoles la estrella en ascenso\u00a0Conor McGregor,\u00a0utiliz\u00f3 su cuenta de twitter para anunciar que hab\u00eda firmado con una de las marcas m\u00e1s importantes en el \u00e1mbito deportivo como lo es\u00a0Reebok, esto fue lo que escribi\u00f3 el Irland\u00e9s: \u201cFELICITACIONES A @REEBOK POR ATRAPAR A LA FIRMA M\u00c1S GRANDE DE ESTE DEPORTE\u201d Adicional a esto, &hellip; <\/p>\n<p><a class=\"more-link btn\" href=\"https:\/\/blog.espol.edu.ec\/davidrobles\/conor-mcgregor-firma-contrato-con-reebok\/\">Seguir leyendo<\/a><\/p>\n","protected":false},"author":10555,"featured_media":0,"parent":0,"menu_order":0,"comment_status":"closed","ping_status":"closed","template":"","meta":{"footnotes":""},"class_list":["post-43","page","type-page","status-publish","hentry","nodate","item-wrap"],"_links":{"self":[{"href":"https:\/\/blog.espol.edu.ec\/davidrobles\/wp-json\/wp\/v2\/pages\/43","targetHints":{"allow":["GET"]}}],"collection":[{"href":"https:\/\/blog.espol.edu.ec\/davidrobles\/wp-json\/wp\/v2\/pages"}],"about":[{"href":"https:\/\/blog.espol.edu.ec\/davidrobles\/wp-json\/wp\/v2\/types\/page"}],"author":[{"embeddable":true,"href":"https:\/\/blog.espol.edu.ec\/davidrobles\/wp-json\/wp\/v2\/users\/10555"}],"replies":[{"embeddable":true,"href":"https:\/\/blog.espol.edu.ec\/davidrobles\/wp-json\/wp\/v2\/comments?post=43"}],"version-history":[{"count":2,"href":"https:\/\/blog.espol.edu.ec\/davidrobles\/wp-json\/wp\/v2\/pages\/43\/revisions"}],"predecessor-version":[{"id":50,"href":"https:\/\/blog.espol.edu.ec\/davidrobles\/wp-json\/wp\/v2\/pages\/43\/revisions\/50"}],"wp:attachment":[{"href":"https:\/\/blog.espol.edu.ec\/davidrobles\/wp-json\/wp\/v2\/media?parent=43"}],"curies":[{"name":"wp","href":"https:\/\/api.w.org\/{rel}","templated":true}]}}

<style type="text/css">
			#gallery-1 {
				margin: auto;
			}
			#gallery-1 .gallery-item {
				float: left;
				margin-top: 10px;
				text-align: center;
				width: 33%;
			}
			#gallery-1 img {
				border: 2px solid #cfcfcf;
			}
			#gallery-1 .gallery-caption {
				margin-left: 0;
			}
			/* see gallery_shortcode() in wp-includes/media.php */
		</style>
		<div id='gallery-1' class='gallery galleryid-43 gallery-columns-3 gallery-size-thumbnail'><dl class='gallery-item'>
			<dt class='gallery-icon landscape'>
				<a href='https://blog.espol.edu.ec/davidrobles/conor-mcgregor-firma-contrato-con-reebok/cm/'><img loading="lazy" decoding="async" width="141" height="141" src="https://blog.espol.edu.ec/davidrobles/files/2016/10/cm-150x150.jpg" class="attachment-thumbnail size-thumbnail" alt="" /></a>
			</dt></dl><dl class='gallery-item'>
			<dt class='gallery-icon portrait'>
				<a href='https://blog.espol.edu.ec/davidrobles/conor-mcgregor-firma-contrato-con-reebok/cm1/'><img loading="lazy" decoding="async" width="141" height="141" src="https://blog.espol.edu.ec/davidrobles/files/2016/10/cm1-150x150.jpg" class="attachment-thumbnail size-thumbnail" alt="" /></a>
			</dt></dl><dl class='gallery-item'>
			<dt class='gallery-icon landscape'>
				<a href='https://blog.espol.edu.ec/davidrobles/conor-mcgregor-firma-contrato-con-reebok/cm2/'><img loading="lazy" decoding="async" width="141" height="141" src="https://blog.espol.edu.ec/davidrobles/files/2016/10/cm2-150x150.jpg" class="attachment-thumbnail size-thumbnail" alt="" /></a>
			</dt></dl><br style="clear: both" /><dl class='gallery-item'>
			<dt class='gallery-icon portrait'>
				<a href='https://blog.espol.edu.ec/davidrobles/conor-mcgregor-firma-contrato-con-reebok/cm3/'><img loading="lazy" decoding="async" width="141" height="141" src="https://blog.espol.edu.ec/davidrobles/files/2016/10/cm3-150x150.jpg" class="attachment-thumbnail size-thumbnail" alt="" /></a>
			</dt></dl>
			<br style='clear: both' />
		</div>

<p>&nbsp;</p>
<p>El pasado Miércoles la estrella en ascenso<span class="apple-converted-space"> </span>Conor McGregor<strong>,</strong><span class="apple-converted-space"> </span>utilizó su cuenta de twitter para anunciar que había firmado con una de las marcas más importantes en el ámbito deportivo como lo es<span class="apple-converted-space"> </span>Reebok, esto fue lo que escribió el Irlandés:</p>
<blockquote><p>“FELICITACIONES A @REEBOK POR ATRAPAR A LA FIRMA MÁS GRANDE DE ESTE DEPORTE”</p></blockquote>
<p>Adicional a esto, en el segundo episodio de UFC Embedded en promoción del UFC Fight Ngiht 59,<span class="apple-converted-space"> </span>Conor McGregor<span class="apple-converted-space"> </span>hizo una sesión de entrenamiento al público donde portó la vestimenta de<span class="apple-converted-space"> </span>Reebok<span class="apple-converted-space"> </span>y finalizando sus entrenamientos esto fue lo que comento:</p>
<blockquote><p>“¿PUEDES OLER ESE DINERO? ME HE ASOCIADO CON REEBOK. ESTE ES UN GRAN PASO PARA MI CARRERA Y ESTOY HONRADO DE ESTAR CON ESTA MARCA. ESTOY HONRADO DE SER UNO DE LOS ATLETAS QUE REEBOK HA DESEADO APOYAR. PROBARE ESO AL DESEMPEÑARME DE MANERA FENOMENAL.”</p></blockquote>
<p>Sin duda la fama y la carrera del Irlandés cada día crece más, esto sin mencionar que si gana su próximo enfrentamiento del domingo contra<span class="apple-converted-space"> </span>Dennis Siver, recibirá su oportunidad de pelear por el título y las ganancias que esto le generará a<span class="apple-converted-space"> </span>McGregor<span class="apple-converted-space"> </span>sin duda son de pensar.</p>
<p>&nbsp;</p>

<p>&nbsp; El pasado Miércoles la estrella en ascenso Conor McGregor, utilizó su cuenta de twitter para anunciar que había firmado con una de las marcas más importantes en el ámbito deportivo como lo es Reebok, esto fue lo que escribió el Irlandés: “FELICITACIONES A @REEBOK POR ATRAPAR A LA FIRMA MÁS GRANDE DE ESTE DEPORTE” Adicional a esto, &hellip; </p>
<p><a class="more-link btn" href="https://blog.espol.edu.ec/davidrobles/conor-mcgregor-firma-contrato-con-reebok/">Seguir leyendo</a></p>
