{"id":148,"date":"2012-07-09T20:07:39","date_gmt":"2012-07-09T20:07:39","guid":{"rendered":"http:\/\/blog.espol.edu.ec\/dborella\/?page_id=148"},"modified":"2012-07-09T20:07:39","modified_gmt":"2012-07-09T20:07:39","slug":"hipertension-diabetes-y-obesidad-aumentan-el-riesgo-de-enfermedad-cardiovascular","status":"publish","type":"page","link":"https:\/\/blog.espol.edu.ec\/dborella\/hipertension-diabetes-y-obesidad-aumentan-el-riesgo-de-enfermedad-cardiovascular\/","title":{"rendered":"Hipertensi\u00f3n, Diab\u00e9tes y Obesidad \u00bfAumentan el riesgo de enfermedad cardiovascular?"},"content":{"rendered":"<p><img loading=\"lazy\" decoding=\"async\" src=\"http:\/\/plenilunia.com\/wp-content\/uploads\/2012\/05\/coraz%C3%B3n.jpg\" alt=\"\" width=\"174\" height=\"119\" \/><\/p>\n<p>\u25a0La tensi\u00f3n arterial elevada y la diabetes mellitus un importante factor de riesgo cardiovascular. En pacientes con tensi\u00f3n arterial alta (mayor de 140\/90 mmHg en la poblaci\u00f3n general, mayor de 130\/85 en diab\u00e9ticos) se recomienda moderaci\u00f3n en el consumo de sal en las comidas (no m\u00e1s de 3 gramos al d\u00eda), y en individuos obesos restricci\u00f3n cal\u00f3rica y ejercicio regular.<br \/>\n\u25a0La diabetes mellitus duplica el riesgo de eventos cardiovasculares. El tratamiento nutricional es una parte esencial del manejo de la enfermedad. Un adecuado control gluc\u00e9mico disminuye el riesgo cardiovascular.<br \/>\n\u25a0Existe controversia sobre si la obesidad debe considerarse un factor de riesgo independiente. Lo que es claro es su relaci\u00f3n con la Enfermedad cardiovascular por la coexistencia con otros factores de riesgo, particularmente dislipemia, hipertensi\u00f3n y diabetes. En obesos una p\u00e9rdida de peso discreta en torno al 10% se ha demostrado que disminuye el riesgo de Enfermedad cardiovascular.<\/p>\n","protected":false},"excerpt":{"rendered":"<p>\u25a0La tensi\u00f3n arterial elevada y la diabetes mellitus un importante factor de riesgo cardiovascular. En pacientes con tensi\u00f3n arterial alta (mayor de 140\/90 mmHg en la poblaci\u00f3n general, mayor de 130\/85 en diab\u00e9ticos) se recomienda moderaci\u00f3n en el consumo de sal en las comidas (no m\u00e1s de 3 gramos al d\u00eda), y en individuos obesos [&hellip;]<\/p>\n","protected":false},"author":7573,"featured_media":0,"parent":0,"menu_order":0,"comment_status":"open","ping_status":"open","template":"","meta":{"footnotes":""},"class_list":["post-148","page","type-page","status-publish","hentry"],"_links":{"self":[{"href":"https:\/\/blog.espol.edu.ec\/dborella\/wp-json\/wp\/v2\/pages\/148","targetHints":{"allow":["GET"]}}],"collection":[{"href":"https:\/\/blog.espol.edu.ec\/dborella\/wp-json\/wp\/v2\/pages"}],"about":[{"href":"https:\/\/blog.espol.edu.ec\/dborella\/wp-json\/wp\/v2\/types\/page"}],"author":[{"embeddable":true,"href":"https:\/\/blog.espol.edu.ec\/dborella\/wp-json\/wp\/v2\/users\/7573"}],"replies":[{"embeddable":true,"href":"https:\/\/blog.espol.edu.ec\/dborella\/wp-json\/wp\/v2\/comments?post=148"}],"version-history":[{"count":1,"href":"https:\/\/blog.espol.edu.ec\/dborella\/wp-json\/wp\/v2\/pages\/148\/revisions"}],"predecessor-version":[{"id":149,"href":"https:\/\/blog.espol.edu.ec\/dborella\/wp-json\/wp\/v2\/pages\/148\/revisions\/149"}],"wp:attachment":[{"href":"https:\/\/blog.espol.edu.ec\/dborella\/wp-json\/wp\/v2\/media?parent=148"}],"curies":[{"name":"wp","href":"https:\/\/api.w.org\/{rel}","templated":true}]}}