{"id":40,"date":"2014-11-09T22:25:54","date_gmt":"2014-11-09T22:25:54","guid":{"rendered":"http:\/\/blog.espol.edu.ec\/dbustos\/?page_id=40"},"modified":"2014-11-11T03:05:09","modified_gmt":"2014-11-11T03:05:09","slug":"xbox-360","status":"publish","type":"page","link":"https:\/\/blog.espol.edu.ec\/dbustos\/xbox-360\/","title":{"rendered":"Xbox 360"},"content":{"rendered":"<p>Xbox 360 te aportan una experiencia de juego y entretenimiento total. La mayor biblioteca de juegos, incluidos t\u00edtulos que te meten hasta las trancas en Kinect. Adem\u00e1s, toda la familia puede ver pelis en HD, series, acontecimientos en directo, m\u00fasica, deportes y m\u00e1s\u2026 y en todos los dispositivos. Xbox 360 es el centro de tu universo de juegos y entretenimiento. Descubre una amplia gama de los mejores juegos para todos los gustos; adem\u00e1s con Kinect y tu mando no hay l\u00edmite para las formas en las que puedes jugar.<br \/>\nM\u00e1s info <a href=\"http:\/\/www.xbox.com\/es-ES\/xbox-360\/why-xbox-360\" target=\"_blank\">aqu\u00ed<\/a>.<\/p>\n<div id=\"attachment_127\" style=\"width: 310px\" class=\"wp-caption alignnone\"><a href=\"http:\/\/blog.espol.edu.ec\/dbustos\/files\/2014\/11\/abandonar-Xbox-One-360.jpg\"><img loading=\"lazy\" decoding=\"async\" aria-describedby=\"caption-attachment-127\" src=\"http:\/\/blog.espol.edu.ec\/dbustos\/files\/2014\/11\/abandonar-Xbox-One-360-300x225.jpg\" alt=\"Xbox 360 Slim\" width=\"300\" height=\"225\" class=\"size-medium wp-image-127\" srcset=\"https:\/\/blog.espol.edu.ec\/dbustos\/files\/2014\/11\/abandonar-Xbox-One-360-300x225.jpg 300w, https:\/\/blog.espol.edu.ec\/dbustos\/files\/2014\/11\/abandonar-Xbox-One-360.jpg 556w\" sizes=\"auto, (max-width: 300px) 100vw, 300px\" \/><\/a><p id=\"caption-attachment-127\" class=\"wp-caption-text\">Xbox 360 Slim<\/p><\/div>\n","protected":false},"excerpt":{"rendered":"<p>Xbox 360 te aportan una experiencia de juego y entretenimiento total. La mayor biblioteca de juegos, incluidos t\u00edtulos que te meten hasta las trancas en Kinect. Adem\u00e1s, toda la familia puede ver pelis en HD, series, acontecimientos en directo, m\u00fasica, deportes y m\u00e1s\u2026 y en todos los dispositivos. Xbox 360 es el centro de tu [&hellip;]<\/p>\n","protected":false},"author":9417,"featured_media":0,"parent":0,"menu_order":0,"comment_status":"open","ping_status":"open","template":"","meta":{"footnotes":""},"class_list":["post-40","page","type-page","status-publish","hentry"],"_links":{"self":[{"href":"https:\/\/blog.espol.edu.ec\/dbustos\/wp-json\/wp\/v2\/pages\/40","targetHints":{"allow":["GET"]}}],"collection":[{"href":"https:\/\/blog.espol.edu.ec\/dbustos\/wp-json\/wp\/v2\/pages"}],"about":[{"href":"https:\/\/blog.espol.edu.ec\/dbustos\/wp-json\/wp\/v2\/types\/page"}],"author":[{"embeddable":true,"href":"https:\/\/blog.espol.edu.ec\/dbustos\/wp-json\/wp\/v2\/users\/9417"}],"replies":[{"embeddable":true,"href":"https:\/\/blog.espol.edu.ec\/dbustos\/wp-json\/wp\/v2\/comments?post=40"}],"version-history":[{"count":3,"href":"https:\/\/blog.espol.edu.ec\/dbustos\/wp-json\/wp\/v2\/pages\/40\/revisions"}],"predecessor-version":[{"id":128,"href":"https:\/\/blog.espol.edu.ec\/dbustos\/wp-json\/wp\/v2\/pages\/40\/revisions\/128"}],"wp:attachment":[{"href":"https:\/\/blog.espol.edu.ec\/dbustos\/wp-json\/wp\/v2\/media?parent=40"}],"curies":[{"name":"wp","href":"https:\/\/api.w.org\/{rel}","templated":true}]}}