{"id":2,"date":"2014-05-22T12:59:38","date_gmt":"2014-05-22T12:59:38","guid":{"rendered":"http:\/\/blog.espol.edu.ec\/dcaiza\/?page_id=2"},"modified":"2014-06-10T15:35:13","modified_gmt":"2014-06-10T15:35:13","slug":"pagina-ejemplo","status":"publish","type":"page","link":"https:\/\/blog.espol.edu.ec\/dcaiza\/pagina-ejemplo\/","title":{"rendered":"Qu\u00e9 es el Crossfit ?"},"content":{"rendered":"<p><span style=\"color: #252525\">El\u00a0<\/span><b style=\"color: #252525\">CrossFit<\/b><span style=\"color: #252525\">\u00a0es un tipo de entrenamiento de ejercicios funcionales, constantemente variados, ejecutados a alta intensidad. El tambi\u00e9n denominado\u00a0<\/span><b style=\"color: #252525\">cross-fitness<\/b><span style=\"color: #252525\">\u00a0es un programa de fuerza y acondicionamiento f\u00edsico total, que se basa en el incremento de las diez capacidades f\u00edsicas m\u00e1s reconocidas por los especialistas en el\u00a0entrenamiento deportivo<\/span><span style=\"color: #252525\">\u00a0con pesas. Durante la ejercitaci\u00f3n se busca desarrollar la fuerza y el tono muscular e incrementar la funcionalidad de los m\u00fasculos para repetir los movimientos en distintas situaciones de la vida real.<\/span><\/p>\n<p><a href=\"http:\/\/blog.espol.edu.ec\/dcaiza\/files\/2014\/05\/20140409_092020.jpg\"><img loading=\"lazy\" decoding=\"async\" class=\"aligncenter wp-image-35 \" src=\"http:\/\/blog.espol.edu.ec\/dcaiza\/files\/2014\/05\/20140409_092020-300x168.jpg\" alt=\"20140409_092020\" width=\"361\" height=\"202\" srcset=\"https:\/\/blog.espol.edu.ec\/dcaiza\/files\/2014\/05\/20140409_092020-300x168.jpg 300w, https:\/\/blog.espol.edu.ec\/dcaiza\/files\/2014\/05\/20140409_092020-1024x576.jpg 1024w\" sizes=\"auto, (max-width: 361px) 100vw, 361px\" \/><\/a><img loading=\"lazy\" decoding=\"async\" class=\"aligncenter wp-image-13 size-medium\" src=\"http:\/\/blog.espol.edu.ec\/dcaiza\/files\/2014\/05\/1528491_732508356768760_483716382_n-168x300.jpg\" alt=\"1528491_732508356768760_483716382_n\" width=\"168\" height=\"300\" srcset=\"https:\/\/blog.espol.edu.ec\/dcaiza\/files\/2014\/05\/1528491_732508356768760_483716382_n-168x300.jpg 168w, https:\/\/blog.espol.edu.ec\/dcaiza\/files\/2014\/05\/1528491_732508356768760_483716382_n.jpg 540w\" sizes=\"auto, (max-width: 168px) 100vw, 168px\" \/><\/p>\n<p>&nbsp;<\/p>\n<p><em><strong>RESE\u00d1A<br \/>\n<\/strong><\/em> Y De donde naci\u00f3 este deporte, pues bien; el creador de este gran deporte es un estadounidense - de aqu\u00ed el porque la mayor\u00eda de los ejercicios tienen sus nombres en ingles- <a title=\"Creador Crossfit\" href=\"http:\/\/www.crossfitvirtuosity.com\/assets\/glassman_factsheet.pdf\">Gregg Glasman<\/a>, Greeg empezo a usar una rutina de acondicionamiento para entrenar a policias, luego lo empezaron a usar tambien marines; como les dio muy buen resultado ahora este deporte se esta masificando y se practica en varios paises del mundo, uno de ellos Ecuador<\/p>\n<p>Implementos a utilizar<br \/>\nEn Crossfit no se usan maquinas para fuerza, mas se trabaja con el peso corporal de uno.<br \/>\nLos implementos a usarse en este deporte son los siguentes:<\/p>\n<p><a title=\"Barra olimpica\" href=\"http:\/\/http:\/\/es.wikipedia.org\/wiki\/Barra_(pesas)\" target=\"_blank\"><em><strong>Barras<\/strong><\/em><\/a> (45-35-25 lbs)<\/p>\n<p><img loading=\"lazy\" decoding=\"async\" src=\"http:\/\/mlm-s2-p.mlstatic.com\/set-olimpico-barra-olimpica-con-8-discos-olimpicos-130-lbs-3180-MLM4032324777_032013-F.jpg\" alt=\"\" width=\"347\" height=\"379\" \/><\/p>\n<p><em><strong>Bumper o discos<\/strong><\/em><br \/>\nSe suelen utilizar discos de gomas ya que como se haran varias repeticiones si se nos resbala, los soltamos o se nos caen no pasara nada<\/p>\n<p><img loading=\"lazy\" decoding=\"async\" src=\"http:\/\/ossfitness.com\/wp-content\/uploads\/2014\/02\/AFW-Disco-lateral-Crossfit-2.jpg\" alt=\"\" width=\"274\" height=\"235\" \/><\/p>\n<p><em><strong>Cajas\/ cajones para saltar<\/strong><\/em> (Varia su altura dependiendo del nivel del <em><a title=\"Persona que hace crossfit\" href=\"es.urbandictionary.com\/define.php?term=Crossfitter\" target=\"_blank\">Crossfiter<\/a>)<\/em><\/p>\n<p><img decoding=\"async\" src=\"http:\/\/www.shapefit.com\/photos\/plyometrics-box-jumps-sports.jpg\" alt=\"\" \/><\/p>\n<p><a title=\"Pesa Rusa\/ Kettlebell\" href=\"http:\/\/es.wikipedia.org\/wiki\/Pesa_rusa\"><em><strong>Kettlebell o pesa<\/strong><\/em><\/a><strong><a title=\"Pesa Rusa\/ Kettlebell\" href=\"http:\/\/es.wikipedia.org\/wiki\/Pesa_rusa\"> rusa<\/a><br \/>\n<\/strong><\/p>\n<p>El Kettlebell es un implemento deportivo el cual como podemos ver consta de una pesa semiredonda con oreja. Este instrumento es muy bien utilizados para los<a title=\"Balanceos\" href=\"http:\/\/www.lagranepoca.com\/articles\/2010\/01\/09\/4058.html\" target=\"_blank\"> swings <\/a>o balanceos que son de gran ayuda para \"rayar\" el cuerpo.<br \/>\n<iframe loading=\"lazy\" src=\"\/\/www.youtube.com\/embed\/Y9RWKmOHLjs\" width=\"560\" height=\"315\" frameborder=\"0\" allowfullscreen=\"allowfullscreen\"><\/iframe><br \/>\n<img loading=\"lazy\" decoding=\"async\" src=\"http:\/\/upload.wikimedia.org\/wikipedia\/commons\/thumb\/8\/87\/Kettlebell_truebalance_romeike.jpg\/800px-Kettlebell_truebalance_romeike.jpg\" alt=\"\" width=\"312\" height=\"234\" \/><\/p>\n<hr \/>\n<hr \/>\n<hr \/>\n<hr \/>\n<hr \/>\n<hr \/>\n<p>&nbsp;<\/p>\n<h1>Movimientos Gymnasticos<\/h1>\n<p><em><strong>\u00a0Cuerdas de alta velocidad<\/strong><\/em><\/p>\n<p>Estas cuerdas sirven para realizar los saltos dobles que consiste en hacer pasar la cuerda dos veces debajo de nuestros pies en un solo brinco<br \/>\n<img decoding=\"async\" src=\"http:\/\/www.strongstore.cl\/wp-content\/uploads\/2012\/11\/Producto-11-310x310.jpg\" alt=\"\" \/><em><strong><br \/>\n<\/strong><\/em><br \/>\n<iframe loading=\"lazy\" src=\"\/\/www.youtube.com\/embed\/h7XjUbUpeHE\" width=\"560\" height=\"315\" frameborder=\"0\" allowfullscreen=\"allowfullscreen\"><\/iframe><\/p>\n<h1><\/h1>\n<p><strong><em>Bar muscle<\/em><\/strong><br \/>\nConsiste en hacer un fondo trepandose a la barra desde el piso<\/p>\n<p><iframe loading=\"lazy\" src=\"\/\/www.youtube.com\/embed\/zX4-RoX-apE\" width=\"420\" height=\"315\" frameborder=\"0\" allowfullscreen=\"allowfullscreen\"><\/iframe><\/p>\n<p><strong><em>Muscle Up<\/em><\/strong><\/p>\n<p>Este movimiento es muy utilizado en la gymnasia consiste en treparse a las<a title=\"Anillas\" href=\"http:\/\/es.wikipedia.org\/wiki\/Anillas\" target=\"_blank\"> anillas<\/a> y realizar un fondo cuando se esta sostenida por ellas<br \/>\n<iframe loading=\"lazy\" src=\"\/\/www.youtube.com\/embed\/KD-jGoqn_Gg\" width=\"560\" height=\"315\" frameborder=\"0\" allowfullscreen=\"allowfullscreen\"><\/iframe><\/p>\n<h1><\/h1>\n","protected":false},"excerpt":{"rendered":"<p>El\u00a0CrossFit\u00a0es un tipo de entrenamiento de ejercicios funcionales, constantemente variados, ejecutados a alta intensidad. El tambi\u00e9n denominado\u00a0cross-fitness\u00a0es un programa de fuerza y acondicionamiento f\u00edsico total, que se basa en el incremento de las diez capacidades f\u00edsicas m\u00e1s reconocidas por los especialistas en el\u00a0entrenamiento deportivo\u00a0con pesas. Durante la ejercitaci\u00f3n se busca desarrollar la fuerza y el [&hellip;]<\/p>\n","protected":false},"author":9080,"featured_media":0,"parent":0,"menu_order":0,"comment_status":"open","ping_status":"open","template":"","meta":{"footnotes":""},"class_list":["post-2","page","type-page","status-publish","hentry"],"_links":{"self":[{"href":"https:\/\/blog.espol.edu.ec\/dcaiza\/wp-json\/wp\/v2\/pages\/2","targetHints":{"allow":["GET"]}}],"collection":[{"href":"https:\/\/blog.espol.edu.ec\/dcaiza\/wp-json\/wp\/v2\/pages"}],"about":[{"href":"https:\/\/blog.espol.edu.ec\/dcaiza\/wp-json\/wp\/v2\/types\/page"}],"author":[{"embeddable":true,"href":"https:\/\/blog.espol.edu.ec\/dcaiza\/wp-json\/wp\/v2\/users\/9080"}],"replies":[{"embeddable":true,"href":"https:\/\/blog.espol.edu.ec\/dcaiza\/wp-json\/wp\/v2\/comments?post=2"}],"version-history":[{"count":16,"href":"https:\/\/blog.espol.edu.ec\/dcaiza\/wp-json\/wp\/v2\/pages\/2\/revisions"}],"predecessor-version":[{"id":48,"href":"https:\/\/blog.espol.edu.ec\/dcaiza\/wp-json\/wp\/v2\/pages\/2\/revisions\/48"}],"wp:attachment":[{"href":"https:\/\/blog.espol.edu.ec\/dcaiza\/wp-json\/wp\/v2\/media?parent=2"}],"curies":[{"name":"wp","href":"https:\/\/api.w.org\/{rel}","templated":true}]}}