{"id":6,"date":"2014-05-22T13:37:58","date_gmt":"2014-05-22T13:37:58","guid":{"rendered":"http:\/\/blog.espol.edu.ec\/dcalero\/?page_id=6"},"modified":"2014-05-28T22:59:28","modified_gmt":"2014-05-28T22:59:28","slug":"mi-primera-pagina","status":"publish","type":"page","link":"https:\/\/blog.espol.edu.ec\/dcalero\/mi-primera-pagina\/","title":{"rendered":"GRUPOS K-POP"},"content":{"rendered":"<p><a href=\"http:\/\/es.drama.wikia.com\/wiki\/SS501\" target=\"_blank\">SS501<\/a><br \/>\n(Pronunciado Double-S 501 \u00f3 DeobeulEseu O Gong Il) El nombre de la banda es una combinaci\u00f3n del alfabeto y n\u00fameros que tienen un significado especial en ellos. La primera \"S\" es por \"Super\", la segunda \"S\" una abreviaci\u00f3n para \"Star\". Los n\u00fameros 5,0 y 1 significan \"cinco miembros unidos como uno para siempre\".<br \/>\n\u2022 N\u00fam. de miembros: 5 chicos.<br \/>\n\u2022 Pa\u00eds de origen: Corea del Sur.<br \/>\n\u2022 Debut: 08 de Junio del 2005.<br \/>\n\u2022 Color oficial: Verde Perlado.<br \/>\n\u2022 Fanclub: Triple S.<\/p>\n<p>INTEGRANTES:<br \/>\n<a href=\"http:\/\/blog.espol.edu.ec\/dcalero\/files\/2014\/05\/SS501.jpg\"><img loading=\"lazy\" decoding=\"async\" class=\"aligncenter wp-image-24\" src=\"http:\/\/blog.espol.edu.ec\/dcalero\/files\/2014\/05\/SS501-300x200.jpg\" alt=\"SS501\" width=\"405\" height=\"270\" srcset=\"https:\/\/blog.espol.edu.ec\/dcalero\/files\/2014\/05\/SS501-300x200.jpg 300w, https:\/\/blog.espol.edu.ec\/dcalero\/files\/2014\/05\/SS501-1024x682.jpg 1024w, https:\/\/blog.espol.edu.ec\/dcalero\/files\/2014\/05\/SS501.jpg 1680w\" sizes=\"auto, (max-width: 405px) 100vw, 405px\" \/><\/a><br \/>\n\uf05b Kim Hyun Joong (L\u00edder,Vocalista,Rapero y Bailar\u00edn)<br \/>\n\uf05b Heo Young Saeng (Vocalista Principal y Bailar\u00edn)<br \/>\n\uf05b Kim Kyu Joong (Vocalista, Rapero y Bailar\u00edn)<br \/>\n\uf05b Park Jung Min (Vocalista y Bailar\u00edn)<br \/>\n\uf05b Kim Hyung Joon (Maknae, Vocalista, Rapero y Bailar\u00edn)<\/p>\n<p>&nbsp;<\/p>\n<p><a title=\"Girls` Generation\" href=\"http:\/\/es.drama.wikia.com\/wiki\/Girls%27_Generation\" target=\"_blank\">GIRLS` GENERATION<\/a><\/p>\n<p>\uf0fc N\u00famero de Integrantes: 9 chicas<br \/>\n\uf0fc Debut: 5 de agosto de 2007.<br \/>\n\uf0fc Fan Club oficial: S\u2665NE\/SONE (\uc18c\uc6d0). Se pronuncia \"So one\" o \"Sowon\" y significa \"Deseo\" en coreano.<br \/>\n\uf0fc Color oficial: Rosa Pastel.<br \/>\n\uf0fc Agencia: SM Entertainment (Corea del Sur)<\/p>\n<p>Debut<br \/>\nEl 19 de julio de 2007, Girls' Generation tuvo su primera presentaci\u00f3n en el M! Countdown de la Mnet, con la canci\u00f3n \"Into The New World\". Su primer single sali\u00f3 a la venta el 2 de agosto e inclu\u00eda otras dos canciones: \"Beginning\" y \"Perfect For You\", junto con la versi\u00f3n instrumental de la canci\u00f3n \"Into The New World\" como Bonus Track.<br \/>\nEl grupo gan\u00f3 atenci\u00f3n al principio de su carrera por canciones como \"Into the New World\" y \"Kissing You\", pero no fue hasta el 2009 que ganaron gran popularidad con su sencillo \"Gee\", que ser\u00eda nombrada como \"Canci\u00f3n de la D\u00e9cada\" en Corea.<\/p>\n<p>Integrantes<br \/>\n<a href=\"http:\/\/blog.espol.edu.ec\/dcalero\/files\/2014\/05\/Girls-Generation.jpg\"><img loading=\"lazy\" decoding=\"async\" class=\"aligncenter wp-image-25\" src=\"http:\/\/blog.espol.edu.ec\/dcalero\/files\/2014\/05\/Girls-Generation-300x146.jpg\" alt=\"Girls` Generation\" width=\"425\" height=\"207\" srcset=\"https:\/\/blog.espol.edu.ec\/dcalero\/files\/2014\/05\/Girls-Generation-300x146.jpg 300w, https:\/\/blog.espol.edu.ec\/dcalero\/files\/2014\/05\/Girls-Generation.jpg 652w\" sizes=\"auto, (max-width: 425px) 100vw, 425px\" \/><\/a><\/p>\n<p>\uf076 TaeYeon (L\u00edder, Vocalista y Bailarina)<br \/>\n\uf076 Jessica (Vocalista y Bailarina)<br \/>\n\uf076 Sunny (Vocalista y Bailarina)<br \/>\n\uf076 Tiffany (Vocalista, Rapera y Bailarina)<br \/>\n\uf076 HyoYeon (Vocalista, Rapera y Bailarina)<br \/>\n\uf076 Yuri (Vocalista, Rapera y Bailarina)<br \/>\n\uf076 SooYoung (Vocalista, Rapera y Bailarina)<br \/>\n\uf076 YoonA (Vocalista, Rapera y Bailarina)<br \/>\n\uf076 SeoHyun (Maknae, Vocalista y Bailarina)<\/p>\n<p><a href=\"http:\/\/es.drama.wikia.com\/wiki\/SHINee\" target=\"_blank\">SHINee<\/a><br \/>\nSHINee (\uc0e4\uc774\ub2c8) (Pronunciaci\u00f3n: \"Shainy\"). Significa \u201cPersonas que reciben y emiten luz\u201d (Es decir, que brillan por si solos) Es la palabra SHINE (Brillante) con dos \u201cE\u201d al final para dar este significado de personas que reciben y emanan luz.<br \/>\n\uf053 N\u00famero de Miembros: 5 chicos.<br \/>\n\uf053 Debut: 25 de mayo del 2008.<br \/>\n\uf053 Color Oficial: Azul Verdoso Perlado<br \/>\n\uf053 Nombre Fanclub Oficial: \"Shawol\" (SHINee World).<\/p>\n<p>Integrantes<br \/>\n<a href=\"http:\/\/blog.espol.edu.ec\/dcalero\/files\/2014\/05\/Shinee.jpg\"><img loading=\"lazy\" decoding=\"async\" class=\"aligncenter wp-image-26\" src=\"http:\/\/blog.espol.edu.ec\/dcalero\/files\/2014\/05\/Shinee-300x208.jpg\" alt=\"Shinee\" width=\"425\" height=\"295\" srcset=\"https:\/\/blog.espol.edu.ec\/dcalero\/files\/2014\/05\/Shinee-300x208.jpg 300w, https:\/\/blog.espol.edu.ec\/dcalero\/files\/2014\/05\/Shinee.jpg 600w\" sizes=\"auto, (max-width: 425px) 100vw, 425px\" \/><\/a><\/p>\n<p>\uf0b5 Onew (L\u00edder, Vocalista y Bailar\u00edn)<br \/>\n\uf0b5 Jonghyun (Vocalista y Bailar\u00edn)<br \/>\n\uf0b5 Key (Vocalista, Rapero y Bailar\u00edn)<br \/>\n\uf0b5 Minho (Rapero, Vocalista y Bailar\u00edn)<br \/>\n\uf0b5 Taemin (Maknae, Vocalista y Bailar\u00edn)<\/p>\n<p>Curiosidades<br \/>\nHa sido el \u00fanico grupo coreano en presentarse en los estudios de grabaci\u00f3n \"Abbey Road Studio\" de Inglaterra. (De algunos artistas que han actuado ah\u00ed se incluye a Pink Floyd, The Beatles, Stevie Wonder, Coldplay, Adele, U2, Red Hot Chili Peppers, Queen, Michael Jackson entre muchos otros).<br \/>\nSHINee bati\u00f3 record en la lista de m\u00fasica de Oricon de Jap\u00f3n, por ser la primera vez en 44 a\u00f1os de la Oricon, en que un artista extranjero (solista incluido) lanzara tres singles diferentes, y los tres se clasificaran en el Top 3. Las canciones Hit son \"Replay\", \"Juliette\" y posteriormente \"Lucifer\".<br \/>\nJonghyun en todos los SHINee World Concert (SWC) ha interpretado la canci\u00f3n de Alejandro Sanz \"Y Si Fuera Ella\" (incluida en el \u00e1lbum \"SHINee World\") version\u00e1ndola al idioma coreano.<br \/>\nEn la canci\u00f3n \"Se\u00f1orita\" (del mini \u00e1lbum 'ROMEO') dicen palabras en espa\u00f1ol.<\/p>\n<p><a href=\"http:\/\/es.drama.wikia.com\/wiki\/2NE1\" target=\"_blank\">2NE1<\/a><\/p>\n<p>2NE1 (\ud22c\uc560\ub2c8\uc6d0). Pronunciado: \"To anyone\" o \"Twenty one\".<br \/>\n\u00bfPor qu\u00e9 2NE1?: YG Entertainment inicialmente nombr\u00f3 al grupo \"21\", con el prop\u00f3sito de mostrar la imagen \u201cjoven y fresca\u201d de esa edad sin embargo, tras descubrir que un cantante ya ten\u00eda ese nombre, lo cambiaron a \u201c2NE1\u201d. \"NE\" proviene de New Evolution, por lo que su nombre significa: La Nueva Evoluci\u00f3n del Siglo 21.<br \/>\nN\u00famero de miembros: 4 chicas.<br \/>\nDebut: 17 de mayo de 2009.<br \/>\nColor oficial: Rosa, Fucsia y Blanco.<br \/>\nFanclub oficial: Blackjack.<br \/>\nAgencia: YG Entertainment (Corea)<\/p>\n<p>Pre-Debut<br \/>\nCuando el grupo fue anunciado, \u00e9ste iba a tener s\u00f3lo tres miembros (Bom, CL y Minzy), pero en enero de 2009 el presidente de YG Entertainment, Yang Hyun Suk, anunci\u00f3 que Sandara Park (Dara), tambi\u00e9n formar\u00eda parte del grupo. Llegados a ese punto el p\u00fablico empez\u00f3 a especular que habr\u00eda otro miembro m\u00e1s, para ser algo as\u00ed como un \"BIGBANG femenino\", sin embargo YG Entertainment anunci\u00f3 que \u00e9ste se quedar\u00eda como un grupo de cuatro miembros.<\/p>\n<p>INTEGRANTES<\/p>\n<p><a href=\"http:\/\/blog.espol.edu.ec\/dcalero\/files\/2014\/05\/2ne1.jpg\"><img loading=\"lazy\" decoding=\"async\" class=\"aligncenter wp-image-27\" src=\"http:\/\/blog.espol.edu.ec\/dcalero\/files\/2014\/05\/2ne1-300x168.jpg\" alt=\"2ne1\" width=\"425\" height=\"239\" srcset=\"https:\/\/blog.espol.edu.ec\/dcalero\/files\/2014\/05\/2ne1-300x168.jpg 300w, https:\/\/blog.espol.edu.ec\/dcalero\/files\/2014\/05\/2ne1-1024x576.jpg 1024w, https:\/\/blog.espol.edu.ec\/dcalero\/files\/2014\/05\/2ne1.jpg 1920w\" sizes=\"auto, (max-width: 425px) 100vw, 425px\" \/><\/a><br \/>\n\uf0a7 Bom (Vocalista y Bailarina)<br \/>\n\uf0a7 Dara (Vocalista, Rapera y Bailarina)<br \/>\n\uf0a7 CL (L\u00edder, Rapera, Vocalista y Bailarina)<br \/>\n\uf0a7 Minzy (Rapera, Vocalista, Bailarina y Maknae)<\/p>\n","protected":false},"excerpt":{"rendered":"<p>SS501 (Pronunciado Double-S 501 \u00f3 DeobeulEseu O Gong Il) El nombre de la banda es una combinaci\u00f3n del alfabeto y n\u00fameros que tienen un significado especial en ellos. La primera \"S\" es por \"Super\", la segunda \"S\" una abreviaci\u00f3n para \"Star\". Los n\u00fameros 5,0 y 1 significan \"cinco miembros unidos como uno para siempre\". \u2022 [&hellip;]<\/p>\n","protected":false},"author":9082,"featured_media":0,"parent":0,"menu_order":0,"comment_status":"open","ping_status":"open","template":"","meta":{"footnotes":""},"class_list":["post-6","page","type-page","status-publish","hentry"],"_links":{"self":[{"href":"https:\/\/blog.espol.edu.ec\/dcalero\/wp-json\/wp\/v2\/pages\/6","targetHints":{"allow":["GET"]}}],"collection":[{"href":"https:\/\/blog.espol.edu.ec\/dcalero\/wp-json\/wp\/v2\/pages"}],"about":[{"href":"https:\/\/blog.espol.edu.ec\/dcalero\/wp-json\/wp\/v2\/types\/page"}],"author":[{"embeddable":true,"href":"https:\/\/blog.espol.edu.ec\/dcalero\/wp-json\/wp\/v2\/users\/9082"}],"replies":[{"embeddable":true,"href":"https:\/\/blog.espol.edu.ec\/dcalero\/wp-json\/wp\/v2\/comments?post=6"}],"version-history":[{"count":6,"href":"https:\/\/blog.espol.edu.ec\/dcalero\/wp-json\/wp\/v2\/pages\/6\/revisions"}],"predecessor-version":[{"id":29,"href":"https:\/\/blog.espol.edu.ec\/dcalero\/wp-json\/wp\/v2\/pages\/6\/revisions\/29"}],"wp:attachment":[{"href":"https:\/\/blog.espol.edu.ec\/dcalero\/wp-json\/wp\/v2\/media?parent=6"}],"curies":[{"name":"wp","href":"https:\/\/api.w.org\/{rel}","templated":true}]}}