{"id":69,"date":"2014-11-08T04:14:33","date_gmt":"2014-11-08T04:14:33","guid":{"rendered":"http:\/\/blog.espol.edu.ec\/ddtorres\/?page_id=69"},"modified":"2014-11-11T02:17:53","modified_gmt":"2014-11-11T02:17:53","slug":"literatura-ecuatoriana","status":"publish","type":"page","link":"https:\/\/blog.espol.edu.ec\/ddtorres\/literatura-ecuatoriana\/","title":{"rendered":"Literatura Ecuatoriana"},"content":{"rendered":"<p style=\"text-align: justify\">La literatura ecuatoriana se ha caracterizado por ser esencialmente costumbrista y, en general, muy ligada a los sucesos exclusivamente nacionales, con narraciones que permiten vislumbrar c\u00f3mo es y se desenvuelve la vida del ciudadano com\u00fan y corriente.<\/p>\n<p style=\"text-align: justify\">La literatura ecuatoriana constituye el conjunto de textos literarios escritos dentro de las fronteras de la Rep\u00fablica de Ecuador, as\u00ed como el conjunto de textos literarios escritos por escritores nacidos en dicho pa\u00eds pero encontr\u00e1ndose en el extranjero.<\/p>\n<p style=\"text-align: justify\">Aunque la Rep\u00fablica de Ecuador, como la mayor\u00eda de los <a href=\"http:\/\/lengua.laguia2000.com\/literatura\/literatura-ecuatoriana\">modernos<\/a> estados latinoamericanos, no se forma hasta comienzos del siglo XIX (concretamente, en 1809), la literatura ecuatoriana aglutina tambi\u00e9n los textos escritos en el territorio que en esa fecha pas\u00f3 a ser independiente durante la \u00e9poca colonial. De esta manera, habremos de considerar como parte de su literatura, por ejemplo, las cr\u00f3nicas coloniales escritas por descubridores e invasores, as\u00ed como cualquier otra literatura producida durante la era colonial.<\/p>\n<p style=\"text-align: justify\">Pasando ya a la literatura ecuatoriana propiamente dicha, o su literatura \u201cnacional\u201d, hemos de decir que al contrario que otros pa\u00edses vecinos Ecuador no cuenta con autores de fama mundial, del tipo de los Garc\u00eda M\u00e1rquez, Borges o Neruda. De hecho, es justo decir que la literatura de Ecuador no es muy conocida m\u00e1s all\u00e1 de sus fronteras.<\/p>\n<p style=\"text-align: justify\">Una caracter\u00edstica com\u00fan a toda la literatura ecuatoriana es su naturaleza b\u00e1sicamente costumbrista y, por lo general, unida casi <a href=\"http:\/\/lengua.laguia2000.com\/literatura\/literatura-ecuatoriana\">exclusivamente<\/a> a los sucesos y las costumbres m\u00e1s propiamente locales. Los autores ecuatorianos han querido hacer ver c\u00f3mo es la vida del ciudadano com\u00fan, tanto el habitante del campo como el habitante de la ciudad. Jorge Icaza, por ejemplo, es un ejemplo perfecto de c\u00f3mo los autores ecuatorianos tratan de trasladar a sus lectores con todo el realismo posible a sus mundos creados, que tratan con crudeza (en este caso, en concreto, lo que se reconstruye es el mundo ind\u00edgena).<\/p>\n<p style=\"text-align: justify\">En contraposici\u00f3n a Icaza y sus retratos del mundo ind\u00edgena rural tenemos a Alfredo Pareja D\u00edez Canseco, que destac\u00f3 como el principal novelista ecuatoriano del mundo urbano y la vida en la ciudad. Demetro Aguilera Malta sigue, por otra parte, la senda de estos dos autores pero centra sus novelas en la lucha obrera y la horrible situaci\u00f3n de los trabajadores explotados por sus patrones. Por otra parte, tambi\u00e9n cuenta Ecuador con una c\u00e9lebre escritora, Alicia Y\u00e1nez Coss\u00edo, que entra muchas obras escribi\u00f3 otro tema cl\u00e1sico de las letras latinoamericanas, las novelas sobre los crueles dictadores de los siglos XIX y XX. En este caso, su novela \u201cS\u00e9 que vienen a matarme\u201d se centra en el per\u00edodo de Gabriel Garc\u00eda Moreno<\/p>\n<p><img loading=\"lazy\" decoding=\"async\" class=\"aligncenter\" src=\"http:\/\/4.bp.blogspot.com\/_wbzrm08zlOw\/TUWSsXe3BzI\/AAAAAAAAAHI\/pVA7qZJj1PA\/s1600\/literatura-ecuatoriana.jpg\" alt=\"\" width=\"240\" height=\"300\" \/><\/p>\n<p><img loading=\"lazy\" decoding=\"async\" class=\"aligncenter\" src=\"http:\/\/image.slidesharecdn.com\/historiadelaliteraturaecuatoriana-111028094529-phpapp02\/95\/historia-de-la-literatura-ecuatoriana-2-728.jpg?cb=1319813192\" alt=\"\" width=\"543\" height=\"407\" \/><\/p>\n","protected":false},"excerpt":{"rendered":"<p>La literatura ecuatoriana se ha caracterizado por ser esencialmente costumbrista y, en general, muy ligada a los sucesos exclusivamente nacionales, con narraciones que permiten vislumbrar c\u00f3mo es y se desenvuelve la vida del ciudadano com\u00fan y corriente. La literatura ecuatoriana &hellip; <a href=\"https:\/\/blog.espol.edu.ec\/ddtorres\/literatura-ecuatoriana\/\">Sigue leyendo <span class=\"meta-nav\">&rarr;<\/span><\/a><\/p>\n","protected":false},"author":9435,"featured_media":0,"parent":0,"menu_order":0,"comment_status":"open","ping_status":"open","template":"","meta":{"footnotes":""},"class_list":["post-69","page","type-page","status-publish","hentry"],"_links":{"self":[{"href":"https:\/\/blog.espol.edu.ec\/ddtorres\/wp-json\/wp\/v2\/pages\/69","targetHints":{"allow":["GET"]}}],"collection":[{"href":"https:\/\/blog.espol.edu.ec\/ddtorres\/wp-json\/wp\/v2\/pages"}],"about":[{"href":"https:\/\/blog.espol.edu.ec\/ddtorres\/wp-json\/wp\/v2\/types\/page"}],"author":[{"embeddable":true,"href":"https:\/\/blog.espol.edu.ec\/ddtorres\/wp-json\/wp\/v2\/users\/9435"}],"replies":[{"embeddable":true,"href":"https:\/\/blog.espol.edu.ec\/ddtorres\/wp-json\/wp\/v2\/comments?post=69"}],"version-history":[{"count":3,"href":"https:\/\/blog.espol.edu.ec\/ddtorres\/wp-json\/wp\/v2\/pages\/69\/revisions"}],"predecessor-version":[{"id":104,"href":"https:\/\/blog.espol.edu.ec\/ddtorres\/wp-json\/wp\/v2\/pages\/69\/revisions\/104"}],"wp:attachment":[{"href":"https:\/\/blog.espol.edu.ec\/ddtorres\/wp-json\/wp\/v2\/media?parent=69"}],"curies":[{"name":"wp","href":"https:\/\/api.w.org\/{rel}","templated":true}]}}