{"id":34,"date":"2011-09-29T02:07:53","date_gmt":"2011-09-29T02:07:53","guid":{"rendered":"http:\/\/blog.espol.edu.ec\/decada\/?page_id=34"},"modified":"2011-09-29T02:09:12","modified_gmt":"2011-09-29T02:09:12","slug":"liga-nacional-de-baloncesto","status":"publish","type":"page","link":"https:\/\/blog.espol.edu.ec\/decada\/promociones\/liga-nacional-de-baloncesto\/","title":{"rendered":"Liga Nacional de Baloncesto"},"content":{"rendered":"<p>Atentos todos!!!<\/p>\n<h1>Estamos en la D\u00e9cada de la Innovaci\u00f3n y Creatividad.<\/h1>\n<p>La D\u00e9cada te invita a alentar al equipo de baloncesto de la ESPOL, en  su  \u00faltimo partido de la primera etapa de la Liga Nacional de  Baloncesto,  para celebrar la clasificaci\u00f3n a semifinales con una  VICTORIA!!.<\/p>\n<p>S\u00edguenos en Facebook ( <a href=\"http:\/\/www.facebook.com\/DecadaESPOL\" target=\"_blank\">DecadaESPOL<\/a> ) y obtendr\u00e1s entradas para el partido ESPOL vs. UTE este viernes a las   19:00 en Guayaquil en el Coliseo Abel Jim\u00e9nez Parra( Tungurahua y   Capit\u00e1n N\u00e1jera).<\/p>\n<p><a href=\"..\/files\/2011\/09\/DSC03324.jpg\"><img loading=\"lazy\" decoding=\"async\" title=\"DSC03324\" src=\"..\/files\/2011\/09\/DSC03324-1024x767.jpg\" alt=\"\" width=\"600\" height=\"449\" \/><\/a><\/p>\n<p>Todos nuestros seguidores en Facebook deber\u00e1n acercarse al coliseo de  18:00 a 19:00 horas\u00a0 con su carnet de ESPOL, en la puerta habr\u00e1 un  listado con los nombres de los seguidores de la <a href=\"http:\/\/www.facebook.com\/DecadaESPOL\" target=\"_blank\">D\u00e9cadaESPOL<\/a> y estos podr\u00e1n ingresar por cortes\u00eda de la D\u00e9cada de la Innovaci\u00f3n y Creatividad<\/p>\n<p><a href=\"..\/files\/2011\/09\/logodic.jpg\"><img loading=\"lazy\" decoding=\"async\" title=\"logodic\" src=\"..\/files\/2011\/09\/logodic-1024x585.jpg\" alt=\"\" width=\"600\" height=\"342\" \/><\/a><\/p>\n<h2>Vamos juntos a Apoyar a ESPOL!!!<\/h2>\n<h1><span style=\"color: #ff6600\">Entradas a Espol vs JG Bolivar<\/span><\/h1>\n<p>C\u00f3mo primera actividad de integraci\u00f3n hacia lo que es la DIC (D\u00e9cada  de la Innovaci\u00f3n y Creatividad), hemos entregado 75 entradas a nuestros  primeros seguidores en Facebook.<\/p>\n<p>Aqu\u00ed la <strong>lista<\/strong>:<\/p>\n<ol>\n<li>Dani SAnchez<\/li>\n<li>Junior Delfin Cuellar Duque<\/li>\n<li>Maria Isabe Ordo\u00f1ez<\/li>\n<li>Carlos Eduardo Ruiz Cuadrado<\/li>\n<li>Jos\u00e9 Manuel del Cioppo<\/li>\n<li>Felix Garcia Suarez<\/li>\n<li>Arce Escobar Aviles<\/li>\n<li>Ronny Maldonado Macias<\/li>\n<li>Mayrita Gomez<\/li>\n<li>Jorge Xavier Rodriguez Gonzalez<\/li>\n<li>Paolo Ramos<\/li>\n<li>Ana Valeria Rodriguez<\/li>\n<li>Lisbeth Quim\u00ed<\/li>\n<li>Jessica Jara<\/li>\n<li>Karen Liz<\/li>\n<li>Julio Enrique Torres<\/li>\n<li>R Xavier Merch\u00e1n Ponce<\/li>\n<li>Steven Pollo Rebolledo<\/li>\n<li>Ashley Guizado<\/li>\n<li>Dalt\u00f3n Andres Novillo Cordova<\/li>\n<li>Ernesto Bastidas Leon<\/li>\n<li>Cecilia Torres<\/li>\n<li>Ronny Mendez Verduga<\/li>\n<li>Cesar Aurelio H.<\/li>\n<li>Marisol Culcay Veliz<\/li>\n<li>Fausto Alejandro Moscoso Loayza<\/li>\n<li>Danny Rok-fuerte<\/li>\n<li>Lilibeth Zambrano<\/li>\n<li>Daniela Katherine<\/li>\n<li>Valerita Beltr\u00e1n<\/li>\n<li>Elvis Alejandro G\u00f3mez L\u00f3pez<\/li>\n<li>Carlos Baldeon Zapata<\/li>\n<li>Cesar Andr\u00e9s<\/li>\n<li>Jefferson Rubio<\/li>\n<li>Roberto Ant\u00f3n<\/li>\n<li>Edwin Sanchez<\/li>\n<li>Jorge Lliguizaca D\u00e1vila<\/li>\n<li>Hector Abel<\/li>\n<li>Katt Alejandro<\/li>\n<li>Nelson Barzallo<\/li>\n<li>Miguel I\u00f1iguez<\/li>\n<li>Andrea Ulluari<\/li>\n<li>Betzabeth Esparza Villacis<\/li>\n<li>Ronny Andrade Parra<\/li>\n<li>Carito Nivelo Romo<\/li>\n<li>Neloquita Mestanza<\/li>\n<li>Daniel \u00a0Zhunio<\/li>\n<li>Ericka Perugachi<\/li>\n<li>Kevin Fabian Villalba<\/li>\n<li>Gustavo Jarrin<\/li>\n<li>Jhonny Vladimir Pincay<\/li>\n<li>Katyka Garcia<\/li>\n<li>Cesar Augusto Cepeda Morales<\/li>\n<li>Joseph Tomal\u00e1<\/li>\n<li>Christopher Guevara Garcia<\/li>\n<li>Maria Obando<\/li>\n<li>Francisco Valverde Ochoa<\/li>\n<li>Keving Balderramo Ruano<\/li>\n<li>Mauricio Barzola<\/li>\n<li>Sirdemmor Sde<\/li>\n<li>Roxana Heredia<\/li>\n<li>Carmen Moreira Carovi<\/li>\n<li>Gerardow\u00b4s Jaramillo<\/li>\n<li>Samantha Elizabeth Hidalgo Astudillo<\/li>\n<li>Maddy Avenda\u00f1o Sudario<\/li>\n<li>Gabriel Moreno Vargas<\/li>\n<li>Ronald Guichay<\/li>\n<li>Luis Danilo<\/li>\n<li>John Pablo<\/li>\n<li>Denny Schuldt<\/li>\n<li>Jorge Mario<\/li>\n<li>Israel Orellana<\/li>\n<li>Michael Black<\/li>\n<li>Jorge Adrian Baquero<\/li>\n<li>JeanPierre Hernandez<\/li>\n<\/ol>\n<p><a href=\"..\/files\/2011\/09\/entrada.jpg\" target=\"_blank\"><img loading=\"lazy\" decoding=\"async\" title=\"entrada\" src=\"..\/files\/2011\/09\/entrada.jpg\" alt=\"\" width=\"576\" height=\"179\" \/><\/a><\/p>\n<p>Si te encuentras entre los ganadores, puedes <strong>retirar tu entrada<\/strong> dos horas antes del partido (18:00 a 19:55) en las afueras del estadio,  busca a las personas que tengan la camiseta de la D\u00e9cada y con tu  carnet solicita la entrada que ganaste.<\/p>\n<p>Recordemos que Espol somos todo, lleva tu barra m\u00e1s creativa, para que Espol se lleve los puntos y contin\u00fae puntero.<\/p>\n","protected":false},"excerpt":{"rendered":"<p>Atentos todos!!! Estamos en la D\u00e9cada de la Innovaci\u00f3n y Creatividad. La D\u00e9cada te invita a alentar al equipo de baloncesto de la ESPOL, en su \u00faltimo partido de la primera etapa de la Liga Nacional de Baloncesto, para celebrar la clasificaci\u00f3n a semifinales con una VICTORIA!!. S\u00edguenos en Facebook ( DecadaESPOL ) y obtendr\u00e1s [&hellip;]<\/p>\n","protected":false},"author":866,"featured_media":0,"parent":31,"menu_order":1,"comment_status":"open","ping_status":"open","template":"","meta":{"footnotes":""},"class_list":["post-34","page","type-page","status-publish","hentry"],"_links":{"self":[{"href":"https:\/\/blog.espol.edu.ec\/decada\/wp-json\/wp\/v2\/pages\/34","targetHints":{"allow":["GET"]}}],"collection":[{"href":"https:\/\/blog.espol.edu.ec\/decada\/wp-json\/wp\/v2\/pages"}],"about":[{"href":"https:\/\/blog.espol.edu.ec\/decada\/wp-json\/wp\/v2\/types\/page"}],"author":[{"embeddable":true,"href":"https:\/\/blog.espol.edu.ec\/decada\/wp-json\/wp\/v2\/users\/866"}],"replies":[{"embeddable":true,"href":"https:\/\/blog.espol.edu.ec\/decada\/wp-json\/wp\/v2\/comments?post=34"}],"version-history":[{"count":3,"href":"https:\/\/blog.espol.edu.ec\/decada\/wp-json\/wp\/v2\/pages\/34\/revisions"}],"predecessor-version":[{"id":36,"href":"https:\/\/blog.espol.edu.ec\/decada\/wp-json\/wp\/v2\/pages\/34\/revisions\/36"}],"up":[{"embeddable":true,"href":"https:\/\/blog.espol.edu.ec\/decada\/wp-json\/wp\/v2\/pages\/31"}],"wp:attachment":[{"href":"https:\/\/blog.espol.edu.ec\/decada\/wp-json\/wp\/v2\/media?parent=34"}],"curies":[{"name":"wp","href":"https:\/\/api.w.org\/{rel}","templated":true}]}}