{"id":103,"date":"2009-08-09T18:00:50","date_gmt":"2009-08-09T22:00:50","guid":{"rendered":"http:\/\/blog.espol.edu.ec\/denyproa\/?page_id=103"},"modified":"2009-08-12T15:55:59","modified_gmt":"2009-08-12T19:55:59","slug":"espol","status":"publish","type":"page","link":"https:\/\/blog.espol.edu.ec\/denyproa\/espol\/","title":{"rendered":"ESPOL"},"content":{"rendered":"<p style=\"text-align: center\"><a title=\"50 A\u00f1os formando lideres\" href=\"http:\/\/espol.edu.ec\/\" target=\"_blank\"><img loading=\"lazy\" decoding=\"async\" class=\"size-thumbnail wp-image-104 aligncenter\" src=\"http:\/\/blog.espol.edu.ec\/denyproa\/files\/2009\/08\/logo_espol_doradito-150x150.gif\" alt=\"logo_espol_doradito\" width=\"150\" height=\"150\" srcset=\"https:\/\/blog.espol.edu.ec\/denyproa\/files\/2009\/08\/logo_espol_doradito-150x150.gif 150w, https:\/\/blog.espol.edu.ec\/denyproa\/files\/2009\/08\/logo_espol_doradito.gif 220w\" sizes=\"auto, (max-width: 150px) 100vw, 150px\" \/><\/a><\/p>\n<p><a class=\"txtCategoria\"><\/a><\/p>\n<p class=\"MsoNormal\">\n<p class=\"MsoNormal\">\n<p class=\"MsoNormal\"><strong><em><span style=\"text-decoration: underline\"><span style=\"font-size: 12pt;font-family: &quot;Times New Roman&quot;,&quot;serif&quot;color: #1f497d\">Misi\u00f3n<\/span><\/span><\/em><\/strong><strong><em><\/em><\/strong><\/p>\n<p class=\"MsoNormal\"><strong><em><span style=\"font-size: 10pt;font-family: &quot;Times New Roman&quot;,&quot;serif&quot;color: #1f497d\">Formar profesionales de excelencia, l\u00edderes, emprendedores, con s\u00f3lidos valores morales y \u00e9ticos que contribuyan al desarrollo del pa\u00eds, para mejorarlo en lo social, econ\u00f3mico, ambiental y pol\u00edtico. Hacer investigaci\u00f3n, transferencia de tecnolog\u00eda y extensi\u00f3n de calidad para servir a la sociedad.<\/span><\/em><\/strong><\/p>\n<p class=\"MsoNormal\">\n<p class=\"MsoNormal\"><strong><em><span style=\"text-decoration: underline\"><span style=\"font-size: 12pt;font-family: &quot;Times New Roman&quot;,&quot;serif&quot;color: #1f497d\">Visi\u00f3n<\/span>.<\/span><\/em><\/strong><strong><em><\/em><\/strong><\/p>\n<p class=\"MsoNormal\"><strong><em><span style=\"font-size: 10pt;font-family: &quot;Times New Roman&quot;,&quot;serif&quot;color: #1f497d\">Ser l\u00edder y referente de la Educaci\u00f3n Superior de Am\u00e9rica Latina.[1]<\/span><\/em><\/strong><\/p>\n<p class=\"MsoNormal\">\n<p class=\"MsoNormal\"><strong><em><span style=\"font-size: 10pt;font-family: &quot;Times New Roman&quot;,&quot;serif&quot;color: #1f497d\"><br \/>\n<\/span><\/em><\/strong><\/p>\n<p class=\"MsoNormal\">\u00a0<\/p>\n<p class=\"MsoNormal\"><strong><em><span style=\"text-decoration: underline\"><span style=\"font-size: 12pt;font-family: &quot;Times New Roman&quot;,&quot;serif&quot;color: #1f497d\">NOTICIAS DE LA ESPOL<\/span><\/span><\/em><\/strong><\/p>\n<p class=\"MsoNormal\"><strong><em><span style=\"text-decoration: underline\"><span style=\"font-size: 12pt;font-family: &quot;Times New Roman&quot;,&quot;serif&quot;color: #1f497d\">La nanotecnolog\u00eda en el ESPOL<\/span><\/span><\/em><\/strong><\/p>\n<p class=\"MsoNormal\"><strong><em><span style=\"font-size: 10pt;font-family: &quot;Times New Roman&quot;,&quot;serif&quot;color: #1f497d\">En los \u00faltimos diez a\u00f1os la ESPOL a destinado sus esfuerzos en desarrollar investigaci\u00f3n aplicada con diferentes \u00e1reas de la ciencia entre ellas biotecnolog\u00eda, agricultura, medio ambiente, y en los \u00faltimos tres a\u00f1os en la nanotecnolog\u00eda, experimentando con materiales polim\u00e9ricos mas fuertes y livianos incorporando en su estructura nanoarcillas modificadas a partir de materia prima ecuatoriana.<\/span><\/em><\/strong><\/p>\n<p class=\"MsoNormal\"><strong><em><span style=\"font-size: 10pt;font-family: &quot;Times New Roman&quot;,&quot;serif&quot;color: #1f497d\">Consecuentemente, la ESPOL ha decidido apoyar la creaci\u00f3n del Centro Ecuatoriano de Investigaci\u00f3n y Desarrollo de nanotecnolog\u00eda (CIDNA), el cual estar\u00e1 basado en cuatro ejes principales: educaci\u00f3n, investigaci\u00f3n, servicios a la industria y transparencia tecnol\u00f3gica .[2]<\/span><\/em><\/strong><\/p>\n<p class=\"MsoNormal\">\n<p class=\"MsoNormal\"><strong><em><span style=\"font-size: 10pt;font-family: &quot;Times New Roman&quot;,&quot;serif&quot;color: #1f497d\"><br \/>\n<\/span><\/em><\/strong><\/p>\n<p class=\"MsoNormal\"><strong><em><span style=\"text-decoration: underline\"><span style=\"font-size: 12pt;font-family: &quot;Times New Roman&quot;,&quot;serif&quot;color: #1f497d\">Inauguraci\u00f3n del Centro de Nanotecnolog\u00eda y Laboratorio de Ensayos Metrol\u00f3gicos y de Materiales<\/span><\/span><\/em><\/strong><\/p>\n<p class=\"MsoNormal\"><strong><em><span style=\"font-size: 10pt;font-family: &quot;Times New Roman&quot;,&quot;serif&quot;color: #1f497d\">En ceremonia especial, el Ph.D., Mois\u00e9s Tacle, Rector de la ESPOL ,inaugur\u00f3 el Laboratorio de Ensayos Metrol\u00f3gicos y de Materiales (LEMAT), y el centro de Investigaci\u00f3n y Desarrollo y en Nanotecnolog\u00eda (CIDNA), los que funcionar\u00e1n en un edificio aleda\u00f1o a la Facultad de Ingenier\u00eda en Mec\u00e1nica y Ciencia de la Producci\u00f3n (FIMCP) de la Escuela Superior Polit\u00e9cnica del Litoral (ESPOL)[3]<\/span><\/em><\/strong><\/p>\n<p class=\"MsoNormal\"><strong><em><span style=\"font-size: 10pt;font-family: &quot;Times New Roman&quot;,&quot;serif&quot;color: #1f497d\"><\/p>\n<p><\/span><\/em><\/strong><\/p>\n<ul type=\"disc\">\n<li class=\"MsoNormal\"><strong><em><span style=\"font-size: 10pt;font-family: &quot;Times New Roman&quot;,&quot;serif&amp;quot\">[1] ESPOL,(2008),\"Misi\u00f3n y Vision de la ESPOL\",obtenido el 9 de Agosto del 2009 desde http:\/\/www.espol.edu.ec\/espol\/main.jsp?urlpage=mision.jsp,Guayaquil-Ecuador.<\/span><\/em><\/strong><\/li>\n<li class=\"MsoNormal\"><strong><em><span style=\"font-size: 10pt;font-family: &quot;Times New Roman&quot;,&quot;serif&amp;quot\">[2] VILLAO, F., ET AL, (2009), \u201cLa nanotecnolog\u00eda en el Ecuador\u201d, (Edici\u00f3n No 36), Editorial ESPOL,Guayaquil-Ecuador.<\/span><\/em><\/strong><\/li>\n<li class=\"MsoNormal\"><strong><em><span style=\"font-size: 10pt;font-family: &quot;Times New Roman&quot;,&quot;serif&amp;quot\">[3] VILLAO, F., ET AL, (2009), \u201cLa Inauguracion del Centro de Nanotecnologia y Laboratorio de Ensayos Metrol\u00f3gicos y de Materiales\u201d, (Edici\u00f3n No 36), Editorial ESPOL,Guayaquil-Ecuador.<\/span><\/em><\/strong><\/li>\n<\/ul>\n<p class=\"MsoNormal\"><strong><em><\/em><\/strong><\/p>\n","protected":false},"excerpt":{"rendered":"<p>Misi\u00f3n Formar profesionales de excelencia, l\u00edderes, emprendedores, con s\u00f3lidos valores morales y \u00e9ticos que contribuyan al desarrollo del pa\u00eds, para mejorarlo en lo social, econ\u00f3mico, ambiental y pol\u00edtico. Hacer investigaci\u00f3n, transferencia de tecnolog\u00eda y extensi\u00f3n de calidad para servir a la sociedad. Visi\u00f3n. Ser l\u00edder y referente de la Educaci\u00f3n Superior de Am\u00e9rica Latina.[1] \u00a0 [&hellip;]<\/p>\n","protected":false},"author":1700,"featured_media":0,"parent":0,"menu_order":0,"comment_status":"open","ping_status":"open","template":"","meta":{"footnotes":""},"class_list":["post-103","page","type-page","status-publish","hentry"],"_links":{"self":[{"href":"https:\/\/blog.espol.edu.ec\/denyproa\/wp-json\/wp\/v2\/pages\/103","targetHints":{"allow":["GET"]}}],"collection":[{"href":"https:\/\/blog.espol.edu.ec\/denyproa\/wp-json\/wp\/v2\/pages"}],"about":[{"href":"https:\/\/blog.espol.edu.ec\/denyproa\/wp-json\/wp\/v2\/types\/page"}],"author":[{"embeddable":true,"href":"https:\/\/blog.espol.edu.ec\/denyproa\/wp-json\/wp\/v2\/users\/1700"}],"replies":[{"embeddable":true,"href":"https:\/\/blog.espol.edu.ec\/denyproa\/wp-json\/wp\/v2\/comments?post=103"}],"version-history":[{"count":14,"href":"https:\/\/blog.espol.edu.ec\/denyproa\/wp-json\/wp\/v2\/pages\/103\/revisions"}],"predecessor-version":[{"id":108,"href":"https:\/\/blog.espol.edu.ec\/denyproa\/wp-json\/wp\/v2\/pages\/103\/revisions\/108"}],"wp:attachment":[{"href":"https:\/\/blog.espol.edu.ec\/denyproa\/wp-json\/wp\/v2\/media?parent=103"}],"curies":[{"name":"wp","href":"https:\/\/api.w.org\/{rel}","templated":true}]}}