{"id":150,"date":"2009-08-09T20:55:16","date_gmt":"2009-08-10T00:55:16","guid":{"rendered":"http:\/\/blog.espol.edu.ec\/denyproa\/?page_id=150"},"modified":"2009-08-11T10:18:30","modified_gmt":"2009-08-11T14:18:30","slug":"%c2%bfsabes","status":"publish","type":"page","link":"https:\/\/blog.espol.edu.ec\/denyproa\/%c2%bfsabes\/","title":{"rendered":"\u00bfSabes?"},"content":{"rendered":"<p><strong><em><span style=\"text-decoration: underline\"><span style=\"font-size: 14pt;font-family: &quot;Times New Roman&quot;,&quot;serif&quot;color: red\"><a href=\"http:\/\/blog.espol.edu.ec\/denyproa\/files\/2009\/08\/cart127.gif\"><img loading=\"lazy\" decoding=\"async\" class=\"alignleft size-full wp-image-111\" src=\"http:\/\/blog.espol.edu.ec\/denyproa\/files\/2009\/08\/cart127.gif\" alt=\"cart127\" width=\"130\" height=\"106\" \/><\/a><\/span><\/span><\/em><\/strong><strong><em><span style=\"text-decoration: underline\"><span style=\"font-size: 14pt;font-family: &quot;Times New Roman&quot;,&quot;serif&quot;color: red\">Sab\u00edas que:<\/span><\/span><\/em><\/strong><\/p>\n<p class=\"MsoNormal\"><strong><em><span style=\"font-size: 12pt;font-family: &quot;Times New Roman&quot;,&quot;serif&quot;color: #002060\">Un equipo de m\u00e9dicos del Hospital Christie en Manchester, Inglaterra, cree que en el futuro un simple an\u00e1lisis de sangre podr\u00eda identificar a las personas con riesgo de desarrollar c\u00e1ncer.[1]<\/span><\/em><\/strong><\/p>\n<p class=\"MsoNormal\"><strong><em><span style=\"font-size: 12pt;font-family: &quot;Times New Roman&quot;,&quot;serif&quot;color: #002060\"><br \/>\n<\/span><\/em><\/strong><\/p>\n<p class=\"MsoNormal\" style=\"text-align: justify\"><strong><em><span style=\"text-decoration: underline\"><span style=\"font-size: 14pt;font-family: &quot;Times New Roman&quot;,&quot;serif&quot;color: red\"><a href=\"http:\/\/blog.espol.edu.ec\/denyproa\/files\/2009\/08\/extraterrestres06.gif\"><img loading=\"lazy\" decoding=\"async\" class=\"alignleft size-full wp-image-121\" src=\"http:\/\/blog.espol.edu.ec\/denyproa\/files\/2009\/08\/extraterrestres06.gif\" alt=\"extraterrestres06\" width=\"127\" height=\"166\" \/><\/a>Sab\u00edas que:<\/span><\/span><\/em><\/strong><\/p>\n<p class=\"MsoNormal\"><strong><em><span style=\"font-size: 12pt;font-family: &quot;Times New Roman&quot;,&quot;serif&quot;color: #002060\">El telescopio espacial Hubble mir\u00f3 m\u00e1s all\u00e1 y desat\u00f3 un alud de preguntas sobre las etapas m\u00e1s tempranas del Universo. La agencia espacial estadounidense NASA public\u00f3 en este a\u00f1o una imagen llamada \"Campo Ultra Profundo\", en la que se pueden observar galaxias a m\u00e1s de 13 mil millones de a\u00f1os luz.[2]<\/span><\/em><\/strong><\/p>\n<p class=\"MsoNormal\"><strong><em><\/em><\/strong>\u00a0<\/p>\n<p class=\"MsoNormal\"><strong><em><\/em><\/strong>\u00a0<\/p>\n<p class=\"MsoNormal\"><strong><em><span style=\"font-size: 12pt;font-family: &quot;Times New Roman&quot;,&quot;serif&quot;color: #002060\"><br \/>\n<\/span><\/em><\/strong><\/p>\n<p class=\"MsoNormal\" style=\"text-align: justify\"><strong><em><span style=\"text-decoration: underline\"><span style=\"font-size: 14pt;font-family: &quot;Times New Roman&quot;,&quot;serif&quot;color: red\"><a href=\"http:\/\/blog.espol.edu.ec\/denyproa\/files\/2009\/08\/arabia-02.gif\"><img loading=\"lazy\" decoding=\"async\" class=\"alignleft size-thumbnail wp-image-120\" src=\"http:\/\/blog.espol.edu.ec\/denyproa\/files\/2009\/08\/arabia-02-90x150.gif\" alt=\"arabia-02\" width=\"123\" height=\"166\" \/><\/a>Sab\u00edas que:<\/span><\/span><\/em><\/strong><\/p>\n<p class=\"MsoNormal\"><strong><em><span style=\"font-size: 12pt;font-family: &quot;Times New Roman&quot;,&quot;serif&quot;color: #002060\">Arque\u00f3logos en Egipto comenzar\u00e1n a excavar tres sitios donde se cree est\u00e1n las tumbas de Cleopatra y Marco Antonio.<br \/>\nLas excavaciones, cerca de un templo aloccidente de la ciudad de Alejandr\u00eda, comenzaron el 29\/4\/2009 en donde se espera obtener resultados.[3]<\/span><\/em><\/strong><\/p>\n<p class=\"MsoNormal\"><strong><em><\/em><\/strong>\u00a0<\/p>\n<p class=\"MsoNormal\"><strong><em><\/em><\/strong>\u00a0<\/p>\n<p class=\"MsoNormal\"><strong><em><span style=\"font-size: 12pt;font-family: &quot;Times New Roman&quot;,&quot;serif&quot;color: #002060\"><br \/>\n<\/span><\/em><\/strong><\/p>\n<p class=\"MsoNormal\" style=\"text-align: justify\"><strong><em><span style=\"text-decoration: underline\"><span style=\"font-size: 14pt;font-family: &quot;Times New Roman&quot;,&quot;serif&quot;color: red\"><a href=\"http:\/\/blog.espol.edu.ec\/denyproa\/files\/2009\/08\/gorilas.jpg\"><img loading=\"lazy\" decoding=\"async\" class=\"alignleft size-thumbnail wp-image-130\" src=\"http:\/\/blog.espol.edu.ec\/denyproa\/files\/2009\/08\/gorilas-150x150.jpg\" alt=\"gorilas\" width=\"123\" height=\"170\" \/><\/a>Sab\u00edas que:<\/span><\/span><\/em><\/strong><\/p>\n<p class=\"MsoNormal\" style=\"text-align: left\"><strong><em><span style=\"font-size: 12pt;font-family: &quot;Times New Roman&quot;,&quot;serif&quot;color: #002060\">A ra\u00edz del caso de una paciente de Camer\u00fan, diagnosticada con una nueva cepa del VIH muy similar al virus de la inmunodeficiencia simia (VIS) que se ha detectado recientemente en los gorilas, unos investigadores franceses escriben un comunicado en la revista 'Nature Medicine' en el que se replantean el papel de estos simios, y de los chimpanc\u00e9s, como focos de infecci\u00f3n.[4]<\/span><\/em><\/strong><\/p>\n<p class=\"MsoNormal\" style=\"text-align: left\"><strong><em><\/em><\/strong>\u00a0<\/p>\n<p class=\"MsoNormal\" style=\"text-align: left\"><strong><em><\/em><\/strong>\u00a0<\/p>\n<ul>\n<li>\n<div class=\"MsoNormal\" style=\"text-align: left\"><strong><em><span style=\"font-size: 12pt;font-family: &quot;Times New Roman&quot;,&quot;serif&quot;color: #002060\">[1]BBC,(2009),\"Hallazgos de la ciencia\",obtenido el 9 de Agosto del 2009, desde <a href=\"http:\/\/news.bbc.co.uk\/hi\/spanish\/science\/newsid_3654000\/3654797.stm\"><strong><em><span style=\"font-family: Calibri\">http:\/\/news.bbc.co.uk\/hi\/spanish\/science\/newsid_3654000\/3654797.stm<\/span><\/em><\/strong><\/a>, Guayaquil-Ecuador.<\/span><\/em><\/strong><\/div>\n<p>\u00a0<\/li>\n<li>\n<div class=\"MsoNormal\" style=\"text-align: left\"><span style=\"font-size: 12pt;font-family: &quot;Times New Roman&quot;,&quot;serif&quot;color: #002060\"><\/span><\/div>\n<p class=\"MsoNormal\"><strong><em>[2],[3]CIENCIA,(2009), \"Novedades Cient<\/em><\/strong><span>\u00ed<\/span><strong><em>ficas\",obtendido el\u00a0 9 de Agosto del 2009, desde <\/em><\/strong><a href=\"http:\/\/www.laflecha.net\/canales\/ciencia\/200409302\"><strong><em><span style=\"font-family: Calibri\">http:\/\/www.laflecha.net\/canales\/ciencia\/200409302<\/span><\/em><\/strong><\/a>, Guayaquil-Ecuador.<\/p>\n<p>\u00a0<\/li>\n<li>\n<div class=\"MsoNormal\" style=\"text-align: left\"><span style=\"font-size: 12pt;font-family: &quot;Times New Roman&quot;,&quot;serif&quot;color: #002060\"><\/span><\/div>\n<p class=\"MsoNormal\" style=\"margin: 0cm 0cm 10pt;text-align: left\"><strong><em>[4]ECUADORCIENCIA,(2009), \"Nuevos Avances tecnol<\/em><\/strong><span style=\"font-size: 12pt;font-family: &quot;Times New Roman&quot;,&quot;serif&amp;quot\">\u00f3<\/span><strong><em>gicos de la ciencia\", obtenido el 9 de Agosto del 2009 , desde <strong><em><span style=\"color: #4f81bd\"><span style=\"font-family: Calibri\"><a href=\"http:\/\/www.ecuadorciencia.org\/noticias.asp?id=7631&amp;fc=20090805\">http:\/\/www.ecuadorciencia.org\/noticias.asp?id=7631&amp;fc=20090805<\/a>,<span style=\"color: #000000;font-family: Times New Roman\">Guayaquil-Ecuador.<\/span>\u00a0<\/span><\/span><\/em><\/strong><\/em><\/strong><\/p>\n<p><span style=\"font-size: 12pt;font-family: &quot;Times New Roman&quot;,&quot;serif&quot;color: #002060\"><strong><em><\/em><\/strong><\/span><\/li>\n<\/ul>\n","protected":false},"excerpt":{"rendered":"<p>Sab\u00edas que: Un equipo de m\u00e9dicos del Hospital Christie en Manchester, Inglaterra, cree que en el futuro un simple an\u00e1lisis de sangre podr\u00eda identificar a las personas con riesgo de desarrollar c\u00e1ncer.[1] Sab\u00edas que: El telescopio espacial Hubble mir\u00f3 m\u00e1s all\u00e1 y desat\u00f3 un alud de preguntas sobre las etapas m\u00e1s tempranas del Universo. La [&hellip;]<\/p>\n","protected":false},"author":1700,"featured_media":0,"parent":0,"menu_order":0,"comment_status":"open","ping_status":"open","template":"","meta":{"footnotes":""},"class_list":["post-150","page","type-page","status-publish","hentry"],"_links":{"self":[{"href":"https:\/\/blog.espol.edu.ec\/denyproa\/wp-json\/wp\/v2\/pages\/150","targetHints":{"allow":["GET"]}}],"collection":[{"href":"https:\/\/blog.espol.edu.ec\/denyproa\/wp-json\/wp\/v2\/pages"}],"about":[{"href":"https:\/\/blog.espol.edu.ec\/denyproa\/wp-json\/wp\/v2\/types\/page"}],"author":[{"embeddable":true,"href":"https:\/\/blog.espol.edu.ec\/denyproa\/wp-json\/wp\/v2\/users\/1700"}],"replies":[{"embeddable":true,"href":"https:\/\/blog.espol.edu.ec\/denyproa\/wp-json\/wp\/v2\/comments?post=150"}],"version-history":[{"count":14,"href":"https:\/\/blog.espol.edu.ec\/denyproa\/wp-json\/wp\/v2\/pages\/150\/revisions"}],"predecessor-version":[{"id":210,"href":"https:\/\/blog.espol.edu.ec\/denyproa\/wp-json\/wp\/v2\/pages\/150\/revisions\/210"}],"wp:attachment":[{"href":"https:\/\/blog.espol.edu.ec\/denyproa\/wp-json\/wp\/v2\/media?parent=150"}],"curies":[{"name":"wp","href":"https:\/\/api.w.org\/{rel}","templated":true}]}}