{"id":61,"date":"2016-11-15T16:05:55","date_gmt":"2016-11-15T16:05:55","guid":{"rendered":"http:\/\/blog.espol.edu.ec\/dfiallos\/?page_id=61"},"modified":"2016-11-15T16:05:55","modified_gmt":"2016-11-15T16:05:55","slug":"baladas","status":"publish","type":"page","link":"https:\/\/blog.espol.edu.ec\/dfiallos\/lo-mas-exitosos\/baladas\/","title":{"rendered":"BALADAS"},"content":{"rendered":"<p>Este espacio de mi blog est\u00e1 destinado a compartir un estilo de m\u00fasica diferente, como lo son las baladas.<\/p>\n<p><iframe loading=\"lazy\" title=\"Verde 70 - Tanto Ganas Tanto Pierdes (ColorRec)\" width=\"610\" height=\"343\" src=\"https:\/\/www.youtube.com\/embed\/2Y5VvEjV1gM?feature=oembed\" frameborder=\"0\" allow=\"accelerometer; autoplay; clipboard-write; encrypted-media; gyroscope; picture-in-picture; web-share\" referrerpolicy=\"strict-origin-when-cross-origin\" allowfullscreen><\/iframe><\/p>\n<blockquote><p>\"<strong>Y si te digo que ahora vivo con la certeza de que no piensas en mi\"<\/strong>. -Marcad\u00edsima canci\u00f3n y en lo personal es la mejor canci\u00f3n que ha escrito Dar\u00edo Castro junto a su Banda \"Verde70\".<\/p><\/blockquote>\n<p><iframe loading=\"lazy\" title=\"Gustavo Cerati &quot;Adi\u00f3s&quot; (Video Oficial)\" width=\"610\" height=\"458\" src=\"https:\/\/www.youtube.com\/embed\/GUf81ofAZV0?feature=oembed\" frameborder=\"0\" allow=\"accelerometer; autoplay; clipboard-write; encrypted-media; gyroscope; picture-in-picture; web-share\" referrerpolicy=\"strict-origin-when-cross-origin\" allowfullscreen><\/iframe><\/p>\n<blockquote><p><strong>\"Poder decir adi\u00f3s, Es crecer\"<\/strong>. -Creo que a muchos nos marc\u00f3 esta frase. Es una canci\u00f3n de Gustavo Cerati en su trabajo como solista.<\/p><\/blockquote>\n<p><iframe loading=\"lazy\" title=\"Enanitos verdes - eterna soledad\" width=\"610\" height=\"458\" src=\"https:\/\/www.youtube.com\/embed\/L6WjxNBURK0?feature=oembed\" frameborder=\"0\" allow=\"accelerometer; autoplay; clipboard-write; encrypted-media; gyroscope; picture-in-picture; web-share\" referrerpolicy=\"strict-origin-when-cross-origin\" allowfullscreen><\/iframe><\/p>\n<blockquote><p>\"Eterna soledad, siempre la gente busca tu consejo\".-Excelente canci\u00f3n, nos motiva a seguir ante alguna adversidad, aunque la verdad es que nunca estamos solos....o si? :\/<\/p><\/blockquote>\n<p><a href=\"https:\/\/www.youtube.com\/watch?v=Qkvk6LYaL7E\">https:\/\/www.youtube.com\/watch?v=Qkvk6LYaL7E<\/a><\/p>\n<blockquote><p><strong>\"Si crees que el te quiere m\u00e1s, pues vete y no mires atr\u00e1s\"<\/strong>. -Bueno, Bueno...No hacen falta mucho comentarios para describir lo triste que te pones cuando escuchas esto jaja.<\/p><\/blockquote>\n<p><iframe loading=\"lazy\" title=\"UNA CANCION - LOS DE ADENTRO\" width=\"610\" height=\"458\" src=\"https:\/\/www.youtube.com\/embed\/gE2J_Dzyeeo?feature=oembed\" frameborder=\"0\" allow=\"accelerometer; autoplay; clipboard-write; encrypted-media; gyroscope; picture-in-picture; web-share\" referrerpolicy=\"strict-origin-when-cross-origin\" allowfullscreen><\/iframe><\/p>\n<blockquote><p>.......................................................................................<\/p><\/blockquote>\n<p><iframe loading=\"lazy\" title=\"Bacilos - Tabaco y Chanel (Official Music Video)\" width=\"610\" height=\"458\" src=\"https:\/\/www.youtube.com\/embed\/6JqnbsQpljU?feature=oembed\" frameborder=\"0\" allow=\"accelerometer; autoplay; clipboard-write; encrypted-media; gyroscope; picture-in-picture; web-share\" referrerpolicy=\"strict-origin-when-cross-origin\" allowfullscreen><\/iframe><\/p>\n<blockquote><p><strong>\"Un olor a tabaco y Chanel,<\/strong><strong>una muestra de miel y caf\u00e9...Me preguntan por ella<\/strong><strong>.<\/strong>- Muy conocida canci\u00f3n de \"Bacilos\" la agrupaci\u00f3n multinacional tuvo mucha acogida por el estilo \u00fanico de su m\u00fasica.<\/p><\/blockquote>\n<p>&nbsp;<\/p>\n","protected":false},"excerpt":{"rendered":"<p>Este espacio de mi blog est\u00e1 destinado a compartir un estilo de m\u00fasica diferente, como lo son las baladas. \"Y si te digo que ahora vivo con la certeza de que no piensas en mi\". -Marcad\u00edsima canci\u00f3n y en lo personal es la mejor canci\u00f3n que ha escrito Dar\u00edo Castro junto a su Banda \"Verde70\". [&hellip;]<\/p>\n","protected":false},"author":10720,"featured_media":0,"parent":16,"menu_order":2,"comment_status":"closed","ping_status":"closed","template":"","meta":{"footnotes":""},"class_list":["post-61","page","type-page","status-publish","hentry"],"_links":{"self":[{"href":"https:\/\/blog.espol.edu.ec\/dfiallos\/wp-json\/wp\/v2\/pages\/61","targetHints":{"allow":["GET"]}}],"collection":[{"href":"https:\/\/blog.espol.edu.ec\/dfiallos\/wp-json\/wp\/v2\/pages"}],"about":[{"href":"https:\/\/blog.espol.edu.ec\/dfiallos\/wp-json\/wp\/v2\/types\/page"}],"author":[{"embeddable":true,"href":"https:\/\/blog.espol.edu.ec\/dfiallos\/wp-json\/wp\/v2\/users\/10720"}],"replies":[{"embeddable":true,"href":"https:\/\/blog.espol.edu.ec\/dfiallos\/wp-json\/wp\/v2\/comments?post=61"}],"version-history":[{"count":1,"href":"https:\/\/blog.espol.edu.ec\/dfiallos\/wp-json\/wp\/v2\/pages\/61\/revisions"}],"predecessor-version":[{"id":62,"href":"https:\/\/blog.espol.edu.ec\/dfiallos\/wp-json\/wp\/v2\/pages\/61\/revisions\/62"}],"up":[{"embeddable":true,"href":"https:\/\/blog.espol.edu.ec\/dfiallos\/wp-json\/wp\/v2\/pages\/16"}],"wp:attachment":[{"href":"https:\/\/blog.espol.edu.ec\/dfiallos\/wp-json\/wp\/v2\/media?parent=61"}],"curies":[{"name":"wp","href":"https:\/\/api.w.org\/{rel}","templated":true}]}}