{"id":35,"date":"2016-11-13T16:07:03","date_gmt":"2016-11-13T16:07:03","guid":{"rendered":"http:\/\/blog.espol.edu.ec\/dhreyes\/?page_id=35"},"modified":"2016-11-13T16:07:03","modified_gmt":"2016-11-13T16:07:03","slug":"la-lealtad-del-perro","status":"publish","type":"page","link":"https:\/\/blog.espol.edu.ec\/dhreyes\/la-lealtad-del-perro\/","title":{"rendered":"La lealtad del perro"},"content":{"rendered":"<p class=\"Estilo11\" align=\"justify\">La lealtad, imposible pensar en un perro sin a\u00f1adir este calificativo, es mas, dir\u00eda que un perro es la lealtad en si misma, para encontrar la correcta definici\u00f3n de ella, solo basta con mirar a nuestro \u201cfiel\u201d amigo, nosotros somos eso para el, amigos, no due\u00f1os, formamos parte de su vida, es m\u00e1s, sin nosotros su vida carece de sentido y ocurra lo que ocurra, el siempre estar\u00e1 a nuestro lado, en la salud y la enfermedad, en las alegr\u00edas y las penas, en la riqueza y en la pobreza, todos los d\u00edas de su vida.<\/p>\n<p class=\"Estilo11\" align=\"justify\">El, lamer\u00e1 nuestra mano, independientemente que este vac\u00eda de comida, dormir\u00e1 en el fri\u00f3 suelo, si ello le permite estar cerca de nosotros, cuando todos nuestros amigos nos hayan vuelto la espalda, el siempre estar\u00e1 ah\u00ed, regal\u00e1ndonos su amor, compa\u00f1\u00eda y protecci\u00f3n, su lealtad llegara hasta el extremo de que cuando nuestra hora nos llegue y todos hayan continuado su vida, amigos, familia, el, se tendera en el fri\u00f3 m\u00e1rmol de nuestra sepultura con la cabeza entre las patas, los ojos tristes con esa mirada perdida desde abajo, velando nuestro sue\u00f1o eterno, acompa\u00f1\u00e1ndonos hasta, incluso, dejarse morir para as\u00ed poder continuar a nuestro lado en la otra vida.<\/p>\n<p class=\"Estilo11\" align=\"justify\"><a href=\"https:\/\/www.youtube.com\/watch?v=9_cW3fc1cuE\">Ver video<\/a><\/p>\n","protected":false},"excerpt":{"rendered":"<p>La lealtad, imposible pensar en un perro sin a\u00f1adir este calificativo, es mas, dir\u00eda que un perro es la lealtad en si misma, para encontrar la correcta definici\u00f3n de ella, solo basta con mirar a nuestro \u201cfiel\u201d amigo, nosotros somos eso para el, amigos, no due\u00f1os, formamos parte de su vida, es m\u00e1s, sin nosotros [&hellip;]<\/p>\n","protected":false},"author":10658,"featured_media":0,"parent":0,"menu_order":0,"comment_status":"closed","ping_status":"closed","template":"","meta":{"footnotes":""},"class_list":["post-35","page","type-page","status-publish","hentry"],"_links":{"self":[{"href":"https:\/\/blog.espol.edu.ec\/dhreyes\/wp-json\/wp\/v2\/pages\/35","targetHints":{"allow":["GET"]}}],"collection":[{"href":"https:\/\/blog.espol.edu.ec\/dhreyes\/wp-json\/wp\/v2\/pages"}],"about":[{"href":"https:\/\/blog.espol.edu.ec\/dhreyes\/wp-json\/wp\/v2\/types\/page"}],"author":[{"embeddable":true,"href":"https:\/\/blog.espol.edu.ec\/dhreyes\/wp-json\/wp\/v2\/users\/10658"}],"replies":[{"embeddable":true,"href":"https:\/\/blog.espol.edu.ec\/dhreyes\/wp-json\/wp\/v2\/comments?post=35"}],"version-history":[{"count":1,"href":"https:\/\/blog.espol.edu.ec\/dhreyes\/wp-json\/wp\/v2\/pages\/35\/revisions"}],"predecessor-version":[{"id":36,"href":"https:\/\/blog.espol.edu.ec\/dhreyes\/wp-json\/wp\/v2\/pages\/35\/revisions\/36"}],"wp:attachment":[{"href":"https:\/\/blog.espol.edu.ec\/dhreyes\/wp-json\/wp\/v2\/media?parent=35"}],"curies":[{"name":"wp","href":"https:\/\/api.w.org\/{rel}","templated":true}]}}