{"id":50,"date":"2016-05-21T05:54:54","date_gmt":"2016-05-21T05:54:54","guid":{"rendered":"http:\/\/blog.espol.edu.ec\/diolbaja\/?page_id=50"},"modified":"2016-05-21T05:56:12","modified_gmt":"2016-05-21T05:56:12","slug":"50-2","status":"publish","type":"page","link":"https:\/\/blog.espol.edu.ec\/diolbaja\/50-2\/","title":{"rendered":"VISITA CL\u00c1SICA"},"content":{"rendered":"<p>La fundaci\u00f3n de ambos clubes tuvo un origen barrial com\u00fan: el Barrio del Astillero; uno, <a href=\"http:\/\/www.barcelonasc.com.ec\/\">Barcelona SC<\/a> naci\u00f3 en una esquina de la Escuela Modelo Nueve de Octubre (a\u00fan en funcionamiento, en Eloy Alfaro y Francisco de Marcos), en 1925; y el otro, <a href=\"http:\/\/www.emelec.com.ec\/\">Emelec<\/a>, en las instalaciones de la Empresa El\u00e9ctrica del Ecuador (Eloy Alfaro y Portete), en 1929.<\/p>\n<p>Emelec y Barcelona se enfrentaron por primera vez un domingo 22 de agosto de 1943. El cotejo inaugural, de este que luego se convertir\u00eda en el m\u00e1s grande cl\u00e1sicoecuatoriano, fue en el Estadio Guayaquil (donde hoy queda el Ram\u00f3n Unamuno). La primera victoria fue para Barcelona por 4-3 y fue sorpresiva por considerar al cuadro amarillo modesto frente a su rival siempre m\u00e1s poderoso y acomodado.<\/p>\n<div id=\"attachment_51\" style=\"width: 310px\" class=\"wp-caption alignnone\"><img loading=\"lazy\" decoding=\"async\" aria-describedby=\"caption-attachment-51\" class=\"size-medium wp-image-51\" src=\"http:\/\/blog.espol.edu.ec\/diolbaja\/files\/2016\/05\/estadio_monumental_1-300x199.jpg\" alt=\"La afici\u00f3n m\u00e1s grande de Guayaquil.\" width=\"300\" height=\"199\" srcset=\"https:\/\/blog.espol.edu.ec\/diolbaja\/files\/2016\/05\/estadio_monumental_1-300x199.jpg 300w, https:\/\/blog.espol.edu.ec\/diolbaja\/files\/2016\/05\/estadio_monumental_1-768x510.jpg 768w, https:\/\/blog.espol.edu.ec\/diolbaja\/files\/2016\/05\/estadio_monumental_1.jpg 800w\" sizes=\"auto, (max-width: 300px) 100vw, 300px\" \/><p id=\"caption-attachment-51\" class=\"wp-caption-text\">La afici\u00f3n m\u00e1s grande de Guayaquil.<\/p><\/div>\n<div id=\"attachment_52\" style=\"width: 310px\" class=\"wp-caption alignnone\"><img loading=\"lazy\" decoding=\"async\" aria-describedby=\"caption-attachment-52\" class=\"size-medium wp-image-52\" src=\"http:\/\/blog.espol.edu.ec\/diolbaja\/files\/2016\/05\/Estadio_George_Capwell_hinchada_de_EMELEC-300x199.jpg\" alt=\"La Hinchada Azul.\" width=\"300\" height=\"199\" srcset=\"https:\/\/blog.espol.edu.ec\/diolbaja\/files\/2016\/05\/Estadio_George_Capwell_hinchada_de_EMELEC-300x199.jpg 300w, https:\/\/blog.espol.edu.ec\/diolbaja\/files\/2016\/05\/Estadio_George_Capwell_hinchada_de_EMELEC-768x510.jpg 768w, https:\/\/blog.espol.edu.ec\/diolbaja\/files\/2016\/05\/Estadio_George_Capwell_hinchada_de_EMELEC-1024x680.jpg 1024w\" sizes=\"auto, (max-width: 300px) 100vw, 300px\" \/><p id=\"caption-attachment-52\" class=\"wp-caption-text\">La Hinchada Azul.<\/p><\/div>\n<p>\u00a1SIN LUGAR A DUDAS TANTO! el <a href=\"https:\/\/es.wikipedia.org\/wiki\/Cl%C3%A1sico_del_Astillero\">Cl\u00e1sico del Astillero<\/a>\u00a0es un acontecimiento importante en la ciudad y todo visitante o turista debe conocer los estadios <a href=\"https:\/\/www.google.com.ec\/maps\/place\/Estadio+De+Barcelona+Sporting+Club\/@-2.1858374,-79.9272108,17z\/data=!3m1!4b1!4m5!3m4!1s0x902d7203dfcbd199:0xcbbc2d83608b175e!8m2!3d-2.1858428!4d-79.9250221\">Monumental<\/a> y <a href=\"https:\/\/www.google.com.ec\/maps\/place\/Estadio+George+Lewis+Capwell\/@-2.2060085,-79.8965589,17z\/data=!4m8!1m2!2m1!1sestadio+capwell!3m4!1s0x902d6e6a574494e7:0x4f4ef80f35b0d33!8m2!3d-2.2067158!4d-79.8937912\">Capwell<\/a>\u00a0que son monumentos importantes en la historia de la ciudad y para la urbe guayaquile\u00f1a.<\/p>\n","protected":false},"excerpt":{"rendered":"<p>La fundaci\u00f3n de ambos clubes tuvo un origen barrial com\u00fan: el Barrio del Astillero; uno, Barcelona SC naci\u00f3 en una esquina de la Escuela Modelo Nueve de Octubre (a\u00fan en funcionamiento, en Eloy Alfaro y Francisco de Marcos), en 1925; y el otro, Emelec, en las instalaciones de la Empresa El\u00e9ctrica del Ecuador (Eloy Alfaro [&hellip;]<\/p>\n","protected":false},"author":10180,"featured_media":0,"parent":0,"menu_order":0,"comment_status":"closed","ping_status":"closed","template":"","meta":{"footnotes":""},"class_list":["post-50","page","type-page","status-publish","hentry"],"_links":{"self":[{"href":"https:\/\/blog.espol.edu.ec\/diolbaja\/wp-json\/wp\/v2\/pages\/50","targetHints":{"allow":["GET"]}}],"collection":[{"href":"https:\/\/blog.espol.edu.ec\/diolbaja\/wp-json\/wp\/v2\/pages"}],"about":[{"href":"https:\/\/blog.espol.edu.ec\/diolbaja\/wp-json\/wp\/v2\/types\/page"}],"author":[{"embeddable":true,"href":"https:\/\/blog.espol.edu.ec\/diolbaja\/wp-json\/wp\/v2\/users\/10180"}],"replies":[{"embeddable":true,"href":"https:\/\/blog.espol.edu.ec\/diolbaja\/wp-json\/wp\/v2\/comments?post=50"}],"version-history":[{"count":2,"href":"https:\/\/blog.espol.edu.ec\/diolbaja\/wp-json\/wp\/v2\/pages\/50\/revisions"}],"predecessor-version":[{"id":54,"href":"https:\/\/blog.espol.edu.ec\/diolbaja\/wp-json\/wp\/v2\/pages\/50\/revisions\/54"}],"wp:attachment":[{"href":"https:\/\/blog.espol.edu.ec\/diolbaja\/wp-json\/wp\/v2\/media?parent=50"}],"curies":[{"name":"wp","href":"https:\/\/api.w.org\/{rel}","templated":true}]}}

VISITA CLÁSICA

<p>La fundación de ambos clubes tuvo un origen barrial común: el Barrio del Astillero; uno, <a href="http://www.barcelonasc.com.ec/">Barcelona SC</a> nació en una esquina de la Escuela Modelo Nueve de Octubre (aún en funcionamiento, en Eloy Alfaro y Francisco de Marcos), en 1925; y el otro, <a href="http://www.emelec.com.ec/">Emelec</a>, en las instalaciones de la Empresa Eléctrica del Ecuador (Eloy Alfaro y Portete), en 1929.</p>
<p>Emelec y Barcelona se enfrentaron por primera vez un domingo 22 de agosto de 1943. El cotejo inaugural, de este que luego se convertiría en el más grande clásicoecuatoriano, fue en el Estadio Guayaquil (donde hoy queda el Ramón Unamuno). La primera victoria fue para Barcelona por 4-3 y fue sorpresiva por considerar al cuadro amarillo modesto frente a su rival siempre más poderoso y acomodado.</p>
<div id="attachment_51" style="width: 310px" class="wp-caption alignnone"><img loading="lazy" decoding="async" aria-describedby="caption-attachment-51" class="size-medium wp-image-51" src="http://blog.espol.edu.ec/diolbaja/files/2016/05/estadio_monumental_1-300x199.jpg" alt="La afición más grande de Guayaquil." width="300" height="199" srcset="https://blog.espol.edu.ec/diolbaja/files/2016/05/estadio_monumental_1-300x199.jpg 300w, https://blog.espol.edu.ec/diolbaja/files/2016/05/estadio_monumental_1-768x510.jpg 768w, https://blog.espol.edu.ec/diolbaja/files/2016/05/estadio_monumental_1.jpg 800w" sizes="auto, (max-width: 300px) 100vw, 300px" /><p id="caption-attachment-51" class="wp-caption-text">La afición más grande de Guayaquil.</p></div>
<div id="attachment_52" style="width: 310px" class="wp-caption alignnone"><img loading="lazy" decoding="async" aria-describedby="caption-attachment-52" class="size-medium wp-image-52" src="http://blog.espol.edu.ec/diolbaja/files/2016/05/Estadio_George_Capwell_hinchada_de_EMELEC-300x199.jpg" alt="La Hinchada Azul." width="300" height="199" srcset="https://blog.espol.edu.ec/diolbaja/files/2016/05/Estadio_George_Capwell_hinchada_de_EMELEC-300x199.jpg 300w, https://blog.espol.edu.ec/diolbaja/files/2016/05/Estadio_George_Capwell_hinchada_de_EMELEC-768x510.jpg 768w, https://blog.espol.edu.ec/diolbaja/files/2016/05/Estadio_George_Capwell_hinchada_de_EMELEC-1024x680.jpg 1024w" sizes="auto, (max-width: 300px) 100vw, 300px" /><p id="caption-attachment-52" class="wp-caption-text">La Hinchada Azul.</p></div>
<p>¡SIN LUGAR A DUDAS TANTO! el <a href="https://es.wikipedia.org/wiki/Cl%C3%A1sico_del_Astillero">Clásico del Astillero</a> es un acontecimiento importante en la ciudad y todo visitante o turista debe conocer los estadios <a href="https://www.google.com.ec/maps/place/Estadio+De+Barcelona+Sporting+Club/@-2.1858374,-79.9272108,17z/data=!3m1!4b1!4m5!3m4!1s0x902d7203dfcbd199:0xcbbc2d83608b175e!8m2!3d-2.1858428!4d-79.9250221">Monumental</a> y <a href="https://www.google.com.ec/maps/place/Estadio+George+Lewis+Capwell/@-2.2060085,-79.8965589,17z/data=!4m8!1m2!2m1!1sestadio+capwell!3m4!1s0x902d6e6a574494e7:0x4f4ef80f35b0d33!8m2!3d-2.2067158!4d-79.8937912">Capwell</a> que son monumentos importantes en la historia de la ciudad y para la urbe guayaquileña.</p>

<p>La fundación de ambos clubes tuvo un origen barrial común: el Barrio del Astillero; uno, Barcelona SC nació en una esquina de la Escuela Modelo Nueve de Octubre (aún en funcionamiento, en Eloy Alfaro y Francisco de Marcos), en 1925; y el otro, Emelec, en las instalaciones de la Empresa Eléctrica del Ecuador (Eloy Alfaro [&hellip;]</p>
