{"id":2,"date":"2013-11-05T18:27:03","date_gmt":"2013-11-05T18:27:03","guid":{"rendered":"http:\/\/blog.espol.edu.ec\/djsuarez\/?page_id=2"},"modified":"2013-12-10T19:05:02","modified_gmt":"2013-12-10T19:05:02","slug":"imagenes-fidelidad","status":"publish","type":"page","link":"https:\/\/blog.espol.edu.ec\/djsuarez\/imagenes-fidelidad\/","title":{"rendered":"Im\u00e1genes"},"content":{"rendered":"<p><a href=\"http:\/\/blog.espol.edu.ec\/djsuarez\/files\/2013\/11\/45344_10151375568250757_164974511_n.jpg\"><img loading=\"lazy\" decoding=\"async\" src=\"http:\/\/blog.espol.edu.ec\/djsuarez\/files\/2013\/11\/45344_10151375568250757_164974511_n-300x225.jpg\" alt=\"45344_10151375568250757_164974511_n\" width=\"300\" height=\"225\" class=\"alignnone size-medium wp-image-69\" srcset=\"https:\/\/blog.espol.edu.ec\/djsuarez\/files\/2013\/11\/45344_10151375568250757_164974511_n-300x225.jpg 300w, https:\/\/blog.espol.edu.ec\/djsuarez\/files\/2013\/11\/45344_10151375568250757_164974511_n.jpg 604w\" sizes=\"auto, (max-width: 300px) 100vw, 300px\" \/><\/a><\/p>\n<p><a href=\"http:\/\/blog.espol.edu.ec\/djsuarez\/files\/2013\/11\/295264_517711318246363_506305331_n.jpg\"><img loading=\"lazy\" decoding=\"async\" src=\"http:\/\/blog.espol.edu.ec\/djsuarez\/files\/2013\/11\/295264_517711318246363_506305331_n-300x225.jpg\" alt=\"295264_517711318246363_506305331_n\" width=\"300\" height=\"225\" class=\"alignnone size-medium wp-image-73\" srcset=\"https:\/\/blog.espol.edu.ec\/djsuarez\/files\/2013\/11\/295264_517711318246363_506305331_n-300x225.jpg 300w, https:\/\/blog.espol.edu.ec\/djsuarez\/files\/2013\/11\/295264_517711318246363_506305331_n.jpg 960w\" sizes=\"auto, (max-width: 300px) 100vw, 300px\" \/><\/a><\/p>\n<p><a href=\"http:\/\/blog.espol.edu.ec\/djsuarez\/files\/2013\/11\/602850_4760050471677_76174224_n.jpg\"><img loading=\"lazy\" decoding=\"async\" src=\"http:\/\/blog.espol.edu.ec\/djsuarez\/files\/2013\/11\/602850_4760050471677_76174224_n-300x168.jpg\" alt=\"602850_4760050471677_76174224_n\" width=\"300\" height=\"168\" class=\"alignnone size-medium wp-image-87\" srcset=\"https:\/\/blog.espol.edu.ec\/djsuarez\/files\/2013\/11\/602850_4760050471677_76174224_n-300x168.jpg 300w, https:\/\/blog.espol.edu.ec\/djsuarez\/files\/2013\/11\/602850_4760050471677_76174224_n.jpg 960w\" sizes=\"auto, (max-width: 300px) 100vw, 300px\" \/><\/a><br \/>\n<a href=\"http:\/\/blog.espol.edu.ec\/djsuarez\/files\/2013\/11\/Prosigo-a-la-Meta.jpg\"><img loading=\"lazy\" decoding=\"async\" class=\"alignnone size-medium wp-image-52\" alt=\"PROSEGUIR AL BLANCO\" src=\"http:\/\/blog.espol.edu.ec\/djsuarez\/files\/2013\/11\/Prosigo-a-la-Meta-300x187.jpg\" width=\"300\" height=\"187\" srcset=\"https:\/\/blog.espol.edu.ec\/djsuarez\/files\/2013\/11\/Prosigo-a-la-Meta-300x187.jpg 300w, https:\/\/blog.espol.edu.ec\/djsuarez\/files\/2013\/11\/Prosigo-a-la-Meta-1024x640.jpg 1024w, https:\/\/blog.espol.edu.ec\/djsuarez\/files\/2013\/11\/Prosigo-a-la-Meta.jpg 1920w\" sizes=\"auto, (max-width: 300px) 100vw, 300px\" \/><\/a><\/p>\n<div id=\"attachment_31\" style=\"width: 310px\" class=\"wp-caption alignnone\"><a href=\"http:\/\/blog.espol.edu.ec\/djsuarez\/files\/2013\/11\/Grande-es-tu-Fidelidad-e1384584487233.jpg\"><img loading=\"lazy\" decoding=\"async\" aria-describedby=\"caption-attachment-31\" class=\"size-medium wp-image-31\" alt=\"Como autor abri\u00f3 un camino nuevo para que andemos por \u00c9l. Y consumador, porque Jes\u00fas est\u00e1 activamente involucrado para que lleguemos a la meta final.\" src=\"http:\/\/blog.espol.edu.ec\/djsuarez\/files\/2013\/11\/Grande-es-tu-Fidelidad-e1384584487233-300x187.jpg\" width=\"300\" height=\"187\" srcset=\"https:\/\/blog.espol.edu.ec\/djsuarez\/files\/2013\/11\/Grande-es-tu-Fidelidad-e1384584487233-300x187.jpg 300w, https:\/\/blog.espol.edu.ec\/djsuarez\/files\/2013\/11\/Grande-es-tu-Fidelidad-e1384584487233-1024x640.jpg 1024w, https:\/\/blog.espol.edu.ec\/djsuarez\/files\/2013\/11\/Grande-es-tu-Fidelidad-e1384584487233.jpg 1920w\" sizes=\"auto, (max-width: 300px) 100vw, 300px\" \/><\/a><p id=\"caption-attachment-31\" class=\"wp-caption-text\">Jes\u00fas es el autor y consumador de la fe.<\/p><\/div>\n","protected":false},"excerpt":{"rendered":"","protected":false},"author":8881,"featured_media":0,"parent":0,"menu_order":0,"comment_status":"open","ping_status":"open","template":"","meta":{"footnotes":""},"class_list":["post-2","page","type-page","status-publish","hentry"],"_links":{"self":[{"href":"https:\/\/blog.espol.edu.ec\/djsuarez\/wp-json\/wp\/v2\/pages\/2","targetHints":{"allow":["GET"]}}],"collection":[{"href":"https:\/\/blog.espol.edu.ec\/djsuarez\/wp-json\/wp\/v2\/pages"}],"about":[{"href":"https:\/\/blog.espol.edu.ec\/djsuarez\/wp-json\/wp\/v2\/types\/page"}],"author":[{"embeddable":true,"href":"https:\/\/blog.espol.edu.ec\/djsuarez\/wp-json\/wp\/v2\/users\/8881"}],"replies":[{"embeddable":true,"href":"https:\/\/blog.espol.edu.ec\/djsuarez\/wp-json\/wp\/v2\/comments?post=2"}],"version-history":[{"count":6,"href":"https:\/\/blog.espol.edu.ec\/djsuarez\/wp-json\/wp\/v2\/pages\/2\/revisions"}],"predecessor-version":[{"id":100,"href":"https:\/\/blog.espol.edu.ec\/djsuarez\/wp-json\/wp\/v2\/pages\/2\/revisions\/100"}],"wp:attachment":[{"href":"https:\/\/blog.espol.edu.ec\/djsuarez\/wp-json\/wp\/v2\/media?parent=2"}],"curies":[{"name":"wp","href":"https:\/\/api.w.org\/{rel}","templated":true}]}}