{"id":20,"date":"2013-11-10T04:22:38","date_gmt":"2013-11-10T04:22:38","guid":{"rendered":"http:\/\/blog.espol.edu.ec\/djsuarez\/?page_id=20"},"modified":"2013-11-24T02:42:20","modified_gmt":"2013-11-24T02:42:20","slug":"momentos","status":"publish","type":"page","link":"https:\/\/blog.espol.edu.ec\/djsuarez\/momentos\/","title":{"rendered":"Eventos!"},"content":{"rendered":"<p>La Sociedad Amigos del Rey\u00a0se alista para uno de los eventos m\u00e1s importantes y esperados durante todo el a\u00f1o la \"Cena de Navidad\" que con la bendici\u00f3n de Dios se llevar\u00e1 a cabo el s\u00e1bado 21 de Diciembre.<\/p>\n<p>Recuerdo-En la Cena 2012<\/p>\n<p><a href=\"http:\/\/blog.espol.edu.ec\/djsuarez\/files\/2013\/11\/218055_10200130317727626_2141779975_n.jpg\"><img loading=\"lazy\" decoding=\"async\" class=\"alignnone size-medium wp-image-70\" alt=\"218055_10200130317727626_2141779975_n\" src=\"http:\/\/blog.espol.edu.ec\/djsuarez\/files\/2013\/11\/218055_10200130317727626_2141779975_n-300x168.jpg\" width=\"300\" height=\"168\" srcset=\"https:\/\/blog.espol.edu.ec\/djsuarez\/files\/2013\/11\/218055_10200130317727626_2141779975_n-300x168.jpg 300w, https:\/\/blog.espol.edu.ec\/djsuarez\/files\/2013\/11\/218055_10200130317727626_2141779975_n.jpg 960w\" sizes=\"auto, (max-width: 300px) 100vw, 300px\" \/><\/a><\/p>\n<p>Aniversario 22<\/p>\n<p><a href=\"http:\/\/blog.espol.edu.ec\/djsuarez\/files\/2013\/11\/392063_4468057946493_1947369591_n.jpg\"><img loading=\"lazy\" decoding=\"async\" class=\"alignnone size-medium wp-image-72\" alt=\"392063_4468057946493_1947369591_n\" src=\"http:\/\/blog.espol.edu.ec\/djsuarez\/files\/2013\/11\/392063_4468057946493_1947369591_n-255x300.jpg\" width=\"255\" height=\"300\" srcset=\"https:\/\/blog.espol.edu.ec\/djsuarez\/files\/2013\/11\/392063_4468057946493_1947369591_n-255x300.jpg 255w, https:\/\/blog.espol.edu.ec\/djsuarez\/files\/2013\/11\/392063_4468057946493_1947369591_n.jpg 818w\" sizes=\"auto, (max-width: 255px) 100vw, 255px\" \/><\/a><\/p>\n<p>En las Olimpiadas 2013<\/p>\n<p><a href=\"http:\/\/blog.espol.edu.ec\/djsuarez\/files\/2013\/11\/598961_275511579248915_89458253_n.jpg\"><img loading=\"lazy\" decoding=\"async\" class=\"alignnone size-medium wp-image-71\" alt=\"598961_275511579248915_89458253_n\" src=\"http:\/\/blog.espol.edu.ec\/djsuarez\/files\/2013\/11\/598961_275511579248915_89458253_n-300x225.jpg\" width=\"300\" height=\"225\" srcset=\"https:\/\/blog.espol.edu.ec\/djsuarez\/files\/2013\/11\/598961_275511579248915_89458253_n-300x225.jpg 300w, https:\/\/blog.espol.edu.ec\/djsuarez\/files\/2013\/11\/598961_275511579248915_89458253_n.jpg 960w\" sizes=\"auto, (max-width: 300px) 100vw, 300px\" \/><\/a><\/p>\n","protected":false},"excerpt":{"rendered":"<p>La Sociedad Amigos del Rey\u00a0se alista para uno de los eventos m\u00e1s importantes y esperados durante todo el a\u00f1o la \"Cena de Navidad\" que con la bendici\u00f3n de Dios se llevar\u00e1 a cabo el s\u00e1bado 21 de Diciembre. Recuerdo-En la Cena 2012 Aniversario 22 En las Olimpiadas 2013<\/p>\n","protected":false},"author":8881,"featured_media":0,"parent":0,"menu_order":0,"comment_status":"open","ping_status":"open","template":"","meta":{"footnotes":""},"class_list":["post-20","page","type-page","status-publish","hentry"],"_links":{"self":[{"href":"https:\/\/blog.espol.edu.ec\/djsuarez\/wp-json\/wp\/v2\/pages\/20","targetHints":{"allow":["GET"]}}],"collection":[{"href":"https:\/\/blog.espol.edu.ec\/djsuarez\/wp-json\/wp\/v2\/pages"}],"about":[{"href":"https:\/\/blog.espol.edu.ec\/djsuarez\/wp-json\/wp\/v2\/types\/page"}],"author":[{"embeddable":true,"href":"https:\/\/blog.espol.edu.ec\/djsuarez\/wp-json\/wp\/v2\/users\/8881"}],"replies":[{"embeddable":true,"href":"https:\/\/blog.espol.edu.ec\/djsuarez\/wp-json\/wp\/v2\/comments?post=20"}],"version-history":[{"count":5,"href":"https:\/\/blog.espol.edu.ec\/djsuarez\/wp-json\/wp\/v2\/pages\/20\/revisions"}],"predecessor-version":[{"id":85,"href":"https:\/\/blog.espol.edu.ec\/djsuarez\/wp-json\/wp\/v2\/pages\/20\/revisions\/85"}],"wp:attachment":[{"href":"https:\/\/blog.espol.edu.ec\/djsuarez\/wp-json\/wp\/v2\/media?parent=20"}],"curies":[{"name":"wp","href":"https:\/\/api.w.org\/{rel}","templated":true}]}}