{"id":2,"date":"2016-05-24T21:02:40","date_gmt":"2016-05-24T21:02:40","guid":{"rendered":"http:\/\/blog.espol.edu.ec\/dkperez\/?page_id=2"},"modified":"2016-06-01T04:36:47","modified_gmt":"2016-06-01T04:36:47","slug":"mugiwarasquotes","status":"publish","type":"page","link":"https:\/\/blog.espol.edu.ec\/dkperez\/mugiwarasquotes\/","title":{"rendered":"Mugiwaras Quotes"},"content":{"rendered":"<p>\u00a1Hola chicos! \u00bfQu\u00e9 tal les parece el blog? S\u00e9 que a\u00fan no est\u00e1 ''completo'' pero prometo que los seguir\u00e9 informando\u00a0de alguna que otra cosita que encuentre mientras navego en el amplio mundo del internet, je xD<\/p>\n<p>Con esto, les dej\u00f3 aqu\u00ed algo que encontr\u00e9 por ah\u00ed y vengo a <del>plagiar<\/del> compartir con ustedes<\/p>\n<p>Las citas m\u00e1s interesantes que han dicho los <a href=\"http:\/\/es.onepiece.wikia.com\/wiki\/Piratas_de_Sombrero_de_Paja\">Mugiwaras<\/a><\/p>\n<p>Monkey D. Luffy<\/p>\n<ul>\n<li>\"No me importa morir intentando ser el Rey de los Piratas. S\u00f3lo s\u00e9 que eso es lo que quiero. Y es todo lo que me importa\".<\/li>\n<li>\"\u00a1CARNE!\"<\/li>\n<li>\"Has hecho llorar a uno de mis nakamas, ahora ya no hay nada que pueda salvarte.\"<\/li>\n<li>\"Vivi, \u00bfnunca has escuchado el dicho que dice: <i>si tienes hambre<\/i>, <i>come<\/i>?\"<\/li>\n<li>''Si no arriesgas tu vida, jam\u00e1s podr\u00e1s crear un futuro''.<\/li>\n<li>\"\u00bfAcaso existe algo m\u00e1s valioso que tus sue\u00f1os?\"<\/li>\n<\/ul>\n<p>Roronoa Zoro<\/p>\n<ul>\n<li>''Cuando tienes mala suerte debes enfrentarla, nadie va a venir a salvarte aunque pongas excusas, \u00a1Si muero, entonces sabr\u00e9 que no estaba destinado a llegar mas lejos!''.<\/li>\n<li>''Yo nunca me pierdo... son los demas los que no me encuentran''.<\/li>\n<li>''Si no puedo proteger el sue\u00f1o de mi capit\u00e1n, mi ambici\u00f3n es in\u00fatil''.<\/li>\n<li>''\u00a1Luffy es el hombre que se convertir\u00e1 en el rey de los piratas!''<\/li>\n<\/ul>\n<p>Sanji<\/p>\n<ul>\n<li>''Nunca negar\u00e9 la comida a una persona hambrienta''.<\/li>\n<li>''Nunca golpear\u00e9 a una mujer aunque mi vida dependa de ello''.<\/li>\n<li>\"Yo no nac\u00ed para ser amigo de las mujeres, yo nac\u00ed para amar a las mujeres\".<\/li>\n<li>\"Yo soy Sanji un verdadero hombre que regres\u00f3 del infierno\".<\/li>\n<li>\"Un hombre debe perdonar las mentiras de una mujer\".<\/li>\n<li>\"No me importa si mueres por tu orgullo... Si comes, podr\u00e1s ver lo que te ofrece el ma\u00f1ana\".<\/li>\n<li>\"Un hombre que no es capaz de secar las l\u00e1grimas de una mujer no es un hombre\".<\/li>\n<li>\"Nunca dudar\u00e9 de las l\u00e1grimas de una mujer\".<\/li>\n<\/ul>\n<p>Nami<\/p>\n<ul>\n<li>''\u00bfCual es la finalidad de tener lo que deseo si no podr\u00e9 compartirlo?''<\/li>\n<li>''Todos se debilitan cuando dudan''.<\/li>\n<li>''Primero el dinero, luego mi vida y luego... vosotros''.<\/li>\n<\/ul>\n<p>Usopp<\/p>\n<ul>\n<li>''No hay nada m\u00e1s pat\u00e9tico que un perdedor con sentimiento de culpa''.<\/li>\n<li>''Tengo la enfermedad de que si entro en esa isla me muero''.<\/li>\n<li>''El capit\u00e1n es un hombre capaz de convertir todas sus mentiras en realidad''.<\/li>\n<li>''Esc\u00fachame Chopper... Incluso si te estas enfrentando a terribles rivales, incluso si son imposibles de vencer... Hay momentos en los que un hombre debe levantarse y luchar... Esos momentos son cuando se r\u00eden de los sue\u00f1os de tus amigos... \u00a1Luffy no morir\u00e1! \u00a1Luffy se convertir\u00e1 en el Rey de los Piratas, y yo no dejar\u00e9 que nadie se r\u00eda de \u00e9l!''<\/li>\n<li>''Hay ocasiones en las que un hombre no puede eludir la batalla''.<\/li>\n<\/ul>\n<p>Tony Tony Chopper<\/p>\n<ul>\n<li>''\u00a1No digas eso, que me da mucha verg\u00fcenza!''<\/li>\n<li>''\u00a1Que no soy un mapache!, \u00bfno ves mis cuernos?''<\/li>\n<li>''Ya te hare una medicina Zoro... \u00a1\u00a1Para la estupidez!!''<\/li>\n<\/ul>\n<p>Brook<\/p>\n<ul>\n<li>''Morir no es excusa para faltar a una promesa''.<\/li>\n<li>''Los proteger\u00e9 aunque me cueste la vida, un momento, yo ya estoy muerto YOHOHO''.<\/li>\n<li>''Se\u00f1orita, \u00bfseria tan amable de mostrarme sus bragas?''<\/li>\n<\/ul>\n<p>Nico Robin<\/p>\n<ul>\n<li>''\u00a1QUIERO VIVIR! \u00a1LLEVADME AL MAR, CON VOSOTROS!''<\/li>\n<li>''La historia puede repetirse, pero las personas no vuelven al pasado''.<\/li>\n<\/ul>\n<p>Y bueno, solo colgu\u00e9 las que m\u00e1s caracterizan a cada personaje. Espero les haya gustado y sacado alguna sonrisa recordando alguno de estos \u00e9picos momentos :3<\/p>\n<p>\u00a1Nos vemos!<\/p>\n<form id=\"vozme_form_2d1f1fef28473003e0f3dcd62f8a732c\" method=\"post\" name=\"vozme_form_2d1f1fef28473003e0f3dcd62f8a732c\" target=\"2d1f1fef28473003e0f3dcd62f8a732c\" action=\"http:\/\/vozme.com\/text2voice.php\"><input name=\"text\" type=\"hidden\" value=\"Mugiwaras Quotes. \u00a1Hola chicos! \u00bfQu\u00e9 tal les parece el blog? S\u00e9 que a\u00fan no est\u00e1 &quot;&quot;completo&quot;&quot; pero prometo que los seguir\u00e9 informando\u00a0de alguna que otra cosita que encuentre mientras navego en el amplio mundo del internet, je xD\nCon esto, les dej\u00f3 aqu\u00ed algo que encontr\u00e9 por ah\u00ed y vengo a plagiar compartir con ustedes\nLas citas m\u00e1s interesantes que han dicho los Mugiwaras\nMonkey D. Luffy\n\n&quot;No me importa morir intentando ser el Rey de los Piratas. S\u00f3lo s\u00e9 que eso es lo que quiero. Y es todo lo que me importa&quot;.\n&quot;\u00a1CARNE!&quot;\n&quot;Has hecho llorar a uno de mis nakamas, ahora ya no hay nada que pueda salvarte.&quot;\n&quot;Vivi, \u00bfnunca has escuchado el dicho que dice: si tienes hambre, come?&quot;\n&quot;&quot;Si no arriesgas tu vida, jam\u00e1s podr\u00e1s crear un futuro&quot;&quot;.\n&quot;\u00bfAcaso existe algo m\u00e1s valioso que tus sue\u00f1os?&quot;\n\nRoronoa Zoro\n\n&quot;&quot;Cuando tienes mala suerte debes enfrentarla, nadie va a venir a salvarte aunque pongas excusas, \u00a1Si muero, entonces sabr\u00e9 que no estaba destinado a llegar mas lejos!&quot;&quot;.\n&quot;&quot;Yo nunca me pierdo... son los demas los que no me encuentran&quot;&quot;.\n&quot;&quot;Si no puedo proteger el sue\u00f1o de mi capit\u00e1n, mi ambici\u00f3n es in\u00fatil&quot;&quot;.\n&quot;&quot;\u00a1Luffy es el hombre que se convertir\u00e1 en el rey de los piratas!&quot;&quot;\n\nSanji\n\n&quot;&quot;Nunca negar\u00e9 la comida a una persona hambrienta&quot;&quot;.\n&quot;&quot;Nunca golpear\u00e9 a una mujer aunque mi vida dependa de ello&quot;&quot;.\n&quot;Yo no nac\u00ed para ser amigo de las mujeres, yo nac\u00ed para amar a las mujeres&quot;.\n&quot;Yo soy Sanji un verdadero hombre que regres\u00f3 del infierno&quot;.\n&quot;Un hombre debe perdonar las mentiras de una mujer&quot;.\n&quot;No me importa si mueres por tu orgullo... Si comes, podr\u00e1s ver lo que te ofrece el ma\u00f1ana&quot;.\n&quot;Un hombre que no es capaz de secar las l\u00e1grimas de una mujer no es un hombre&quot;.\n&quot;Nunca dudar\u00e9 de las l\u00e1grimas de una mujer&quot;.\n\nNami\n\n&quot;&quot;\u00bfCual es la finalidad de tener lo que deseo si no podr\u00e9 compartirlo?&quot;&quot;\n&quot;&quot;Todos se debilitan cuando dudan&quot;&quot;.\n&quot;&quot;Primero el dinero, luego mi vida y luego... vosotros&quot;&quot;.\n\nUsopp\n\n&quot;&quot;No hay nada m\u00e1s pat\u00e9tico que un perdedor con sentimiento de culpa&quot;&quot;.\n&quot;&quot;Tengo la enfermedad de que si entro en esa isla me muero&quot;&quot;.\n&quot;&quot;El capit\u00e1n es un hombre capaz de convertir todas sus mentiras en realidad&quot;&quot;.\n&quot;&quot;Esc\u00fachame Chopper... Incluso si te estas enfrentando a terribles rivales, incluso si son imposibles de vencer... Hay momentos en los que un hombre debe levantarse y luchar... Esos momentos son cuando se r\u00eden de los sue\u00f1os de tus amigos... \u00a1Luffy no morir\u00e1! \u00a1Luffy se convertir\u00e1 en el Rey de los Piratas, y yo no dejar\u00e9 que nadie se r\u00eda de \u00e9l!&quot;&quot;\n&quot;&quot;Hay ocasiones en las que un hombre no puede eludir la batalla&quot;&quot;.\n\nTony Tony Chopper\n\n&quot;&quot;\u00a1No digas eso, que me da mucha verg\u00fcenza!&quot;&quot;\n&quot;&quot;\u00a1Que no soy un mapache!, \u00bfno ves mis cuernos?&quot;&quot;\n&quot;&quot;Ya te hare una medicina Zoro... \u00a1\u00a1Para la estupidez!!&quot;&quot;\n\nBrook\n\n&quot;&quot;Morir no es excusa para faltar a una promesa&quot;&quot;.\n&quot;&quot;Los proteger\u00e9 aunque me cueste la vida, un momento, yo ya estoy muerto YOHOHO&quot;&quot;.\n&quot;&quot;Se\u00f1orita, \u00bfseria tan amable de mostrarme sus bragas?&quot;&quot;\n\nNico Robin\n\n&quot;&quot;\u00a1QUIERO VIVIR! \u00a1LLEVADME AL MAR, CON VOSOTROS!&quot;&quot;\n&quot;&quot;La historia puede repetirse, pero las personas no vuelven al pasado&quot;&quot;.\n\nY bueno, solo colgu\u00e9 las que m\u00e1s caracterizan a cada personaje. Espero les haya gustado y sacado alguna sonrisa recordando alguno de estos \u00e9picos momentos :3\n\u00a1Nos vemos!\n\" \/><input name=\"lang\" type=\"hidden\" value=\"es\" \/><input name=\"gn\" type=\"hidden\" value=\"fm\" \/><input type=\"hidden\" id=\"interface\" name=\"interface\" value=\"full\" \/>\n\t\t\t<div style=\"text-align:left;\">\n\t\t\t\n\t\t\t\t<input style=\"float:left;\" type=\"image\" width=\"32\" height=\"32\" src=\"http:\/\/blog.espol.edu.ec\/dkperez\/wp-content\/plugins\/vozme\/img\/paper_sound32x32.gif\" alt=\"Escucha este post\" onclick=\"window.open('', '2d1f1fef28473003e0f3dcd62f8a732c', 'width=600,height=370,scrollbars=yes,location=yes,menubar=yes,resizable=yes,status=yes,toolbar=yes');\">\n\t\t\t\t<div style=\"margin-left:40px; text-align:left;\"><a style=\"font-size:12px;\" href=\"javascript:void(0);\" onclick=\"window.open('', '2d1f1fef28473003e0f3dcd62f8a732c', 'width=600,height=370,scrollbars=yes,location=yes,menubar=yes,resizable=yes,status=yes,toolbar=yes'); document.getElementById('vozme_form_2d1f1fef28473003e0f3dcd62f8a732c').submit();\">Escucha<br\/>este post<\/a><\/div>\n\t\t\t<\/div><\/form>","protected":false},"excerpt":{"rendered":"<p>\u00a1Hola chicos! \u00bfQu\u00e9 tal les parece el blog? S\u00e9 que a\u00fan no est\u00e1 ''completo'' pero prometo que los seguir\u00e9 informando\u00a0de alguna que otra cosita que encuentre mientras navego en el amplio mundo del internet, je xD Con esto, les dej\u00f3 aqu\u00ed algo que encontr\u00e9 por ah\u00ed y vengo a plagiar compartir con ustedes Las citas [&hellip;]<\/p>\n","protected":false},"author":10402,"featured_media":65,"parent":0,"menu_order":0,"comment_status":"closed","ping_status":"open","template":"","meta":{"footnotes":""},"class_list":["post-2","page","type-page","status-publish","has-post-thumbnail","hentry"],"_links":{"self":[{"href":"https:\/\/blog.espol.edu.ec\/dkperez\/wp-json\/wp\/v2\/pages\/2","targetHints":{"allow":["GET"]}}],"collection":[{"href":"https:\/\/blog.espol.edu.ec\/dkperez\/wp-json\/wp\/v2\/pages"}],"about":[{"href":"https:\/\/blog.espol.edu.ec\/dkperez\/wp-json\/wp\/v2\/types\/page"}],"author":[{"embeddable":true,"href":"https:\/\/blog.espol.edu.ec\/dkperez\/wp-json\/wp\/v2\/users\/10402"}],"replies":[{"embeddable":true,"href":"https:\/\/blog.espol.edu.ec\/dkperez\/wp-json\/wp\/v2\/comments?post=2"}],"version-history":[{"count":2,"href":"https:\/\/blog.espol.edu.ec\/dkperez\/wp-json\/wp\/v2\/pages\/2\/revisions"}],"predecessor-version":[{"id":62,"href":"https:\/\/blog.espol.edu.ec\/dkperez\/wp-json\/wp\/v2\/pages\/2\/revisions\/62"}],"wp:featuredmedia":[{"embeddable":true,"href":"https:\/\/blog.espol.edu.ec\/dkperez\/wp-json\/wp\/v2\/media\/65"}],"wp:attachment":[{"href":"https:\/\/blog.espol.edu.ec\/dkperez\/wp-json\/wp\/v2\/media?parent=2"}],"curies":[{"name":"wp","href":"https:\/\/api.w.org\/{rel}","templated":true}]}}