{"id":49,"date":"2015-11-05T03:49:25","date_gmt":"2015-11-05T03:49:25","guid":{"rendered":"http:\/\/blog.espol.edu.ec\/drrivera\/?page_id=49"},"modified":"2015-11-07T03:15:31","modified_gmt":"2015-11-07T03:15:31","slug":"cultura-imbaburena","status":"publish","type":"page","link":"https:\/\/blog.espol.edu.ec\/drrivera\/cultura-imbaburena\/","title":{"rendered":"Cultura Imbabure\u00f1a"},"content":{"rendered":"<p><strong>INTI RAYMI\u00a0<\/strong><\/p>\n<p><a href=\"http:\/\/blog.espol.edu.ec\/drrivera\/files\/2015\/11\/inti.jpg\"><img loading=\"lazy\" decoding=\"async\" class=\"alignnone size-medium wp-image-50\" src=\"http:\/\/blog.espol.edu.ec\/drrivera\/files\/2015\/11\/inti-300x199.jpg\" alt=\"inti\" width=\"300\" height=\"199\" srcset=\"https:\/\/blog.espol.edu.ec\/drrivera\/files\/2015\/11\/inti-300x199.jpg 300w, https:\/\/blog.espol.edu.ec\/drrivera\/files\/2015\/11\/inti-1024x681.jpg 1024w, https:\/\/blog.espol.edu.ec\/drrivera\/files\/2015\/11\/inti.jpg 1504w\" sizes=\"auto, (max-width: 300px) 100vw, 300px\" \/><\/a><\/p>\n<p>El <a href=\"http:\/\/www.visitecuador.travel\/contenidos.php?menu=4&amp;submenu1=21&amp;id=177&amp;tipo=1&amp;idiom=1\" target=\"_blank\">Inti Raymi<\/a> es y significa \u201cFestividad Sagrada del Sol\u201d. Su origen hist\u00f3rico se remonta a los inicios del Imperio de los Incas en el Cusco, aunque tambi\u00e9n tuvo especial relevancia en el norte andino del actual Ecuador.\u00a0 Desde sus or\u00edgenes, el fundamento b\u00e1sico de esta festividad, la m\u00e1s importante en el Calendario festivo de los pueblos ind\u00edgenas de los Andes, es el Culto al Sol.\u00a0 Es el tiempo de agradecerle por su Luz, agradecer por las cosechas y exaltar la fecundidad de la tierra (La \u201cPacha Mama\u201d) en lengua kichwa. Fue y sigue siendo una festividad de alta connotaci\u00f3n espiritual tambi\u00e9n. Para los espa\u00f1oles, el Inti Raymi se tradujo como \u201cPascua Solemne del Sol\u201d.<\/p>\n<p>Las celebraciones incluyen coloridas representaciones teatrales populares de enorme dinamismo, con personajes mitol\u00f3gicos como el Aya Uma, l\u00edder espiritual de los pueblos, protector de la naturaleza, administrador de las energ\u00edas espirituales de las monta\u00f1as y personaje principal de estas representaciones, quien lleva un vestuario multicolor donde cada elemento tiene un especial significado. Su rostro y cabeza est\u00e1n cubiertos por una gran careta que tiene dos lados de modo que de frente o de espaldas, se observan los elementos simb\u00f3licos de cada uno de sus rostros.<\/p>\n<p class=\"style3\"><strong>\u00bfCu\u00e1ndo?<\/strong><\/p>\n<p>En el mes de Junio, en coincidencia con el <a href=\"https:\/\/es.wikipedia.org\/wiki\/Solsticio\" target=\"_blank\">Solsticio<\/a> de Verano (Junio 22).\u00a0 En el caso del Inti Raymi, algunos festejos en ciertas poblaciones de la serran\u00eda, se prolongan hasta agosto.<\/p>\n<p class=\"style3\"><strong>\u00bfD\u00f3nde?<\/strong><\/p>\n<p>Principalmente en la Regi\u00f3n Andina del Ecuador y con especial \u00e9nfasis en el norte, en las provincias de Imbabura y Pichincha (Inti Raymi).<\/p>\n<p><strong>LA CACER\u00cdA DEL ZORRO\u00a0<\/strong><\/p>\n<p><a href=\"http:\/\/blog.espol.edu.ec\/drrivera\/files\/2015\/11\/wp.jpg\"><img loading=\"lazy\" decoding=\"async\" class=\"alignnone size-medium wp-image-88\" src=\"http:\/\/blog.espol.edu.ec\/drrivera\/files\/2015\/11\/wp-300x167.jpg\" alt=\"wp\" width=\"300\" height=\"167\" srcset=\"https:\/\/blog.espol.edu.ec\/drrivera\/files\/2015\/11\/wp-300x167.jpg 300w, https:\/\/blog.espol.edu.ec\/drrivera\/files\/2015\/11\/wp.jpg 612w\" sizes=\"auto, (max-width: 300px) 100vw, 300px\" \/><\/a><\/p>\n<p>La cacer\u00eda del zorro consiste en una competencia <a href=\"https:\/\/es.wikipedia.org\/wiki\/H%C3%ADpica\" target=\"_blank\">h\u00edpica<\/a> de car\u00e1cter integral, con obst\u00e1culos naturales (pineroles), segmentos de velocidad, conducci\u00f3n y destreza de los jinetes, cuya organizaci\u00f3n y ejecuci\u00f3n es de responsabilidad del <a href=\"http:\/\/ciudad360.ec\/listing\/ibarra-tenis-country-club.html\" target=\"_blank\">Ibarra Tenis Country Club<\/a>. Existe un comit\u00e9 h\u00edpico, estructurado por: el director de la prueba, el\u00a0 jurado calificador y adjudicador de puestos, los jueces de campo y pista, quienes planifican y organizan para el buen desarrollo del evento.<br \/>\nSon tres los espect\u00e1culos que representa la cacer\u00eda del zorro: el desfile, el descenso de los pineroles y la persecuci\u00f3n. Los <a href=\"https:\/\/es.wikipedia.org\/wiki\/Jinete\" target=\"_blank\">jinetes<\/a> se ubican en la zona de partida con su respectivo ejemplar de acuerdo a la categor\u00eda asignada, el zorro tiene una ventaja de ochenta metros aproximadamente, quien sale al momento de la se\u00f1al que da el juez, el zorro es perseguido por los cazadores, y quien logre desprender la cola que lleva en su espalda durante el recorrido es el triunfador. El jinete ganador de la cacer\u00eda, ser\u00e1 designado zorro de la siguiente cacer\u00eda, de igual manera, el zorro de la cacer\u00eda en caso de no ser alcanzado, continuar\u00e1 siendo el zorro de la pr\u00f3xima\u00a0 edici\u00f3n.<br \/>\nExisten cuatro categor\u00edas, con el fin de realizar mejor la prueba y permitir la participaci\u00f3n de todos los aficionados, siendo estas: Infantil, desde los 5 hasta los 10 a\u00f1os; Juvenil, desde los 11 hasta los 14 a\u00f1os; Master, desde 35 a\u00f1os en adelante y la \u00c9lite, desde 15 hasta 35 a\u00f1os. De igual manera los Zorros est\u00e1n categorizados en las designaciones antes mencionadas.<br \/>\nEste a\u00f1o se realiz\u00f3 la trig\u00e9sima sexta edici\u00f3n de la cacer\u00eda del zorro. La prueba h\u00edpica es uno de los eventos centrales de las fiestas que se celebra en Ibarra por la fundaci\u00f3n, es una competencia \u00fanica en el pa\u00eds, en la que participan jinetes de varias provincias como: Imbabura, Carchi, Pichincha, Chimborazo, entre otras. Existe la participaci\u00f3n de m\u00e1s de 200 jinetes en cada edici\u00f3n.<\/p>\n<p><strong>FOLKLORE OTAVALO<\/strong><\/p>\n<p><a href=\"http:\/\/blog.espol.edu.ec\/drrivera\/files\/2015\/11\/otavalo.jpg\"><img loading=\"lazy\" decoding=\"async\" class=\"alignnone size-medium wp-image-53\" src=\"http:\/\/blog.espol.edu.ec\/drrivera\/files\/2015\/11\/otavalo-300x202.jpg\" alt=\"otavalo\" width=\"300\" height=\"202\" srcset=\"https:\/\/blog.espol.edu.ec\/drrivera\/files\/2015\/11\/otavalo-300x202.jpg 300w, https:\/\/blog.espol.edu.ec\/drrivera\/files\/2015\/11\/otavalo.jpg 1024w\" sizes=\"auto, (max-width: 300px) 100vw, 300px\" \/><\/a><\/p>\n<p>Dentro del contexto folcl\u00f3rico, hay aspectos que marcan el folklore, como son la m\u00fasica, la vestimenta, alimentos y algo muy importante la artesan\u00edas.<\/p>\n<p>Imbabura como pocas provincias de mi Ecuador, a fomentado la artesan\u00eda como una forma de vida sustentable; llegando a tener una gran acogida a nivel nacional e internacional. Otavalo es una de las ciudades de Imbabura que se dedica principalmente a la comercializaci\u00f3n de productos artesanales originarios del sector.<\/p>\n<p>Los telares de Otavalo, en superaci\u00f3n constante, produce nuevos y variados dise\u00f1os con motivo de nuestro folklore y existe una corriente positiva de comercializaci\u00f3n que beneficia directa e indirectamente a un amplio sector de la Provincia.<\/p>\n<p><strong>COTACACHI Y EL CUERO\u00a0<\/strong><\/p>\n<p><a href=\"http:\/\/blog.espol.edu.ec\/drrivera\/files\/2015\/11\/cotacachi.jpg\"><img loading=\"lazy\" decoding=\"async\" class=\"alignnone size-medium wp-image-54\" src=\"http:\/\/blog.espol.edu.ec\/drrivera\/files\/2015\/11\/cotacachi-300x215.jpg\" alt=\"cotacachi\" width=\"300\" height=\"215\" srcset=\"https:\/\/blog.espol.edu.ec\/drrivera\/files\/2015\/11\/cotacachi-300x215.jpg 300w, https:\/\/blog.espol.edu.ec\/drrivera\/files\/2015\/11\/cotacachi.jpg 945w\" sizes=\"auto, (max-width: 300px) 100vw, 300px\" \/><\/a><\/p>\n<p>Cotacachi es conocido por el g\u00e9nero de cuero de calidad; tiene varios tiendas en la calle \"10 de Agosto\" vende chaquetas, zapatos, entre otros art\u00edculos de especialidad. Cuenta con el Instituto Tecnol\u00f3gico de la Industria del Cuero (ITIC) La calle diez de agosto es el principal sitio comercial de la ciudad.<\/p>\n<p>Cotacachi es un centro importante para los pueblos ind\u00edgenas que lo rodean, y es un buen lugar desde donde observar algunas de las fiestas del solsticio de verano. El Inti Raymi es importante y el cham\u00e1n se ba\u00f1a en la laguna de Cuicocha, en un ritual de purificaci\u00f3n. Adem\u00e1s, Cotacachi es conocida por su festival, los \u201cSan Juanes\u201d, donde los ind\u00edgenas se visten de negro y danzan alrededor de la plaza principal. Cuidado, este festival incluye una gran cantidad de consumo de alcohol, y peque\u00f1os conflictos pueden suceder sin embargo el festival es interesante para ser observado.<\/p>\n<p><strong>VESTIMENTA\u00a0<\/strong><\/p>\n<p><strong>En Otavalo<\/strong><\/p>\n<p><a href=\"http:\/\/blog.espol.edu.ec\/drrivera\/files\/2015\/11\/vestimenta.jpg\"><img loading=\"lazy\" decoding=\"async\" class=\"alignnone size-medium wp-image-55\" src=\"http:\/\/blog.espol.edu.ec\/drrivera\/files\/2015\/11\/vestimenta-300x225.jpg\" alt=\"vestimenta\" width=\"300\" height=\"225\" srcset=\"https:\/\/blog.espol.edu.ec\/drrivera\/files\/2015\/11\/vestimenta-300x225.jpg 300w, https:\/\/blog.espol.edu.ec\/drrivera\/files\/2015\/11\/vestimenta.jpg 1024w\" sizes=\"auto, (max-width: 300px) 100vw, 300px\" \/><\/a><\/p>\n<p><strong>En Natabuela\u00a0<\/strong><\/p>\n<p><a href=\"http:\/\/blog.espol.edu.ec\/drrivera\/files\/2015\/11\/vestimenta-nat.jpg\"><img loading=\"lazy\" decoding=\"async\" class=\"alignnone size-medium wp-image-56\" src=\"http:\/\/blog.espol.edu.ec\/drrivera\/files\/2015\/11\/vestimenta-nat-200x300.jpg\" alt=\"vestimenta nat\" width=\"200\" height=\"300\" srcset=\"https:\/\/blog.espol.edu.ec\/drrivera\/files\/2015\/11\/vestimenta-nat-200x300.jpg 200w, https:\/\/blog.espol.edu.ec\/drrivera\/files\/2015\/11\/vestimenta-nat.jpg 387w\" sizes=\"auto, (max-width: 200px) 100vw, 200px\" \/><\/a><\/p>\n<p><strong>En el Chota\u00a0<\/strong><\/p>\n<p><a href=\"http:\/\/blog.espol.edu.ec\/drrivera\/files\/2015\/11\/w.jpg\"><img loading=\"lazy\" decoding=\"async\" class=\"size-medium wp-image-57\" src=\"http:\/\/blog.espol.edu.ec\/drrivera\/files\/2015\/11\/w-300x225.jpg\" alt=\"SONY DSC\" width=\"300\" height=\"225\" srcset=\"https:\/\/blog.espol.edu.ec\/drrivera\/files\/2015\/11\/w-300x225.jpg 300w, https:\/\/blog.espol.edu.ec\/drrivera\/files\/2015\/11\/w.jpg 600w\" sizes=\"auto, (max-width: 300px) 100vw, 300px\" \/><\/a><\/p>\n<div><\/div>\n","protected":false},"excerpt":{"rendered":"<p>INTI RAYMI\u00a0 El Inti Raymi es y significa \u201cFestividad Sagrada del Sol\u201d. Su origen hist\u00f3rico se remonta a los inicios del Imperio de los Incas en el Cusco, aunque tambi\u00e9n tuvo especial relevancia en el norte andino del actual Ecuador.\u00a0 &hellip; <a href=\"https:\/\/blog.espol.edu.ec\/drrivera\/cultura-imbaburena\/\">Sigue leyendo <span class=\"meta-nav\">&rarr;<\/span><\/a><\/p>\n","protected":false},"author":9941,"featured_media":0,"parent":0,"menu_order":0,"comment_status":"closed","ping_status":"closed","template":"","meta":{"footnotes":""},"class_list":["post-49","page","type-page","status-publish","hentry"],"_links":{"self":[{"href":"https:\/\/blog.espol.edu.ec\/drrivera\/wp-json\/wp\/v2\/pages\/49","targetHints":{"allow":["GET"]}}],"collection":[{"href":"https:\/\/blog.espol.edu.ec\/drrivera\/wp-json\/wp\/v2\/pages"}],"about":[{"href":"https:\/\/blog.espol.edu.ec\/drrivera\/wp-json\/wp\/v2\/types\/page"}],"author":[{"embeddable":true,"href":"https:\/\/blog.espol.edu.ec\/drrivera\/wp-json\/wp\/v2\/users\/9941"}],"replies":[{"embeddable":true,"href":"https:\/\/blog.espol.edu.ec\/drrivera\/wp-json\/wp\/v2\/comments?post=49"}],"version-history":[{"count":4,"href":"https:\/\/blog.espol.edu.ec\/drrivera\/wp-json\/wp\/v2\/pages\/49\/revisions"}],"predecessor-version":[{"id":89,"href":"https:\/\/blog.espol.edu.ec\/drrivera\/wp-json\/wp\/v2\/pages\/49\/revisions\/89"}],"wp:attachment":[{"href":"https:\/\/blog.espol.edu.ec\/drrivera\/wp-json\/wp\/v2\/media?parent=49"}],"curies":[{"name":"wp","href":"https:\/\/api.w.org\/{rel}","templated":true}]}}

Cultura Imbabureña

<p><strong>INTI RAYMI </strong></p>
<p><a href="http://blog.espol.edu.ec/drrivera/files/2015/11/inti.jpg"><img loading="lazy" decoding="async" class="alignnone size-medium wp-image-50" src="http://blog.espol.edu.ec/drrivera/files/2015/11/inti-300x199.jpg" alt="inti" width="300" height="199" srcset="https://blog.espol.edu.ec/drrivera/files/2015/11/inti-300x199.jpg 300w, https://blog.espol.edu.ec/drrivera/files/2015/11/inti-1024x681.jpg 1024w, https://blog.espol.edu.ec/drrivera/files/2015/11/inti.jpg 1504w" sizes="auto, (max-width: 300px) 100vw, 300px" /></a></p>
<p>El <a href="http://www.visitecuador.travel/contenidos.php?menu=4&amp;submenu1=21&amp;id=177&amp;tipo=1&amp;idiom=1" target="_blank">Inti Raymi</a> es y significa “Festividad Sagrada del Sol”. Su origen histórico se remonta a los inicios del Imperio de los Incas en el Cusco, aunque también tuvo especial relevancia en el norte andino del actual Ecuador.  Desde sus orígenes, el fundamento básico de esta festividad, la más importante en el Calendario festivo de los pueblos indígenas de los Andes, es el Culto al Sol.  Es el tiempo de agradecerle por su Luz, agradecer por las cosechas y exaltar la fecundidad de la tierra (La “Pacha Mama”) en lengua kichwa. Fue y sigue siendo una festividad de alta connotación espiritual también. Para los españoles, el Inti Raymi se tradujo como “Pascua Solemne del Sol”.</p>
<p>Las celebraciones incluyen coloridas representaciones teatrales populares de enorme dinamismo, con personajes mitológicos como el Aya Uma, líder espiritual de los pueblos, protector de la naturaleza, administrador de las energías espirituales de las montañas y personaje principal de estas representaciones, quien lleva un vestuario multicolor donde cada elemento tiene un especial significado. Su rostro y cabeza están cubiertos por una gran careta que tiene dos lados de modo que de frente o de espaldas, se observan los elementos simbólicos de cada uno de sus rostros.</p>
<p class="style3"><strong>¿Cuándo?</strong></p>
<p>En el mes de Junio, en coincidencia con el <a href="https://es.wikipedia.org/wiki/Solsticio" target="_blank">Solsticio</a> de Verano (Junio 22).  En el caso del Inti Raymi, algunos festejos en ciertas poblaciones de la serranía, se prolongan hasta agosto.</p>
<p class="style3"><strong>¿Dónde?</strong></p>
<p>Principalmente en la Región Andina del Ecuador y con especial énfasis en el norte, en las provincias de Imbabura y Pichincha (Inti Raymi).</p>
<p><strong>LA CACERÍA DEL ZORRO </strong></p>
<p><a href="http://blog.espol.edu.ec/drrivera/files/2015/11/wp.jpg"><img loading="lazy" decoding="async" class="alignnone size-medium wp-image-88" src="http://blog.espol.edu.ec/drrivera/files/2015/11/wp-300x167.jpg" alt="wp" width="300" height="167" srcset="https://blog.espol.edu.ec/drrivera/files/2015/11/wp-300x167.jpg 300w, https://blog.espol.edu.ec/drrivera/files/2015/11/wp.jpg 612w" sizes="auto, (max-width: 300px) 100vw, 300px" /></a></p>
<p>La cacería del zorro consiste en una competencia <a href="https://es.wikipedia.org/wiki/H%C3%ADpica" target="_blank">hípica</a> de carácter integral, con obstáculos naturales (pineroles), segmentos de velocidad, conducción y destreza de los jinetes, cuya organización y ejecución es de responsabilidad del <a href="http://ciudad360.ec/listing/ibarra-tenis-country-club.html" target="_blank">Ibarra Tenis Country Club</a>. Existe un comité hípico, estructurado por: el director de la prueba, el  jurado calificador y adjudicador de puestos, los jueces de campo y pista, quienes planifican y organizan para el buen desarrollo del evento.<br />
Son tres los espectáculos que representa la cacería del zorro: el desfile, el descenso de los pineroles y la persecución. Los <a href="https://es.wikipedia.org/wiki/Jinete" target="_blank">jinetes</a> se ubican en la zona de partida con su respectivo ejemplar de acuerdo a la categoría asignada, el zorro tiene una ventaja de ochenta metros aproximadamente, quien sale al momento de la señal que da el juez, el zorro es perseguido por los cazadores, y quien logre desprender la cola que lleva en su espalda durante el recorrido es el triunfador. El jinete ganador de la cacería, será designado zorro de la siguiente cacería, de igual manera, el zorro de la cacería en caso de no ser alcanzado, continuará siendo el zorro de la próxima  edición.<br />
Existen cuatro categorías, con el fin de realizar mejor la prueba y permitir la participación de todos los aficionados, siendo estas: Infantil, desde los 5 hasta los 10 años; Juvenil, desde los 11 hasta los 14 años; Master, desde 35 años en adelante y la Élite, desde 15 hasta 35 años. De igual manera los Zorros están categorizados en las designaciones antes mencionadas.<br />
Este año se realizó la trigésima sexta edición de la cacería del zorro. La prueba hípica es uno de los eventos centrales de las fiestas que se celebra en Ibarra por la fundación, es una competencia única en el país, en la que participan jinetes de varias provincias como: Imbabura, Carchi, Pichincha, Chimborazo, entre otras. Existe la participación de más de 200 jinetes en cada edición.</p>
<p><strong>FOLKLORE OTAVALO</strong></p>
<p><a href="http://blog.espol.edu.ec/drrivera/files/2015/11/otavalo.jpg"><img loading="lazy" decoding="async" class="alignnone size-medium wp-image-53" src="http://blog.espol.edu.ec/drrivera/files/2015/11/otavalo-300x202.jpg" alt="otavalo" width="300" height="202" srcset="https://blog.espol.edu.ec/drrivera/files/2015/11/otavalo-300x202.jpg 300w, https://blog.espol.edu.ec/drrivera/files/2015/11/otavalo.jpg 1024w" sizes="auto, (max-width: 300px) 100vw, 300px" /></a></p>
<p>Dentro del contexto folclórico, hay aspectos que marcan el folklore, como son la música, la vestimenta, alimentos y algo muy importante la artesanías.</p>
<p>Imbabura como pocas provincias de mi Ecuador, a fomentado la artesanía como una forma de vida sustentable; llegando a tener una gran acogida a nivel nacional e internacional. Otavalo es una de las ciudades de Imbabura que se dedica principalmente a la comercialización de productos artesanales originarios del sector.</p>
<p>Los telares de Otavalo, en superación constante, produce nuevos y variados diseños con motivo de nuestro folklore y existe una corriente positiva de comercialización que beneficia directa e indirectamente a un amplio sector de la Provincia.</p>
<p><strong>COTACACHI Y EL CUERO </strong></p>
<p><a href="http://blog.espol.edu.ec/drrivera/files/2015/11/cotacachi.jpg"><img loading="lazy" decoding="async" class="alignnone size-medium wp-image-54" src="http://blog.espol.edu.ec/drrivera/files/2015/11/cotacachi-300x215.jpg" alt="cotacachi" width="300" height="215" srcset="https://blog.espol.edu.ec/drrivera/files/2015/11/cotacachi-300x215.jpg 300w, https://blog.espol.edu.ec/drrivera/files/2015/11/cotacachi.jpg 945w" sizes="auto, (max-width: 300px) 100vw, 300px" /></a></p>
<p>Cotacachi es conocido por el género de cuero de calidad; tiene varios tiendas en la calle "10 de Agosto" vende chaquetas, zapatos, entre otros artículos de especialidad. Cuenta con el Instituto Tecnológico de la Industria del Cuero (ITIC) La calle diez de agosto es el principal sitio comercial de la ciudad.</p>
<p>Cotacachi es un centro importante para los pueblos indígenas que lo rodean, y es un buen lugar desde donde observar algunas de las fiestas del solsticio de verano. El Inti Raymi es importante y el chamán se baña en la laguna de Cuicocha, en un ritual de purificación. Además, Cotacachi es conocida por su festival, los “San Juanes”, donde los indígenas se visten de negro y danzan alrededor de la plaza principal. Cuidado, este festival incluye una gran cantidad de consumo de alcohol, y pequeños conflictos pueden suceder sin embargo el festival es interesante para ser observado.</p>
<p><strong>VESTIMENTA </strong></p>
<p><strong>En Otavalo</strong></p>
<p><a href="http://blog.espol.edu.ec/drrivera/files/2015/11/vestimenta.jpg"><img loading="lazy" decoding="async" class="alignnone size-medium wp-image-55" src="http://blog.espol.edu.ec/drrivera/files/2015/11/vestimenta-300x225.jpg" alt="vestimenta" width="300" height="225" srcset="https://blog.espol.edu.ec/drrivera/files/2015/11/vestimenta-300x225.jpg 300w, https://blog.espol.edu.ec/drrivera/files/2015/11/vestimenta.jpg 1024w" sizes="auto, (max-width: 300px) 100vw, 300px" /></a></p>
<p><strong>En Natabuela </strong></p>
<p><a href="http://blog.espol.edu.ec/drrivera/files/2015/11/vestimenta-nat.jpg"><img loading="lazy" decoding="async" class="alignnone size-medium wp-image-56" src="http://blog.espol.edu.ec/drrivera/files/2015/11/vestimenta-nat-200x300.jpg" alt="vestimenta nat" width="200" height="300" srcset="https://blog.espol.edu.ec/drrivera/files/2015/11/vestimenta-nat-200x300.jpg 200w, https://blog.espol.edu.ec/drrivera/files/2015/11/vestimenta-nat.jpg 387w" sizes="auto, (max-width: 200px) 100vw, 200px" /></a></p>
<p><strong>En el Chota </strong></p>
<p><a href="http://blog.espol.edu.ec/drrivera/files/2015/11/w.jpg"><img loading="lazy" decoding="async" class="size-medium wp-image-57" src="http://blog.espol.edu.ec/drrivera/files/2015/11/w-300x225.jpg" alt="SONY DSC" width="300" height="225" srcset="https://blog.espol.edu.ec/drrivera/files/2015/11/w-300x225.jpg 300w, https://blog.espol.edu.ec/drrivera/files/2015/11/w.jpg 600w" sizes="auto, (max-width: 300px) 100vw, 300px" /></a></p>
<div></div>

<p>INTI RAYMI  El Inti Raymi es y significa “Festividad Sagrada del Sol”. Su origen histórico se remonta a los inicios del Imperio de los Incas en el Cusco, aunque también tuvo especial relevancia en el norte andino del actual Ecuador.  &hellip; <a href="https://blog.espol.edu.ec/drrivera/cultura-imbaburena/">Sigue leyendo <span class="meta-nav">&rarr;</span></a></p>
