{"id":17,"date":"2015-05-28T01:35:19","date_gmt":"2015-05-28T06:35:19","guid":{"rendered":"http:\/\/blog.espol.edu.ec\/dsbravo\/?page_id=17"},"modified":"2015-06-04T09:52:02","modified_gmt":"2015-06-04T14:52:02","slug":"cest-moi","status":"publish","type":"page","link":"https:\/\/blog.espol.edu.ec\/dsbravo\/cest-moi\/","title":{"rendered":"C'est moi! (Sobre m\u00ed)"},"content":{"rendered":"<p><strong>Hola a todos!<\/strong><\/p>\n<p>&nbsp;<\/p>\n<p><a href=\"http:\/\/es.slideshare.net\/DianaBravoG\/bravo-garca\">http:\/\/es.slideshare.net\/DianaBravoG\/bravo-garca<\/a><\/p>\n<p>Soy Diana Bravo, y tengo 18 a\u00f1os. Estudio Ingenier\u00eda en Negocios Internacionales en la <a href=\"http:\/\/www.espol.edu.ec\/\" target=\"_blank\">ESPOL<\/a>, la meilleure universit\u00e9 en Equateur!<\/p>\n<p>Como se dar\u00e1n cuenta, me gusta mucho conocer nuevas culturas y aprender nuevos idiomas.<\/p>\n<p>Estudi\u00e9 Ingl\u00e9s en el <a href=\"http:\/\/www.cenecuador.org\/website\/\" target=\"_blank\">Centro Ecuatoriano Norteamericano<\/a>\u00a0por tres a\u00f1os, y me gradu\u00e9 en el a\u00f1o 2013. It was a really great experience!<\/p>\n<p><a href=\"http:\/\/blog.espol.edu.ec\/dsbravo\/files\/2015\/05\/1399067_220115574826788_1445118256_o.jpg\"><img loading=\"lazy\" decoding=\"async\" class=\"  wp-image-18 aligncenter\" src=\"http:\/\/blog.espol.edu.ec\/dsbravo\/files\/2015\/05\/1399067_220115574826788_1445118256_o-300x225.jpg\" alt=\"1399067_220115574826788_1445118256_o\" width=\"387\" height=\"291\" srcset=\"https:\/\/blog.espol.edu.ec\/dsbravo\/files\/2015\/05\/1399067_220115574826788_1445118256_o-300x225.jpg 300w, https:\/\/blog.espol.edu.ec\/dsbravo\/files\/2015\/05\/1399067_220115574826788_1445118256_o-1024x768.jpg 1024w, https:\/\/blog.espol.edu.ec\/dsbravo\/files\/2015\/05\/1399067_220115574826788_1445118256_o.jpg 2048w\" sizes=\"auto, (max-width: 387px) 100vw, 387px\" \/><\/a><\/p>\n<p>&nbsp;<\/p>\n<p>Ahora, estoy estudiando franc\u00e9s en la <a href=\"http:\/\/www.alianzafrancesaguayaquil.com\/afgye.html\" target=\"_blank\">Alianza Francesa<\/a>\u00a0y...\u00a1me encanta! !J'adore le\u00a0Fran\u00e7ais!<\/p>\n<p>No puedo decir a\u00fan que hablo perfectamente este idioma, pero me apasiona, y he visto grandes progresos en m\u00ed.<\/p>\n<p>Por esa raz\u00f3n, decid\u00ed crear mi blog entorno a Francia, sus costumbres, bellos lugares, y, por supuesto...su encantador acento.<\/p>\n<p>\u00a1Espero los disfruten!<\/p>\n<p>&nbsp;<\/p>\n","protected":false},"excerpt":{"rendered":"<p>Hola a todos! &nbsp; Soy Diana Bravo, y tengo 18 a\u00f1os. Estudio Ingenier\u00eda en Negocios Internacionales en la ESPOL, la meilleure universit\u00e9 en Equateur! Como se dar\u00e1n cuenta, me gusta mucho conocer nuevas culturas y aprender nuevos idiomas. Estudi\u00e9 Ingl\u00e9s en el Centro Ecuatoriano Norteamericano\u00a0por tres a\u00f1os, y me gradu\u00e9 en el a\u00f1o 2013. It [&hellip;]<\/p>\n","protected":false},"author":9618,"featured_media":0,"parent":0,"menu_order":0,"comment_status":"open","ping_status":"open","template":"","meta":{"footnotes":""},"class_list":["post-17","page","type-page","status-publish","hentry"],"_links":{"self":[{"href":"https:\/\/blog.espol.edu.ec\/dsbravo\/wp-json\/wp\/v2\/pages\/17","targetHints":{"allow":["GET"]}}],"collection":[{"href":"https:\/\/blog.espol.edu.ec\/dsbravo\/wp-json\/wp\/v2\/pages"}],"about":[{"href":"https:\/\/blog.espol.edu.ec\/dsbravo\/wp-json\/wp\/v2\/types\/page"}],"author":[{"embeddable":true,"href":"https:\/\/blog.espol.edu.ec\/dsbravo\/wp-json\/wp\/v2\/users\/9618"}],"replies":[{"embeddable":true,"href":"https:\/\/blog.espol.edu.ec\/dsbravo\/wp-json\/wp\/v2\/comments?post=17"}],"version-history":[{"count":4,"href":"https:\/\/blog.espol.edu.ec\/dsbravo\/wp-json\/wp\/v2\/pages\/17\/revisions"}],"predecessor-version":[{"id":107,"href":"https:\/\/blog.espol.edu.ec\/dsbravo\/wp-json\/wp\/v2\/pages\/17\/revisions\/107"}],"wp:attachment":[{"href":"https:\/\/blog.espol.edu.ec\/dsbravo\/wp-json\/wp\/v2\/media?parent=17"}],"curies":[{"name":"wp","href":"https:\/\/api.w.org\/{rel}","templated":true}]}}