{"id":2,"date":"2015-05-14T15:30:59","date_gmt":"2015-05-14T15:30:59","guid":{"rendered":"http:\/\/blog.espol.edu.ec\/dsbravo\/?page_id=2"},"modified":"2015-06-01T01:02:53","modified_gmt":"2015-06-01T06:02:53","slug":"pagina-ejemplo","status":"publish","type":"page","link":"https:\/\/blog.espol.edu.ec\/dsbravo\/pagina-ejemplo\/","title":{"rendered":"Chanteurs"},"content":{"rendered":"<h2 class=\"Heading3\"><strong>H\u00e9l\u00e8ne Segara<\/strong><\/h2>\n<div class=\"nonhowto-step\">\n<p class=\"intelliTXT step-content\">H\u00e9l\u00e8ne Segara, nacida bajo el nombre de H\u00e9l\u00e8ne Rizzo, de padre italiano y <label>madre<\/label> armenia, dej\u00f3 la escuela y su <label>familia<\/label> cuando ten\u00eda 14 a\u00f1os para seguir una carrera como cantante, actuando en<label>bares<\/label> de piano en la Riviera Francesa. Lanz\u00f3 su primer single, \"Loin\", en 1993, pero no fue muy popular. En 1996, lanz\u00f3 su \u00e1lbum debut, y las canciones de \"Je vous aime adieu\" y \"Vivo Per Lei\" - a d\u00fao con Andrea Bocelli - comenzaron a elevar su perfil. En el 2000, lanz\u00f3 su segundo \u00e1lbum, que encabez\u00f3 las listas. Hoy en d\u00eda, contin\u00faa publicando discos y singles.<\/p>\n<p class=\"intelliTXT step-content\">\n<\/div>\n<p><iframe loading=\"lazy\" title=\"YouTube - Vivo per lei - Andrea Bocelli &amp; H\u00e9l\u00e8ne S\u00e9gara [it - fr].flv\" width=\"580\" height=\"435\" src=\"https:\/\/www.youtube.com\/embed\/BpAgfw4j5SU?feature=oembed\" frameborder=\"0\" allow=\"accelerometer; autoplay; clipboard-write; encrypted-media; gyroscope; picture-in-picture; web-share\" referrerpolicy=\"strict-origin-when-cross-origin\" allowfullscreen><\/iframe><\/p>\n<p>&nbsp;<\/p>\n<h2 class=\"Heading3\"><strong>Myl\u00e8ne Farmer<\/strong><\/h2>\n<div class=\"nonhowto-step\">\n<p class=\"intelliTXT step-content\">Myl\u00e8ne Farmer es una de las artistas francesas m\u00e1s exitosas de grabaci\u00f3n de todos los tiempos, habiendo vendido 25 millones de discos. Naci\u00f3 en Francia, pero su familia se mud\u00f3 a Canad\u00e1 a finales de 1950, regresando a Francia cuando ten\u00eda ocho a\u00f1os de edad. Comenz\u00f3 a tomar clases de actuaci\u00f3n a los 17 a\u00f1os, que finalmente se convirti\u00f3 en una carrera como cantante. Sus m\u00e1s conocidas canciones incluyen \"\", \"Libertine\", \"Sans contrefa\u00e7on\" y \"R\u00eaver\".<\/p>\n<\/div>\n<p><iframe loading=\"lazy\" title=\"Mylene-Farmer-D\u00e9senchant\u00e9e (Lyrics)\" width=\"580\" height=\"435\" src=\"https:\/\/www.youtube.com\/embed\/yGTAPGneiJM?feature=oembed\" frameborder=\"0\" allow=\"accelerometer; autoplay; clipboard-write; encrypted-media; gyroscope; picture-in-picture; web-share\" referrerpolicy=\"strict-origin-when-cross-origin\" allowfullscreen><\/iframe><\/p>\n<div class=\"nonhowto-step\">\n<p>&nbsp;<\/p>\n<p class=\"intelliTXT step-content\"><strong>Coralie Cl\u00e9ment, la melanc\u00f3lica.<\/strong><\/p>\n<p class=\"intelliTXT step-content\">Hermana de Benjamin Biolay (convertido tambi\u00e9n en su padrino art\u00edstico y su productor y arreglador), Cl\u00e9ment estudi\u00f3 viol\u00edn cuando era chica, pero reci\u00e9n entr\u00f3 a la m\u00fasica a los 20, al conocer la obra de Birkin y Hardy. Su obra es una aproximaci\u00f3n posible a esa m\u00fasica, en un intento de volver el tiempo atr\u00e1s. Su \u00faltimo disco hasta el momento, Toystore (2008), proyecta la melancol\u00eda hacia otro foco: el de la infancia.<\/p>\n<\/div>\n<p><iframe loading=\"lazy\" title=\"Coralie Cl\u00e9ment - &quot;C&#039;est La Vie&quot; [Official Video]\" width=\"580\" height=\"435\" src=\"https:\/\/www.youtube.com\/embed\/thDU6HTaPBM?feature=oembed\" frameborder=\"0\" allow=\"accelerometer; autoplay; clipboard-write; encrypted-media; gyroscope; picture-in-picture; web-share\" referrerpolicy=\"strict-origin-when-cross-origin\" allowfullscreen><\/iframe><\/p>\n<p>&nbsp;<\/p>\n<p><strong>Zaz, la mestiza.<\/strong> De esp\u00edritu libre, y con poco apego a los purismos, Isabelle Geffroy forj\u00f3 su carrera a partir de la mezcla y el mestizaje. Sus dos discos de estudio (el m\u00e1s reciente,<em>Recto verso, <\/em>tuvo edici\u00f3n local) dan prueba de ello: jazz, chanson, rhythm and blues e \u00ednfulas souleras.<\/p>\n<p><iframe loading=\"lazy\" title=\"ZAZ - On ira (Clip officiel)\" width=\"580\" height=\"326\" src=\"https:\/\/www.youtube.com\/embed\/8IjWHBGzsu4?feature=oembed\" frameborder=\"0\" allow=\"accelerometer; autoplay; clipboard-write; encrypted-media; gyroscope; picture-in-picture; web-share\" referrerpolicy=\"strict-origin-when-cross-origin\" allowfullscreen><\/iframe><\/p>\n<p class=\"intelliTXT step-content\">\n<p class=\"intelliTXT step-content\">\n","protected":false},"excerpt":{"rendered":"<p>H\u00e9l\u00e8ne Segara H\u00e9l\u00e8ne Segara, nacida bajo el nombre de H\u00e9l\u00e8ne Rizzo, de padre italiano y madre armenia, dej\u00f3 la escuela y su familia cuando ten\u00eda 14 a\u00f1os para seguir una carrera como cantante, actuando enbares de piano en la Riviera Francesa. Lanz\u00f3 su primer single, \"Loin\", en 1993, pero no fue muy popular. En 1996, [&hellip;]<\/p>\n","protected":false},"author":9618,"featured_media":0,"parent":0,"menu_order":0,"comment_status":"open","ping_status":"open","template":"","meta":{"footnotes":""},"class_list":["post-2","page","type-page","status-publish","hentry"],"_links":{"self":[{"href":"https:\/\/blog.espol.edu.ec\/dsbravo\/wp-json\/wp\/v2\/pages\/2","targetHints":{"allow":["GET"]}}],"collection":[{"href":"https:\/\/blog.espol.edu.ec\/dsbravo\/wp-json\/wp\/v2\/pages"}],"about":[{"href":"https:\/\/blog.espol.edu.ec\/dsbravo\/wp-json\/wp\/v2\/types\/page"}],"author":[{"embeddable":true,"href":"https:\/\/blog.espol.edu.ec\/dsbravo\/wp-json\/wp\/v2\/users\/9618"}],"replies":[{"embeddable":true,"href":"https:\/\/blog.espol.edu.ec\/dsbravo\/wp-json\/wp\/v2\/comments?post=2"}],"version-history":[{"count":3,"href":"https:\/\/blog.espol.edu.ec\/dsbravo\/wp-json\/wp\/v2\/pages\/2\/revisions"}],"predecessor-version":[{"id":94,"href":"https:\/\/blog.espol.edu.ec\/dsbravo\/wp-json\/wp\/v2\/pages\/2\/revisions\/94"}],"wp:attachment":[{"href":"https:\/\/blog.espol.edu.ec\/dsbravo\/wp-json\/wp\/v2\/media?parent=2"}],"curies":[{"name":"wp","href":"https:\/\/api.w.org\/{rel}","templated":true}]}}