{"id":23,"date":"2015-05-28T01:40:29","date_gmt":"2015-05-28T06:40:29","guid":{"rendered":"http:\/\/blog.espol.edu.ec\/dsbravo\/?page_id=23"},"modified":"2015-06-01T00:38:57","modified_gmt":"2015-06-01T05:38:57","slug":"la-tour-eiffel","status":"publish","type":"page","link":"https:\/\/blog.espol.edu.ec\/dsbravo\/lieux-touristiques\/des-monuments\/la-tour-eiffel\/","title":{"rendered":"La Tour Eiffel"},"content":{"rendered":"<p>La Torre Eiffel es una construcci\u00f3n de hierro de <b>300 metros de altura<\/b> que fue creada para la<b>Exposici\u00f3n Universal de Par\u00eds de 1889<\/b>. Actualmente constituye el s\u00edmbolo m\u00e1s representativo de Par\u00eds.<\/p>\n<div class=\"imagenDerecha\"><a title=\"La Torre Eiffel, el s\u00edmbolo de Par\u00eds\" href=\"http:\/\/cdn.paris.es\/guias\/paris\/fotos\/torre-eiffel.jpg\" rel=\"thumbnail\"><img loading=\"lazy\" decoding=\"async\" class=\"\" src=\"http:\/\/cdn.paris.es\/guias\/paris\/fotos\/thumbs\/torre-eiffel.jpg\" alt=\"Torre Eiffel\" width=\"484\" height=\"364\" \/><\/a><\/p>\n<\/div>\n<div class=\"imagenDerecha\"><a title=\"Torre Eiffel desde el Trocadero\" href=\"http:\/\/cdn.paris.es\/guias\/paris\/fotos\/torre-eiffel-trocadero.jpg\" rel=\"thumbnail\"><img loading=\"lazy\" decoding=\"async\" class=\"\" src=\"http:\/\/cdn.paris.es\/guias\/paris\/fotos\/thumbs\/torre-eiffel-trocadero.jpg\" alt=\"Torre Eiffel desde Trocadero\" width=\"487\" height=\"366\" \/><\/a><br \/>\nTorre Eiffel desde el Trocadero<\/div>\n<p>Con un dise\u00f1o creado por Gustave Eiffel, la construcci\u00f3n de la Torre Eiffel dur\u00f3 poco m\u00e1s de dos a\u00f1os y en ella trabajaron 250 obreros.<\/p>\n<p>Inicialmente la torre fue objeto de controversia: los artistas del momento la consideraron monstruosa y, dada su baja rentabilidad al terminar la exposici\u00f3n, se plante\u00f3 la posibilidad de derruirla en diferentes ocasiones.<\/p>\n<p>A principios del siglo XX, con la llegada de las guerras mundiales, las autoridades encontraron su utilidad como antena de radiodifusi\u00f3n y con ella captaron mensajes que ayudaron a los aliados de forma decisiva.<\/p>\n<p>Actualmente y gracias al auge de Par\u00eds como destino tur\u00edstico internacional, la Torre Eiffel es el monumento m\u00e1s visitado del mundo con m\u00e1s de 7 millones de visitantes anuales.<\/p>\n<h2>Subir a la Torre Eiffel<\/h2>\n<p>Excepto para aquellos que sufran de v\u00e9rtigo, subir a la Torre Eiffel es una experiencia \u00fanica pr\u00e1cticamente obligatoria para todos los visitantes de Par\u00eds.<\/p>\n<p>Es posible acceder a la torre tanto en ascensor como por las escaleras, aunque antes de decidirse por la segunda opci\u00f3n es necesario saber que se trata de1.665 escalones.<\/p>\n<p>Utilizando las escaleras s\u00f3lo es posible acceder hasta las dos primeras plantas de la torre. Aunque el precio de subir por las escaleras es algo m\u00e1s bajo, a no ser que se trate de un reto la diferencia no merece la pena.<\/p>\n<p>Los mejores momentos para subir a la torre son la\u00a0primera hora de la ma\u00f1ana, cuando a\u00fan no se han formado interminables colas, o bien <b>a<\/b>l anochecer para disfrutar de la ciudad de las luces en todo su esplendor.<\/p>\n<p><a href=\"http:\/\/blog.espol.edu.ec\/dsbravo\/files\/2015\/05\/torre-eiffel-en-paris-9058.jpg\"><img loading=\"lazy\" decoding=\"async\" class=\"alignnone  wp-image-83\" src=\"http:\/\/blog.espol.edu.ec\/dsbravo\/files\/2015\/05\/torre-eiffel-en-paris-9058-300x188.jpg\" alt=\"torre-eiffel-en-paris-9058\" width=\"490\" height=\"307\" srcset=\"https:\/\/blog.espol.edu.ec\/dsbravo\/files\/2015\/05\/torre-eiffel-en-paris-9058-300x188.jpg 300w, https:\/\/blog.espol.edu.ec\/dsbravo\/files\/2015\/05\/torre-eiffel-en-paris-9058-1024x640.jpg 1024w\" sizes=\"auto, (max-width: 490px) 100vw, 490px\" \/><\/a><\/p>\n","protected":false},"excerpt":{"rendered":"<p>La Torre Eiffel es una construcci\u00f3n de hierro de 300 metros de altura que fue creada para laExposici\u00f3n Universal de Par\u00eds de 1889. Actualmente constituye el s\u00edmbolo m\u00e1s representativo de Par\u00eds. Torre Eiffel desde el Trocadero Con un dise\u00f1o creado por Gustave Eiffel, la construcci\u00f3n de la Torre Eiffel dur\u00f3 poco m\u00e1s de dos a\u00f1os [&hellip;]<\/p>\n","protected":false},"author":9618,"featured_media":0,"parent":30,"menu_order":0,"comment_status":"open","ping_status":"open","template":"","meta":{"footnotes":""},"class_list":["post-23","page","type-page","status-publish","hentry"],"_links":{"self":[{"href":"https:\/\/blog.espol.edu.ec\/dsbravo\/wp-json\/wp\/v2\/pages\/23","targetHints":{"allow":["GET"]}}],"collection":[{"href":"https:\/\/blog.espol.edu.ec\/dsbravo\/wp-json\/wp\/v2\/pages"}],"about":[{"href":"https:\/\/blog.espol.edu.ec\/dsbravo\/wp-json\/wp\/v2\/types\/page"}],"author":[{"embeddable":true,"href":"https:\/\/blog.espol.edu.ec\/dsbravo\/wp-json\/wp\/v2\/users\/9618"}],"replies":[{"embeddable":true,"href":"https:\/\/blog.espol.edu.ec\/dsbravo\/wp-json\/wp\/v2\/comments?post=23"}],"version-history":[{"count":3,"href":"https:\/\/blog.espol.edu.ec\/dsbravo\/wp-json\/wp\/v2\/pages\/23\/revisions"}],"predecessor-version":[{"id":84,"href":"https:\/\/blog.espol.edu.ec\/dsbravo\/wp-json\/wp\/v2\/pages\/23\/revisions\/84"}],"up":[{"embeddable":true,"href":"https:\/\/blog.espol.edu.ec\/dsbravo\/wp-json\/wp\/v2\/pages\/30"}],"wp:attachment":[{"href":"https:\/\/blog.espol.edu.ec\/dsbravo\/wp-json\/wp\/v2\/media?parent=23"}],"curies":[{"name":"wp","href":"https:\/\/api.w.org\/{rel}","templated":true}]}}

<p>La Torre Eiffel es una construcción de hierro de <b>300 metros de altura</b> que fue creada para la<b>Exposición Universal de París de 1889</b>. Actualmente constituye el símbolo más representativo de París.</p>
<div class="imagenDerecha"><a title="La Torre Eiffel, el símbolo de París" href="http://cdn.paris.es/guias/paris/fotos/torre-eiffel.jpg" rel="thumbnail"><img loading="lazy" decoding="async" class="" src="http://cdn.paris.es/guias/paris/fotos/thumbs/torre-eiffel.jpg" alt="Torre Eiffel" width="484" height="364" /></a></p>
</div>
<div class="imagenDerecha"><a title="Torre Eiffel desde el Trocadero" href="http://cdn.paris.es/guias/paris/fotos/torre-eiffel-trocadero.jpg" rel="thumbnail"><img loading="lazy" decoding="async" class="" src="http://cdn.paris.es/guias/paris/fotos/thumbs/torre-eiffel-trocadero.jpg" alt="Torre Eiffel desde Trocadero" width="487" height="366" /></a><br />
Torre Eiffel desde el Trocadero</div>
<p>Con un diseño creado por Gustave Eiffel, la construcción de la Torre Eiffel duró poco más de dos años y en ella trabajaron 250 obreros.</p>
<p>Inicialmente la torre fue objeto de controversia: los artistas del momento la consideraron monstruosa y, dada su baja rentabilidad al terminar la exposición, se planteó la posibilidad de derruirla en diferentes ocasiones.</p>
<p>A principios del siglo XX, con la llegada de las guerras mundiales, las autoridades encontraron su utilidad como antena de radiodifusión y con ella captaron mensajes que ayudaron a los aliados de forma decisiva.</p>
<p>Actualmente y gracias al auge de París como destino turístico internacional, la Torre Eiffel es el monumento más visitado del mundo con más de 7 millones de visitantes anuales.</p>
<h2>Subir a la Torre Eiffel</h2>
<p>Excepto para aquellos que sufran de vértigo, subir a la Torre Eiffel es una experiencia única prácticamente obligatoria para todos los visitantes de París.</p>
<p>Es posible acceder a la torre tanto en ascensor como por las escaleras, aunque antes de decidirse por la segunda opción es necesario saber que se trata de1.665 escalones.</p>
<p>Utilizando las escaleras sólo es posible acceder hasta las dos primeras plantas de la torre. Aunque el precio de subir por las escaleras es algo más bajo, a no ser que se trate de un reto la diferencia no merece la pena.</p>
<p>Los mejores momentos para subir a la torre son la primera hora de la mañana, cuando aún no se han formado interminables colas, o bien <b>a</b>l anochecer para disfrutar de la ciudad de las luces en todo su esplendor.</p>
<p><a href="http://blog.espol.edu.ec/dsbravo/files/2015/05/torre-eiffel-en-paris-9058.jpg"><img loading="lazy" decoding="async" class="alignnone  wp-image-83" src="http://blog.espol.edu.ec/dsbravo/files/2015/05/torre-eiffel-en-paris-9058-300x188.jpg" alt="torre-eiffel-en-paris-9058" width="490" height="307" srcset="https://blog.espol.edu.ec/dsbravo/files/2015/05/torre-eiffel-en-paris-9058-300x188.jpg 300w, https://blog.espol.edu.ec/dsbravo/files/2015/05/torre-eiffel-en-paris-9058-1024x640.jpg 1024w" sizes="auto, (max-width: 490px) 100vw, 490px" /></a></p>

<p>La Torre Eiffel es una construcción de hierro de 300 metros de altura que fue creada para laExposición Universal de París de 1889. Actualmente constituye el símbolo más representativo de París. Torre Eiffel desde el Trocadero Con un diseño creado por Gustave Eiffel, la construcción de la Torre Eiffel duró poco más de dos años [&hellip;]</p>
