{"id":28,"date":"2015-05-28T01:48:16","date_gmt":"2015-05-28T06:48:16","guid":{"rendered":"http:\/\/blog.espol.edu.ec\/dsbravo\/?page_id=28"},"modified":"2015-06-01T00:47:12","modified_gmt":"2015-06-01T05:47:12","slug":"notre-dame-de-paris","status":"publish","type":"page","link":"https:\/\/blog.espol.edu.ec\/dsbravo\/lieux-touristiques\/des-monuments\/notre-dame-de-paris\/","title":{"rendered":"Notre-Dame de Paris"},"content":{"rendered":"<p><span style=\"font-family: Arial, Helvetica, sans-serif;font-size: small\">La catedral de Notre Dame se encuentra en la \u00cele de la Cit\u00e9, n\u00facleo del que germin\u00f3 la Par\u00eds celta y posteriormente la urbe romana y medieval. Se sabe que este templo g\u00f3tico se construy\u00f3 sobre el solar de numerosos edificios anteriores, entre ellos un templo romano dedicado a J\u00fapiter, una iglesia altomedieval del siglo VI con el nombre de Saint-Etienne y otra rom\u00e1nica.<\/span><\/p>\n<p align=\"center\"><img loading=\"lazy\" decoding=\"async\" src=\"http:\/\/www.arteguias.com\/catedral\/notredameparis-2.jpg\" alt=\"Catedral de Notre Dame de Par\u00eds, desde el r\u00edo Sena\" width=\"372\" height=\"411\" border=\"1\" vspace=\"4\" \/><\/p>\n<p><span style=\"font-family: Arial, Helvetica, sans-serif;font-size: small\">El actual edificio se edific\u00f3 a partir de 1163, siendo el m\u00e1s notable de los edificios franceses del G\u00f3tico Temprano.<\/span><\/p>\n<p><span style=\"font-family: Arial, Helvetica, sans-serif;font-size: small\">Sin problemas de financiaci\u00f3n, las obras avanzaron muy r\u00e1pidamente, llegando a la fachada occidental alrededor del a\u00f1o 1200, mientras que las torres se terminaron a mitad del siglo XIII. No obstante las tareas constructivas siguieron avanzando hasta bien entrado el siglo XIV.<\/span><\/p>\n<p align=\"center\"><img loading=\"lazy\" decoding=\"async\" src=\"http:\/\/www.arteguias.com\/catedral\/notredameparis-fachada2.jpg\" alt=\"Fachada occidental con la galer\u00eda de los reyes, rehecha  por Viollet-Le-Duc\" width=\"372\" height=\"279\" border=\"1\" vspace=\"4\" \/><\/p>\n<p><span style=\"font-family: Arial, Helvetica;font-size: small\">Uno de los momentos m\u00e1s tr\u00e1gicos para la catedral de Par\u00eds fueron los deterioros perpetrados durante la Revoluci\u00f3n Francesa, a las que le sucedieron las radicales restauraciones de mediados del siglo XIX y protagonizadas por Jean-Baptiste Lassus y Viollet-Le-Duc. En ellas, adem\u00e1s de reconstruir y restaurar gran parte de la escultura perdida (incluso sus fantasiosas y famosas g\u00e1rgolas), se modificaron y a\u00f1adieron diversas partes, entre ellas la c\u00e9lebre aguja del cimborrio.<\/span><\/p>\n<p align=\"center\"><img loading=\"lazy\" decoding=\"async\" src=\"http:\/\/www.arteguias.com\/catedral\/notredameparis-fachada.jpg\" alt=\"Detalle de la fachada principal\" width=\"372\" height=\"279\" border=\"1\" vspace=\"4\" \/><\/p>\n<p><span style=\"font-family: Arial, Helvetica;font-size: small\">Por su parte, el bar\u00f3n Haussmann reestructur\u00f3 La \u00cele de la cit\u00e9suprimiendo todo el barrio antiguo, aislando la catedral de Notre-Dame en el centro de un gran atrio.<\/span><\/p>\n<p><span style=\"font-family: Arial, Helvetica, sans-serif;font-size: small\">La escultura de la seo parisina es de extraordinaria calidad dada la importancia que tuvo Par\u00eds en el siglo XIII como centro del reino a donde donde acud\u00edan los mejores maestros. Aqu\u00ed estaba la corte, que pose\u00eda iniciativa art\u00edstica, y fueron capaces de atraer a los mejores artistas, ya fueran arquitectos, escultores, vidrieros, miniaturistas, etc.<\/span><\/p>\n<p><span style=\"font-family: Arial, Helvetica, sans-serif;font-size: small\"><img loading=\"lazy\" decoding=\"async\" src=\"http:\/\/www.arteguias.com\/catedral\/notredameparis-5.jpg\" alt=\"\" width=\"372\" height=\"277\" border=\"1\" vspace=\"4\" \/><br \/>\n<\/span><span style=\"font-family: Arial, Helvetica, sans-serif;font-size: small\">El estudio de la escultura de la catedral de Notre Dame es de enorme importancia para conocer la iconograf\u00eda y estilo de la escultura g\u00f3tica europea, puesto que va a ser referencia y modelo para multitud de obras posteriores, no s\u00f3lo de Francia. Ello se explica porque Par\u00eds lleg\u00f3 a ser un centro de formaci\u00f3n art\u00edstica de primer orden a donde acud\u00edan aprendices de toda Europa. Despu\u00e9s estos artistas formados se desplazaban a otros lugares siguiendo all\u00ed el modelo de Notre Dame.<\/span><\/p>\n<p align=\"center\"><img loading=\"lazy\" decoding=\"async\" src=\"http:\/\/www.arteguias.com\/catedral\/notredameparis-6.jpg\" alt=\"\" width=\"372\" height=\"320\" border=\"1\" vspace=\"4\" \/><\/p>\n","protected":false},"excerpt":{"rendered":"<p>La catedral de Notre Dame se encuentra en la \u00cele de la Cit\u00e9, n\u00facleo del que germin\u00f3 la Par\u00eds celta y posteriormente la urbe romana y medieval. Se sabe que este templo g\u00f3tico se construy\u00f3 sobre el solar de numerosos edificios anteriores, entre ellos un templo romano dedicado a J\u00fapiter, una iglesia altomedieval del siglo [&hellip;]<\/p>\n","protected":false},"author":9618,"featured_media":0,"parent":30,"menu_order":0,"comment_status":"open","ping_status":"open","template":"","meta":{"footnotes":""},"class_list":["post-28","page","type-page","status-publish","hentry"],"_links":{"self":[{"href":"https:\/\/blog.espol.edu.ec\/dsbravo\/wp-json\/wp\/v2\/pages\/28","targetHints":{"allow":["GET"]}}],"collection":[{"href":"https:\/\/blog.espol.edu.ec\/dsbravo\/wp-json\/wp\/v2\/pages"}],"about":[{"href":"https:\/\/blog.espol.edu.ec\/dsbravo\/wp-json\/wp\/v2\/types\/page"}],"author":[{"embeddable":true,"href":"https:\/\/blog.espol.edu.ec\/dsbravo\/wp-json\/wp\/v2\/users\/9618"}],"replies":[{"embeddable":true,"href":"https:\/\/blog.espol.edu.ec\/dsbravo\/wp-json\/wp\/v2\/comments?post=28"}],"version-history":[{"count":3,"href":"https:\/\/blog.espol.edu.ec\/dsbravo\/wp-json\/wp\/v2\/pages\/28\/revisions"}],"predecessor-version":[{"id":92,"href":"https:\/\/blog.espol.edu.ec\/dsbravo\/wp-json\/wp\/v2\/pages\/28\/revisions\/92"}],"up":[{"embeddable":true,"href":"https:\/\/blog.espol.edu.ec\/dsbravo\/wp-json\/wp\/v2\/pages\/30"}],"wp:attachment":[{"href":"https:\/\/blog.espol.edu.ec\/dsbravo\/wp-json\/wp\/v2\/media?parent=28"}],"curies":[{"name":"wp","href":"https:\/\/api.w.org\/{rel}","templated":true}]}}

<p><span style="font-family: Arial, Helvetica, sans-serif;font-size: small">La catedral de Notre Dame se encuentra en la Île de la Cité, núcleo del que germinó la París celta y posteriormente la urbe romana y medieval. Se sabe que este templo gótico se construyó sobre el solar de numerosos edificios anteriores, entre ellos un templo romano dedicado a Júpiter, una iglesia altomedieval del siglo VI con el nombre de Saint-Etienne y otra románica.</span></p>
<p align="center"><img loading="lazy" decoding="async" src="http://www.arteguias.com/catedral/notredameparis-2.jpg" alt="Catedral de Notre Dame de París, desde el río Sena" width="372" height="411" border="1" vspace="4" /></p>
<p><span style="font-family: Arial, Helvetica, sans-serif;font-size: small">El actual edificio se edificó a partir de 1163, siendo el más notable de los edificios franceses del Gótico Temprano.</span></p>
<p><span style="font-family: Arial, Helvetica, sans-serif;font-size: small">Sin problemas de financiación, las obras avanzaron muy rápidamente, llegando a la fachada occidental alrededor del año 1200, mientras que las torres se terminaron a mitad del siglo XIII. No obstante las tareas constructivas siguieron avanzando hasta bien entrado el siglo XIV.</span></p>
<p align="center"><img loading="lazy" decoding="async" src="http://www.arteguias.com/catedral/notredameparis-fachada2.jpg" alt="Fachada occidental con la galería de los reyes, rehecha  por Viollet-Le-Duc" width="372" height="279" border="1" vspace="4" /></p>
<p><span style="font-family: Arial, Helvetica;font-size: small">Uno de los momentos más trágicos para la catedral de París fueron los deterioros perpetrados durante la Revolución Francesa, a las que le sucedieron las radicales restauraciones de mediados del siglo XIX y protagonizadas por Jean-Baptiste Lassus y Viollet-Le-Duc. En ellas, además de reconstruir y restaurar gran parte de la escultura perdida (incluso sus fantasiosas y famosas gárgolas), se modificaron y añadieron diversas partes, entre ellas la célebre aguja del cimborrio.</span></p>
<p align="center"><img loading="lazy" decoding="async" src="http://www.arteguias.com/catedral/notredameparis-fachada.jpg" alt="Detalle de la fachada principal" width="372" height="279" border="1" vspace="4" /></p>
<p><span style="font-family: Arial, Helvetica;font-size: small">Por su parte, el barón Haussmann reestructuró La Île de la citésuprimiendo todo el barrio antiguo, aislando la catedral de Notre-Dame en el centro de un gran atrio.</span></p>
<p><span style="font-family: Arial, Helvetica, sans-serif;font-size: small">La escultura de la seo parisina es de extraordinaria calidad dada la importancia que tuvo París en el siglo XIII como centro del reino a donde donde acudían los mejores maestros. Aquí estaba la corte, que poseía iniciativa artística, y fueron capaces de atraer a los mejores artistas, ya fueran arquitectos, escultores, vidrieros, miniaturistas, etc.</span></p>
<p><span style="font-family: Arial, Helvetica, sans-serif;font-size: small"><img loading="lazy" decoding="async" src="http://www.arteguias.com/catedral/notredameparis-5.jpg" alt="" width="372" height="277" border="1" vspace="4" /><br />
</span><span style="font-family: Arial, Helvetica, sans-serif;font-size: small">El estudio de la escultura de la catedral de Notre Dame es de enorme importancia para conocer la iconografía y estilo de la escultura gótica europea, puesto que va a ser referencia y modelo para multitud de obras posteriores, no sólo de Francia. Ello se explica porque París llegó a ser un centro de formación artística de primer orden a donde acudían aprendices de toda Europa. Después estos artistas formados se desplazaban a otros lugares siguiendo allí el modelo de Notre Dame.</span></p>
<p align="center"><img loading="lazy" decoding="async" src="http://www.arteguias.com/catedral/notredameparis-6.jpg" alt="" width="372" height="320" border="1" vspace="4" /></p>

<p>La catedral de Notre Dame se encuentra en la Île de la Cité, núcleo del que germinó la París celta y posteriormente la urbe romana y medieval. Se sabe que este templo gótico se construyó sobre el solar de numerosos edificios anteriores, entre ellos un templo romano dedicado a Júpiter, una iglesia altomedieval del siglo [&hellip;]</p>
