{"id":34,"date":"2015-05-28T01:51:28","date_gmt":"2015-05-28T06:51:28","guid":{"rendered":"http:\/\/blog.espol.edu.ec\/dsbravo\/?page_id=34"},"modified":"2015-05-31T23:55:56","modified_gmt":"2015-06-01T04:55:56","slug":"la-place-charles-de-gaulle","status":"publish","type":"page","link":"https:\/\/blog.espol.edu.ec\/dsbravo\/lieux-touristiques\/des-grandes-places\/la-place-charles-de-gaulle\/","title":{"rendered":"La Place Charles-de-Gaulle"},"content":{"rendered":"<p>Esta plaza situada en la parte superior de la colina de Roule, recibi\u00f3 durante mucho tiempo el nombre de Place de l\u2019Etoile debido al dise\u00f1o geom\u00e9trico en forma de estrella que forman las doce avenidas que nacen en forma de abanico de la plaza y que convergen en el Arco del Triunfo.<\/p>\n<p>La Place de l\u2019Etoile adopt\u00f3 el nombre Charles-de-Gaulle tras la muerte del General de Gaulle en 1970.<\/p>\n<p>&nbsp;<\/p>\n<p>&nbsp;<\/p>\n<p><a href=\"http:\/\/blog.espol.edu.ec\/dsbravo\/files\/2015\/05\/3.jpg\"><img loading=\"lazy\" decoding=\"async\" class=\"alignnone  wp-image-70\" src=\"http:\/\/blog.espol.edu.ec\/dsbravo\/files\/2015\/05\/3-300x177.jpg\" alt=\"3\" width=\"592\" height=\"349\" srcset=\"https:\/\/blog.espol.edu.ec\/dsbravo\/files\/2015\/05\/3-300x177.jpg 300w, https:\/\/blog.espol.edu.ec\/dsbravo\/files\/2015\/05\/3-1024x603.jpg 1024w, https:\/\/blog.espol.edu.ec\/dsbravo\/files\/2015\/05\/3.jpg 1247w\" sizes=\"auto, (max-width: 592px) 100vw, 592px\" \/><\/a><\/p>\n<p>&nbsp;<\/p>\n<p>Existe un momento clave en la historia, donde <b>gran parte de la ciudad fue redise\u00f1ada y renovada por Napole\u00f3n III<\/b>, presidente de la segunda rep\u00fablica, pero tambi\u00e9n emperador del segundo imperio franc\u00e9s\u00a0debido a un golpe de estado en el a\u00f1o 1852.\u00a0La renovaci\u00f3n de Par\u00eds formaba parte de sus proyectos, para ello no dud\u00f3 en demoler calles, edificios, casas medievales, etc. Sustituy\u00e9ndolas por v\u00edas espaciosas y rectil\u00edneas, con el fin de evitar dificultades en la movilidad de sus tropas y sofocar rebeliones.<\/p>\n<p>El 22 de Junio de 1852, Napole\u00f3n III <b>encarg\u00f3 a Georges-Eug\u00e8ne Haussmann que modernizara Par\u00eds<\/b>. Con este encargo pretend\u00eda darle un aire totalmente nuevo a la ciudad, mejores casas, calles m\u00e1s seguras, mejores condiciones hospitalarias, comunidades m\u00e1s salubres.\u00a0Haussmann<b> <\/b>posteriormente seria conocido desde dos perspectivas muy distintas; primero como el hombre que destruy\u00f3 el Par\u00eds antiguo y seguidamente como aquel que cre\u00f3 el nuevo Par\u00eds.<br \/>\n<b><br \/>\n<\/b><b>\u00a0Uno de los proyectos de Haussmann fue la Place de L'\u00e9toile conocida hoy como La Plaza Charles de Gaulle y donde podemos encontrarnos en su centro con el Arco del Triunfo.\u00a0<\/b>Esta plaza fue dise\u00f1ada para la distribuci\u00f3n del trafico de Par\u00eds. Se puede ver claramente su morfolog\u00eda radioc\u00e9ntrica, en la cual se observa un gran cruce de carreteras, en total 12 avenidas que conectan a un mismo punto, al conocido monumento El Arco de Triunfo.<\/p>\n<p><a href=\"http:\/\/blog.espol.edu.ec\/dsbravo\/files\/2015\/05\/kvefr2185s.jpg\"><img loading=\"lazy\" decoding=\"async\" class=\"alignnone  wp-image-72\" src=\"http:\/\/blog.espol.edu.ec\/dsbravo\/files\/2015\/05\/kvefr2185s-300x200.jpg\" alt=\"kvefr2185s\" width=\"573\" height=\"382\" srcset=\"https:\/\/blog.espol.edu.ec\/dsbravo\/files\/2015\/05\/kvefr2185s-300x200.jpg 300w, https:\/\/blog.espol.edu.ec\/dsbravo\/files\/2015\/05\/kvefr2185s.jpg 660w\" sizes=\"auto, (max-width: 573px) 100vw, 573px\" \/><\/a><\/p>\n<p>&nbsp;<\/p>\n","protected":false},"excerpt":{"rendered":"<p>Esta plaza situada en la parte superior de la colina de Roule, recibi\u00f3 durante mucho tiempo el nombre de Place de l\u2019Etoile debido al dise\u00f1o geom\u00e9trico en forma de estrella que forman las doce avenidas que nacen en forma de abanico de la plaza y que convergen en el Arco del Triunfo. La Place de [&hellip;]<\/p>\n","protected":false},"author":9618,"featured_media":0,"parent":32,"menu_order":0,"comment_status":"open","ping_status":"open","template":"","meta":{"footnotes":""},"class_list":["post-34","page","type-page","status-publish","hentry"],"_links":{"self":[{"href":"https:\/\/blog.espol.edu.ec\/dsbravo\/wp-json\/wp\/v2\/pages\/34","targetHints":{"allow":["GET"]}}],"collection":[{"href":"https:\/\/blog.espol.edu.ec\/dsbravo\/wp-json\/wp\/v2\/pages"}],"about":[{"href":"https:\/\/blog.espol.edu.ec\/dsbravo\/wp-json\/wp\/v2\/types\/page"}],"author":[{"embeddable":true,"href":"https:\/\/blog.espol.edu.ec\/dsbravo\/wp-json\/wp\/v2\/users\/9618"}],"replies":[{"embeddable":true,"href":"https:\/\/blog.espol.edu.ec\/dsbravo\/wp-json\/wp\/v2\/comments?post=34"}],"version-history":[{"count":3,"href":"https:\/\/blog.espol.edu.ec\/dsbravo\/wp-json\/wp\/v2\/pages\/34\/revisions"}],"predecessor-version":[{"id":73,"href":"https:\/\/blog.espol.edu.ec\/dsbravo\/wp-json\/wp\/v2\/pages\/34\/revisions\/73"}],"up":[{"embeddable":true,"href":"https:\/\/blog.espol.edu.ec\/dsbravo\/wp-json\/wp\/v2\/pages\/32"}],"wp:attachment":[{"href":"https:\/\/blog.espol.edu.ec\/dsbravo\/wp-json\/wp\/v2\/media?parent=34"}],"curies":[{"name":"wp","href":"https:\/\/api.w.org\/{rel}","templated":true}]}}