{"id":36,"date":"2015-05-28T01:51:54","date_gmt":"2015-05-28T06:51:54","guid":{"rendered":"http:\/\/blog.espol.edu.ec\/dsbravo\/?page_id=36"},"modified":"2015-06-01T00:19:22","modified_gmt":"2015-06-01T05:19:22","slug":"la-place-de-la-concorde","status":"publish","type":"page","link":"https:\/\/blog.espol.edu.ec\/dsbravo\/lieux-touristiques\/des-grandes-places\/la-place-de-la-concorde\/","title":{"rendered":"La Place de la Concorde"},"content":{"rendered":"<p><img loading=\"lazy\" decoding=\"async\" class=\"alignnone  wp-image-75\" src=\"http:\/\/blog.espol.edu.ec\/dsbravo\/files\/2015\/05\/Place_de_la_Concorde_-_Paris_s\u00e9veille1-300x193.jpg\" alt=\"Place_de_la_Concorde_-_Paris_s\u00e9veille1\" width=\"423\" height=\"272\" srcset=\"https:\/\/blog.espol.edu.ec\/dsbravo\/files\/2015\/05\/Place_de_la_Concorde_-_Paris_s\u00e9veille1-300x193.jpg 300w, https:\/\/blog.espol.edu.ec\/dsbravo\/files\/2015\/05\/Place_de_la_Concorde_-_Paris_s\u00e9veille1-1024x660.jpg 1024w, https:\/\/blog.espol.edu.ec\/dsbravo\/files\/2015\/05\/Place_de_la_Concorde_-_Paris_s\u00e9veille1.jpg 1898w\" sizes=\"auto, (max-width: 423px) 100vw, 423px\" \/><\/p>\n<p>&nbsp;<\/p>\n<p>El centro de la plaza es dominado por un\u00a0imponente obelisco de granito rosa de Luxor de m\u00e1s de 3300 a\u00f1os de antig\u00fcedad y casi 23 metros de altura, regalo de Egipto a Francia. En cada una de las esquinas de la plaza, de forma octogonal, se encuentra una estatua representando una ciudad francesa: Brest, Ru\u00e1n, Li\u00f3n, Marsella, Burdeos, Nantes, Lille y Estrasburgo. Al norte y al sur del obelisco, dos fuentes monumentales representando temas marinos completan la plaza.<\/p>\n<p>La historia de la Place de la Concorde se remonta a la \u00e9poca de <b>Luis XV<\/b>, quien decidi\u00f3 la realizaci\u00f3n de una plaza con su estatua ecuestre al centro y rodeada de hoteles -actualmente el prestigioso <b>Hotel Crillon<\/b> y el <b>Ministerio de la Marina<\/b>, a ambos lados de la Rue Royale-.<\/p>\n<p><img decoding=\"async\" src=\"http:\/\/www.mundocity.com\/images\/concorde1.jpg\" alt=\"En primer plano, Obelisco y fuente de la Concorde; al fondo, el Palais Bourbon y el domo dorado de Les Invalides\" width=\"250\" align=\"right\" border=\"1\" hspace=\"6\" vspace=\"6\" \/>En tiempos de la Revoluci\u00f3n, la estatua del rey fue reemplazada por una que simbolizaba la libertad, y la plaza fue tristemente c\u00e9lebre con la instalaci\u00f3n de la guillotina; de las casi 2500 personas guillotinadas en esta \u00e9poca, 1119 fueron ejecutadas en esta plaza, entonces conocida como <b>Plaza de la Revoluci\u00f3n<\/b>. Con el fin del<b>Terror<\/b> se decidi\u00f3 que su nombre ser\u00eda el de \"Plaza de la Concordia\".Para los gobernantes que siguieron la plaza presentaba un problema pol\u00edtico, siempre marcada por los recuerdos de la \u00e9poca del Terror. Durante la Restauraci\u00f3n, el retorno de la monarqu\u00eda al poder, surgi\u00f3 la idea de colocar una estatua en memoria de Luis XVI, una forma de honrar a aquellos nobles que murieron en este lugar, lo cual nunca se concret\u00f3.<\/p>\n","protected":false},"excerpt":{"rendered":"<p>&nbsp; El centro de la plaza es dominado por un\u00a0imponente obelisco de granito rosa de Luxor de m\u00e1s de 3300 a\u00f1os de antig\u00fcedad y casi 23 metros de altura, regalo de Egipto a Francia. En cada una de las esquinas de la plaza, de forma octogonal, se encuentra una estatua representando una ciudad francesa: Brest, [&hellip;]<\/p>\n","protected":false},"author":9618,"featured_media":0,"parent":32,"menu_order":0,"comment_status":"open","ping_status":"open","template":"","meta":{"footnotes":""},"class_list":["post-36","page","type-page","status-publish","hentry"],"_links":{"self":[{"href":"https:\/\/blog.espol.edu.ec\/dsbravo\/wp-json\/wp\/v2\/pages\/36","targetHints":{"allow":["GET"]}}],"collection":[{"href":"https:\/\/blog.espol.edu.ec\/dsbravo\/wp-json\/wp\/v2\/pages"}],"about":[{"href":"https:\/\/blog.espol.edu.ec\/dsbravo\/wp-json\/wp\/v2\/types\/page"}],"author":[{"embeddable":true,"href":"https:\/\/blog.espol.edu.ec\/dsbravo\/wp-json\/wp\/v2\/users\/9618"}],"replies":[{"embeddable":true,"href":"https:\/\/blog.espol.edu.ec\/dsbravo\/wp-json\/wp\/v2\/comments?post=36"}],"version-history":[{"count":3,"href":"https:\/\/blog.espol.edu.ec\/dsbravo\/wp-json\/wp\/v2\/pages\/36\/revisions"}],"predecessor-version":[{"id":76,"href":"https:\/\/blog.espol.edu.ec\/dsbravo\/wp-json\/wp\/v2\/pages\/36\/revisions\/76"}],"up":[{"embeddable":true,"href":"https:\/\/blog.espol.edu.ec\/dsbravo\/wp-json\/wp\/v2\/pages\/32"}],"wp:attachment":[{"href":"https:\/\/blog.espol.edu.ec\/dsbravo\/wp-json\/wp\/v2\/media?parent=36"}],"curies":[{"name":"wp","href":"https:\/\/api.w.org\/{rel}","templated":true}]}}

<p><img loading="lazy" decoding="async" class="alignnone  wp-image-75" src="http://blog.espol.edu.ec/dsbravo/files/2015/05/Place_de_la_Concorde_-_Paris_séveille1-300x193.jpg" alt="Place_de_la_Concorde_-_Paris_séveille1" width="423" height="272" srcset="https://blog.espol.edu.ec/dsbravo/files/2015/05/Place_de_la_Concorde_-_Paris_séveille1-300x193.jpg 300w, https://blog.espol.edu.ec/dsbravo/files/2015/05/Place_de_la_Concorde_-_Paris_séveille1-1024x660.jpg 1024w, https://blog.espol.edu.ec/dsbravo/files/2015/05/Place_de_la_Concorde_-_Paris_séveille1.jpg 1898w" sizes="auto, (max-width: 423px) 100vw, 423px" /></p>
<p>&nbsp;</p>
<p>El centro de la plaza es dominado por un imponente obelisco de granito rosa de Luxor de más de 3300 años de antigüedad y casi 23 metros de altura, regalo de Egipto a Francia. En cada una de las esquinas de la plaza, de forma octogonal, se encuentra una estatua representando una ciudad francesa: Brest, Ruán, Lión, Marsella, Burdeos, Nantes, Lille y Estrasburgo. Al norte y al sur del obelisco, dos fuentes monumentales representando temas marinos completan la plaza.</p>
<p>La historia de la Place de la Concorde se remonta a la época de <b>Luis XV</b>, quien decidió la realización de una plaza con su estatua ecuestre al centro y rodeada de hoteles -actualmente el prestigioso <b>Hotel Crillon</b> y el <b>Ministerio de la Marina</b>, a ambos lados de la Rue Royale-.</p>
<p><img decoding="async" src="http://www.mundocity.com/images/concorde1.jpg" alt="En primer plano, Obelisco y fuente de la Concorde; al fondo, el Palais Bourbon y el domo dorado de Les Invalides" width="250" align="right" border="1" hspace="6" vspace="6" />En tiempos de la Revolución, la estatua del rey fue reemplazada por una que simbolizaba la libertad, y la plaza fue tristemente célebre con la instalación de la guillotina; de las casi 2500 personas guillotinadas en esta época, 1119 fueron ejecutadas en esta plaza, entonces conocida como <b>Plaza de la Revolución</b>. Con el fin del<b>Terror</b> se decidió que su nombre sería el de "Plaza de la Concordia".Para los gobernantes que siguieron la plaza presentaba un problema político, siempre marcada por los recuerdos de la época del Terror. Durante la Restauración, el retorno de la monarquía al poder, surgió la idea de colocar una estatua en memoria de Luis XVI, una forma de honrar a aquellos nobles que murieron en este lugar, lo cual nunca se concretó.</p>

<p>&nbsp; El centro de la plaza es dominado por un imponente obelisco de granito rosa de Luxor de más de 3300 años de antigüedad y casi 23 metros de altura, regalo de Egipto a Francia. En cada una de las esquinas de la plaza, de forma octogonal, se encuentra una estatua representando una ciudad francesa: Brest, [&hellip;]</p>
