{"id":38,"date":"2015-05-28T01:52:16","date_gmt":"2015-05-28T06:52:16","guid":{"rendered":"http:\/\/blog.espol.edu.ec\/dsbravo\/?page_id=38"},"modified":"2015-06-01T00:38:18","modified_gmt":"2015-06-01T05:38:18","slug":"la-place-des-vosges","status":"publish","type":"page","link":"https:\/\/blog.espol.edu.ec\/dsbravo\/lieux-touristiques\/des-grandes-places\/la-place-des-vosges\/","title":{"rendered":"La Place des Vosges"},"content":{"rendered":"<p><a href=\"http:\/\/blog.espol.edu.ec\/dsbravo\/files\/2015\/05\/place-des-vosges-paris.jpg\"><img loading=\"lazy\" decoding=\"async\" class=\"alignnone  wp-image-80\" src=\"http:\/\/blog.espol.edu.ec\/dsbravo\/files\/2015\/05\/place-des-vosges-paris-300x225.jpg\" alt=\"place-des-vosges-paris\" width=\"506\" height=\"378\" \/><\/a><\/p>\n<p>La <strong>Plaza de los Vosgos<\/strong> (Place des Vosges en franc\u00e9s) Conocida originalmente como \u201cEl palacio Real\u201d, edificada por orden de Enrique IV de 1605 a 1612. Se construy\u00f3 sobre el sitio de lo que antes fuera el H\u00f4tel des Tournelles y sus jardines, residencia de estilo g\u00f3tico donde Enrique II muri\u00f3 y Catalina de M\u00e9dicis mand\u00f3 demoler y se ubica entre el III distrito y el IV distrito de Par\u00eds..<\/p>\n<p><span id=\"more-491\"><\/span>La Plaza de los Vosgos fue inaugurada en 1612, con una ceremonia para festejar el enlace entre Luis XIII y Ana de Habsburgo, esta edificaci\u00f3n constituye el primer ejemplo de ordenamiento urbano en Europa. Tiene dos secciones que sobresalen por encima de la l\u00ednea de altura unificada, y se denomina respectivamente del rey y de la reina, aunque ninguno habito all\u00ed.<\/p>\n<div><\/div>\n<p><a href=\"http:\/\/www.viajarafrancia.com\/imagenes\/Plaza-de-los-Vosgos.jpg\" target=\"_blank\"><img loading=\"lazy\" decoding=\"async\" class=\" wp-image-1206\" style=\"margin: 0px;padding: 0px;border: 0px none;font-family: inherit;font-size: inherit;font-style: inherit;font-variant: inherit;font-weight: inherit;line-height: inherit;vertical-align: baseline;width: 518px;height: auto !important\" title=\"Plaza de los Vosgos\" src=\"http:\/\/www.viajarafrancia.com\/imagenes\/Plaza-de-los-Vosgos.jpg\" alt=\"Plaza de los Vosgos - &lt;a href='http:\/\/es.wikipedia.org\/wiki\/Archivo:Place_Vosges_Paris_Mai_2006_001.jpg' target='_blank' rel='nofollow'&gt;Autor&lt;\/a&gt;\" width=\"540\" height=\"360\" \/><\/a><\/p>\n<p>La plaza inicia desarrollos urbanos del Par\u00eds\u00a0aristocr\u00e1tico. El Cardenal Richelieu, erige una estatua de Luis XIII en el centro de la plaza, que hasta 1680 no tuvo jardines como se ven ahora) al ser destruida en \u00e9pocas de revoluci\u00f3n, es sustituida por una realizada por Louis Dupaty y Jean \u2013 Pierre Cortot, actualmente aun se aprecia.<\/p>\n<p>En 1799, el departamento de Vosgues, se convierte en el primer pagador de tasas, ese a\u00f1o la plaza es renombrada. La restauraci\u00f3n borb\u00f3nica devuelve su nombre anterior, y en 1848 durante la segunda republica, se restablece con el nombre de Place des Vosgues.<\/p>\n<p><a href=\"http:\/\/blog.espol.edu.ec\/dsbravo\/files\/2015\/05\/Plaza-de-los-Vosgos.jpg\"><img loading=\"lazy\" decoding=\"async\" class=\"alignnone  wp-image-79\" src=\"http:\/\/blog.espol.edu.ec\/dsbravo\/files\/2015\/05\/Plaza-de-los-Vosgos-300x188.jpg\" alt=\"Plaza-de-los-Vosgos\" width=\"571\" height=\"358\" srcset=\"https:\/\/blog.espol.edu.ec\/dsbravo\/files\/2015\/05\/Plaza-de-los-Vosgos-300x188.jpg 300w, https:\/\/blog.espol.edu.ec\/dsbravo\/files\/2015\/05\/Plaza-de-los-Vosgos.jpg 400w\" sizes=\"auto, (max-width: 571px) 100vw, 571px\" \/><\/a><\/p>\n","protected":false},"excerpt":{"rendered":"<p>La Plaza de los Vosgos (Place des Vosges en franc\u00e9s) Conocida originalmente como \u201cEl palacio Real\u201d, edificada por orden de Enrique IV de 1605 a 1612. Se construy\u00f3 sobre el sitio de lo que antes fuera el H\u00f4tel des Tournelles y sus jardines, residencia de estilo g\u00f3tico donde Enrique II muri\u00f3 y Catalina de M\u00e9dicis [&hellip;]<\/p>\n","protected":false},"author":9618,"featured_media":0,"parent":32,"menu_order":0,"comment_status":"open","ping_status":"open","template":"","meta":{"footnotes":""},"class_list":["post-38","page","type-page","status-publish","hentry"],"_links":{"self":[{"href":"https:\/\/blog.espol.edu.ec\/dsbravo\/wp-json\/wp\/v2\/pages\/38","targetHints":{"allow":["GET"]}}],"collection":[{"href":"https:\/\/blog.espol.edu.ec\/dsbravo\/wp-json\/wp\/v2\/pages"}],"about":[{"href":"https:\/\/blog.espol.edu.ec\/dsbravo\/wp-json\/wp\/v2\/types\/page"}],"author":[{"embeddable":true,"href":"https:\/\/blog.espol.edu.ec\/dsbravo\/wp-json\/wp\/v2\/users\/9618"}],"replies":[{"embeddable":true,"href":"https:\/\/blog.espol.edu.ec\/dsbravo\/wp-json\/wp\/v2\/comments?post=38"}],"version-history":[{"count":3,"href":"https:\/\/blog.espol.edu.ec\/dsbravo\/wp-json\/wp\/v2\/pages\/38\/revisions"}],"predecessor-version":[{"id":81,"href":"https:\/\/blog.espol.edu.ec\/dsbravo\/wp-json\/wp\/v2\/pages\/38\/revisions\/81"}],"up":[{"embeddable":true,"href":"https:\/\/blog.espol.edu.ec\/dsbravo\/wp-json\/wp\/v2\/pages\/32"}],"wp:attachment":[{"href":"https:\/\/blog.espol.edu.ec\/dsbravo\/wp-json\/wp\/v2\/media?parent=38"}],"curies":[{"name":"wp","href":"https:\/\/api.w.org\/{rel}","templated":true}]}}

<p><a href="http://blog.espol.edu.ec/dsbravo/files/2015/05/place-des-vosges-paris.jpg"><img loading="lazy" decoding="async" class="alignnone  wp-image-80" src="http://blog.espol.edu.ec/dsbravo/files/2015/05/place-des-vosges-paris-300x225.jpg" alt="place-des-vosges-paris" width="506" height="378" /></a></p>
<p>La <strong>Plaza de los Vosgos</strong> (Place des Vosges en francés) Conocida originalmente como “El palacio Real”, edificada por orden de Enrique IV de 1605 a 1612. Se construyó sobre el sitio de lo que antes fuera el Hôtel des Tournelles y sus jardines, residencia de estilo gótico donde Enrique II murió y Catalina de Médicis mandó demoler y se ubica entre el III distrito y el IV distrito de París..</p>
<p><span id="more-491"></span>La Plaza de los Vosgos fue inaugurada en 1612, con una ceremonia para festejar el enlace entre Luis XIII y Ana de Habsburgo, esta edificación constituye el primer ejemplo de ordenamiento urbano en Europa. Tiene dos secciones que sobresalen por encima de la línea de altura unificada, y se denomina respectivamente del rey y de la reina, aunque ninguno habito allí.</p>
<div></div>
<p><a href="http://www.viajarafrancia.com/imagenes/Plaza-de-los-Vosgos.jpg" target="_blank"><img loading="lazy" decoding="async" class=" wp-image-1206" style="margin: 0px;padding: 0px;border: 0px none;font-family: inherit;font-size: inherit;font-style: inherit;font-variant: inherit;font-weight: inherit;line-height: inherit;vertical-align: baseline;width: 518px;height: auto !important" title="Plaza de los Vosgos" src="http://www.viajarafrancia.com/imagenes/Plaza-de-los-Vosgos.jpg" alt="Plaza de los Vosgos - &lt;a href='http://es.wikipedia.org/wiki/Archivo:Place_Vosges_Paris_Mai_2006_001.jpg' target='_blank' rel='nofollow'&gt;Autor&lt;/a&gt;" width="540" height="360" /></a></p>
<p>La plaza inicia desarrollos urbanos del París aristocrático. El Cardenal Richelieu, erige una estatua de Luis XIII en el centro de la plaza, que hasta 1680 no tuvo jardines como se ven ahora) al ser destruida en épocas de revolución, es sustituida por una realizada por Louis Dupaty y Jean – Pierre Cortot, actualmente aun se aprecia.</p>
<p>En 1799, el departamento de Vosgues, se convierte en el primer pagador de tasas, ese año la plaza es renombrada. La restauración borbónica devuelve su nombre anterior, y en 1848 durante la segunda republica, se restablece con el nombre de Place des Vosgues.</p>
<p><a href="http://blog.espol.edu.ec/dsbravo/files/2015/05/Plaza-de-los-Vosgos.jpg"><img loading="lazy" decoding="async" class="alignnone  wp-image-79" src="http://blog.espol.edu.ec/dsbravo/files/2015/05/Plaza-de-los-Vosgos-300x188.jpg" alt="Plaza-de-los-Vosgos" width="571" height="358" srcset="https://blog.espol.edu.ec/dsbravo/files/2015/05/Plaza-de-los-Vosgos-300x188.jpg 300w, https://blog.espol.edu.ec/dsbravo/files/2015/05/Plaza-de-los-Vosgos.jpg 400w" sizes="auto, (max-width: 571px) 100vw, 571px" /></a></p>

<p>La Plaza de los Vosgos (Place des Vosges en francés) Conocida originalmente como “El palacio Real”, edificada por orden de Enrique IV de 1605 a 1612. Se construyó sobre el sitio de lo que antes fuera el Hôtel des Tournelles y sus jardines, residencia de estilo gótico donde Enrique II murió y Catalina de Médicis [&hellip;]</p>
