{"id":2,"date":"2015-05-14T15:31:06","date_gmt":"2015-05-14T15:31:06","guid":{"rendered":"http:\/\/blog.espol.edu.ec\/dtgarzon\/?page_id=2"},"modified":"2015-05-21T02:29:33","modified_gmt":"2015-05-21T02:29:33","slug":"pagina-ejemplo","status":"publish","type":"page","link":"https:\/\/blog.espol.edu.ec\/dtgarzon\/pagina-ejemplo\/","title":{"rendered":"\u00bfQu\u00e9 es Biomim\u00e9tica?"},"content":{"rendered":"<p>Biom\u00edmesis (de bio, vida y mimesis, imitar), tambi\u00e9n conocida como biomim\u00e9tica o biomimetismo, es la ciencia que estudia a la naturaleza como fuente de inspiraci\u00f3n, nuevas tecnolog\u00edas innovadoras para resolver aquellos problemas humanos que la naturaleza ha resuelto, mediante los modelos de sistemas (mec\u00e1nica), procesos (qu\u00edmica) y elementos que imitan o se inspiran en ella.<\/p>\n<div id=\"attachment_29\" style=\"width: 268px\" class=\"wp-caption aligncenter\"><a href=\"http:\/\/blog.espol.edu.ec\/dtgarzon\/files\/2015\/05\/descarga.jpg\"><img loading=\"lazy\" decoding=\"async\" aria-describedby=\"caption-attachment-29\" class=\"wp-image-29 size-full\" src=\"http:\/\/blog.espol.edu.ec\/dtgarzon\/files\/2015\/05\/descarga.jpg\" alt=\"Biomim\u00e9tica\" width=\"268\" height=\"188\" \/><\/a><p id=\"caption-attachment-29\" class=\"wp-caption-text\">Biomim\u00e9tica aplicada en la ingenier\u00eda y arquitectura<\/p><\/div>\n<p>Biomimesis es el t\u00e9rmino m\u00e1s utilizado en literatura cient\u00edfica e ingenier\u00eda para hacer referencia al proceso de entender y aplicar a problemas humanos, soluciones procedentes de la naturaleza en forma de principios biol\u00f3gicos, biomateriales, o de cualquier otra \u00edndole. La naturaleza, el universo, le lleva al ser humano millones de a\u00f1os de ventaja en cualquier campo. Es por ello que es m\u00e1s ventajoso copiarla que intentar superarla, como es el caso del kevlar, incomparable a biotejidos como la seda de ara\u00f1a. Otro ejemplo simple, es la cabeza tractora de ciertos trenes de alta velocidad cuya forma es aerodin\u00e1mica procedente de la forma de la cabeza de cierta especie de patos.<\/p>\n<p>Actualmente nuevos campos emergentes de la ciencia como la nanotecnolog\u00eda e ingenier\u00eda molecular han usado m\u00e9todos de s\u00edntesis novedosos intentando imitar la s\u00edntesis de autoensamblaje y con altos rendimientos que la naturaleza ha desarrollado durante millones de a\u00f1os y con esto perfeccionado.<\/p>\n","protected":false},"excerpt":{"rendered":"<p>Biom\u00edmesis (de bio, vida y mimesis, imitar), tambi\u00e9n conocida como biomim\u00e9tica o biomimetismo, es la ciencia que estudia a la naturaleza como fuente de inspiraci\u00f3n, nuevas tecnolog\u00edas innovadoras para resolver aquellos problemas humanos que la naturaleza ha resuelto, mediante los modelos de sistemas (mec\u00e1nica), procesos (qu\u00edmica) y elementos que imitan o se inspiran en ella. &hellip; <\/p>\n<p><a class=\"more-link btn\" href=\"https:\/\/blog.espol.edu.ec\/dtgarzon\/pagina-ejemplo\/\">Seguir leyendo<\/a><\/p>\n","protected":false},"author":9626,"featured_media":0,"parent":0,"menu_order":0,"comment_status":"open","ping_status":"open","template":"","meta":{"footnotes":""},"class_list":["post-2","page","type-page","status-publish","hentry","nodate","item-wrap"],"_links":{"self":[{"href":"https:\/\/blog.espol.edu.ec\/dtgarzon\/wp-json\/wp\/v2\/pages\/2","targetHints":{"allow":["GET"]}}],"collection":[{"href":"https:\/\/blog.espol.edu.ec\/dtgarzon\/wp-json\/wp\/v2\/pages"}],"about":[{"href":"https:\/\/blog.espol.edu.ec\/dtgarzon\/wp-json\/wp\/v2\/types\/page"}],"author":[{"embeddable":true,"href":"https:\/\/blog.espol.edu.ec\/dtgarzon\/wp-json\/wp\/v2\/users\/9626"}],"replies":[{"embeddable":true,"href":"https:\/\/blog.espol.edu.ec\/dtgarzon\/wp-json\/wp\/v2\/comments?post=2"}],"version-history":[{"count":3,"href":"https:\/\/blog.espol.edu.ec\/dtgarzon\/wp-json\/wp\/v2\/pages\/2\/revisions"}],"predecessor-version":[{"id":30,"href":"https:\/\/blog.espol.edu.ec\/dtgarzon\/wp-json\/wp\/v2\/pages\/2\/revisions\/30"}],"wp:attachment":[{"href":"https:\/\/blog.espol.edu.ec\/dtgarzon\/wp-json\/wp\/v2\/media?parent=2"}],"curies":[{"name":"wp","href":"https:\/\/api.w.org\/{rel}","templated":true}]}}