{"id":42,"date":"2015-05-21T02:41:27","date_gmt":"2015-05-21T02:41:27","guid":{"rendered":"http:\/\/blog.espol.edu.ec\/dtgarzon\/?page_id=42"},"modified":"2015-06-01T22:43:33","modified_gmt":"2015-06-01T22:43:33","slug":"disenos-que-imitan-a-la-naturaleza","status":"publish","type":"page","link":"https:\/\/blog.espol.edu.ec\/dtgarzon\/disenos-que-imitan-a-la-naturaleza\/","title":{"rendered":"Biomim\u00e9tica aplicada en..."},"content":{"rendered":"<p>La biomim\u00e9tica poco a poco se va extendiendo a diferentes \u00e1reas con el objetivo de mejorar la calidad de vida de todos. Entre ellas tenemos:<\/p>\n<p><strong>Biomim\u00e9tica en la arquitectura<\/strong><\/p>\n<p style=\"text-align: justify\" align=\"justify\">La <b>Arquitectura Biomim\u00e9tica<\/b> nos acerca a un dise\u00f1o m\u00e1s natural, ya que si tomamos en cuenta las estrategias \u00a0y soluciones que utiliza la naturaleza, podemos aplicarlas en varios aspectos. Al crear dise\u00f1os m\u00e1s naturales a trav\u00e9s de la comprensi\u00f3n de \u00e9stas se busca el ahorro y eficiencia de recursos.<\/p>\n<p style=\"text-align: justify\" align=\"justify\">Estas formas naturales han demostrado funcionar mucho mejor que las tecnolog\u00edas m\u00e1s innovadoras que existen en la actualidad, ya que requieren menos energ\u00eda y producen menos residuos, actuando de manera directa en el dise\u00f1o de estructuras.<\/p>\n<div id=\"attachment_57\" style=\"width: 303px\" class=\"wp-caption alignleft\"><a href=\"http:\/\/blog.espol.edu.ec\/dtgarzon\/files\/2015\/05\/clip_image004_thumb1.jpg\"><img loading=\"lazy\" decoding=\"async\" aria-describedby=\"caption-attachment-57\" class=\"  wp-image-57\" src=\"http:\/\/blog.espol.edu.ec\/dtgarzon\/files\/2015\/05\/clip_image002_thumb1.jpg\" alt=\"Panal de abejas\" width=\"303\" height=\"118\" srcset=\"https:\/\/blog.espol.edu.ec\/dtgarzon\/files\/2015\/05\/clip_image002_thumb1.jpg 600w, https:\/\/blog.espol.edu.ec\/dtgarzon\/files\/2015\/05\/clip_image002_thumb1-300x117.jpg 300w\" sizes=\"auto, (max-width: 303px) 100vw, 303px\" \/><\/a><p id=\"caption-attachment-57\" class=\"wp-caption-text\"><img loading=\"lazy\" decoding=\"async\" class=\"  wp-image-58 aligncenter\" src=\"http:\/\/blog.espol.edu.ec\/dtgarzon\/files\/2015\/05\/clip_image004_thumb1.jpg\" alt=\"clip_image004_thumb1\" width=\"256\" height=\"244\" srcset=\"https:\/\/blog.espol.edu.ec\/dtgarzon\/files\/2015\/05\/clip_image004_thumb1.jpg 523w, https:\/\/blog.espol.edu.ec\/dtgarzon\/files\/2015\/05\/clip_image004_thumb1-300x287.jpg 300w\" sizes=\"auto, (max-width: 256px) 100vw, 256px\" \/> El perfecto hex\u00e1gono construido por las abejas que da consistencia a su casa y cobija a su familia como inspiraci\u00f3n para la arquitectura.<\/p><\/div>\n<p>&nbsp;<\/p>\n<div id=\"attachment_60\" style=\"width: 269px\" class=\"wp-caption alignright\"><a href=\"http:\/\/blog.espol.edu.ec\/dtgarzon\/files\/2015\/05\/620664743_VNXEJPDSPBVWUBI.jpg\"><img loading=\"lazy\" decoding=\"async\" aria-describedby=\"caption-attachment-60\" class=\"wp-image-60 \" src=\"http:\/\/blog.espol.edu.ec\/dtgarzon\/files\/2015\/05\/620664743_VNXEJPDSPBVWUBI.jpg\" alt=\"Flor de loto\" width=\"269\" height=\"202\" srcset=\"https:\/\/blog.espol.edu.ec\/dtgarzon\/files\/2015\/05\/620664743_VNXEJPDSPBVWUBI.jpg 500w, https:\/\/blog.espol.edu.ec\/dtgarzon\/files\/2015\/05\/620664743_VNXEJPDSPBVWUBI-300x225.jpg 300w\" sizes=\"auto, (max-width: 269px) 100vw, 269px\" \/><\/a><p id=\"caption-attachment-60\" class=\"wp-caption-text\">Representa una gran flor de loto, que es la flor nacional de la India. Tiene nueve lados y siete estanques simbolizando el todo, la unidad y la unicidad. El loto es el s\u00edmbolo tradicional hind\u00fa de pureza y santidad. Este templo se construy\u00f3 con la idea de ser el padre de todos los templos de la India.<\/p><\/div>\n<p>&nbsp;<\/p>\n<p>&nbsp;<\/p>\n<p>&nbsp;<\/p>\n<p>&nbsp;<\/p>\n<p>&nbsp;<\/p>\n<p>&nbsp;<\/p>\n<p>&nbsp;<\/p>\n<p>&nbsp;<\/p>\n<p>&nbsp;<\/p>\n<p>&nbsp;<\/p>\n<p>&nbsp;<\/p>\n<p>&nbsp;<\/p>\n<p>&nbsp;<\/p>\n<p>&nbsp;<\/p>\n<p>&nbsp;<\/p>\n<p>&nbsp;<\/p>\n<p>&nbsp;<\/p>\n<p><strong>Biomim\u00e9tica en los textiles<\/strong><\/p>\n<p style=\"text-align: justify\">Numerosos animales que han evolucionado durante millones de a\u00f1os para reducir al m\u00e1ximo la fricci\u00f3n cuando se desplazan en el agua tambi\u00e9n son objeto de estudio biomim\u00e9tico para lograr dise\u00f1os y productos que mejoren su rendimiento.<\/p>\n<p style=\"text-align: justify\">Suscita especial inter\u00e9s <a href=\"http:\/\/www.sciencedaily.com\/releases\/2007\/11\/071130155548.htm\">el dise\u00f1o aerodin\u00e1mico y la composici\u00f3n hidrof\u00f3bica<\/a> (que repele el agua) de la epidermis de animales como el tibur\u00f3n. Dise\u00f1os que reduzcan la fricci\u00f3n y recubrimientos hidrof\u00f3bicos reducir\u00edan la cantidad de energ\u00eda necesaria para que un carguero de contenedores se desplaza por el mar.<\/p>\n<p style=\"text-align: justify\">Cient\u00edficos de todo el mundo estudian tejidos, pol\u00edmeros y recubrimientos inspirados en la capacidad para repeler el agua de la piel de tibur\u00f3n para aplicarlos al casco de barcos y submarinos, o el fuselaje de los aviones. Pero los mismos avances tambi\u00e9n pueden aplicarse en actividades deportivas y de ocio, como la nataci\u00f3n.<\/p>\n<p style=\"text-align: justify\">Varias firmas, entre ellas Speedo, han creado ba\u00f1adores a partir de tejidos que imitan la variabilidad de la textura hidrof\u00f3bica de la piel del tibur\u00f3n, cuya estructura var\u00eda en funci\u00f3n del lugar que ocupa en la piel del animal, lo que aumentar\u00eda la capacidad del animal para reducir su fricci\u00f3n al m\u00e1ximo, aumentando su velocidad y reduciendo la cantidad de ejercicio necesaria para desplazarse.<\/p>\n<p style=\"text-align: justify\">Los ba\u00f1adores Fatskin FSII de Speedo emulan el variable gramaje de la piel hidrof\u00f3bica del tibur\u00f3n. Fueron usados en competici\u00f3n por primera vez en los Juegos Ol\u00edmpicos de Pek\u00edn y contribuyeron al extraordinario rendimiento de su portador m\u00e1s ilustre, el estadounidense Michael Phelps, con ocho medallas de oro en la competici\u00f3n.<\/p>\n<p style=\"text-align: justify\">No hay que restar m\u00e9ritos al nadador, pero se ha comprobado la extraordinaria eficiencia de los nuevos tejidos hidrof\u00f3bicos de los nuevos ba\u00f1adores, que reducen la fricci\u00f3n del nadador mientras se desplaza contra la inercia del agua.<\/p>\n<div id=\"attachment_61\" style=\"width: 431px\" class=\"wp-caption aligncenter\"><a href=\"http:\/\/blog.espol.edu.ec\/dtgarzon\/files\/2015\/05\/tecnologia1-g.jpg\"><img loading=\"lazy\" decoding=\"async\" aria-describedby=\"caption-attachment-61\" class=\"wp-image-61 \" src=\"http:\/\/blog.espol.edu.ec\/dtgarzon\/files\/2015\/05\/tecnologia1-g.jpg\" alt=\"tecnologia1-g\" width=\"431\" height=\"291\" srcset=\"https:\/\/blog.espol.edu.ec\/dtgarzon\/files\/2015\/05\/tecnologia1-g.jpg 500w, https:\/\/blog.espol.edu.ec\/dtgarzon\/files\/2015\/05\/tecnologia1-g-300x203.jpg 300w\" sizes=\"auto, (max-width: 431px) 100vw, 431px\" \/><\/a><p id=\"caption-attachment-61\" class=\"wp-caption-text\">Dise\u00f1os textiles inspirados en la naturaleza<\/p><\/div>\n<p style=\"text-align: justify\"><strong>Biomim\u00e9tica en dise\u00f1o de autos<\/strong><\/p>\n<p style=\"text-align: justify\">El veh\u00edculo el\u00e9ctrico es finalmente una realidad, con modelos h\u00edbridos, h\u00edbridos enchufables y modelos \u00edntegramente el\u00e9ctricos en el mercado, algunos de ellos producidos por grandes marcas.<\/p>\n<p style=\"text-align: justify\">El coche \u00a0propulsado con pilas de hidr\u00f3geno ser\u00eda el siguiente paso, aunque la tecnolog\u00eda no despegar\u00e1 mientras sea tan caro y contaminante producir hidr\u00f3geno, ya que los \u00fanicos procesos industriales viables a gran escala en la actualidad implican el empleo de abundante energ\u00eda para separar el hidr\u00f3geno de los otros \u00e1tomos que lo acompa\u00f1en.<\/p>\n<p style=\"text-align: justify\">No ocurre lo mismo con un dise\u00f1o biomim\u00e9tico de trata de perfeccionar un veh\u00edculo propulsado con una pila de hidr\u00f3geno cuyo funcionamiento imita la fotos\u00edntesis, como en este modelo chino, bautizado como \"hoja\", <a href=\"http:\/\/green.autoblog.com\/photos\/ye-zi-leaf\/\">Ye Zi<\/a>.<\/p>\n<p style=\"text-align: justify\">El proceso, bautizado como <a href=\"http:\/\/www.triplepundit.com\/pages\/the-nature-of-e.php\">Fotos\u00edntesis Artificial<\/a>, emplea luz solar para descomponer las mol\u00e9culas de agua en \u00e1tomos de ox\u00edgeno e hidr\u00f3geno. En el proceso, el hidr\u00f3geno propulsar\u00eda la pila del veh\u00edculo, mientras el veh\u00edculo emitir\u00eda ox\u00edgeno a la atm\u00f3sfera. El proceso crear\u00eda un m\u00e9todo eficiente para propulsar los veh\u00edculos, a la vez que combatir\u00eda el cambio clim\u00e1tico.<\/p>\n<div id=\"attachment_62\" style=\"width: 400px\" class=\"wp-caption aligncenter\"><a href=\"http:\/\/blog.espol.edu.ec\/dtgarzon\/files\/2015\/05\/ze-yi.jpg\"><img loading=\"lazy\" decoding=\"async\" aria-describedby=\"caption-attachment-62\" class=\"size-full wp-image-62\" src=\"http:\/\/blog.espol.edu.ec\/dtgarzon\/files\/2015\/05\/ze-yi.jpg\" alt=\"Dise\u00f1os de autos inspirados en la naturaleza\" width=\"400\" height=\"257\" srcset=\"https:\/\/blog.espol.edu.ec\/dtgarzon\/files\/2015\/05\/ze-yi.jpg 400w, https:\/\/blog.espol.edu.ec\/dtgarzon\/files\/2015\/05\/ze-yi-300x193.jpg 300w\" sizes=\"auto, (max-width: 400px) 100vw, 400px\" \/><\/a><p id=\"caption-attachment-62\" class=\"wp-caption-text\">Dise\u00f1os de autos inspirados en la naturaleza<\/p><\/div>\n<p><strong>Biomim\u00e9tica en la medicina<\/strong><\/p>\n<p style=\"text-align: justify\">La salud es uno de los campos en los que trabajan.\u00a0Una nueva t\u00e9cnica de fijaci\u00f3n de injertos de piel, por ejemplo para el tratamiento de quemaduras, ha sido desarrollado a partir de lo que hace un gusano par\u00e1sito llamado<em>Pomphorhynchus laevis<\/em> cuando parasita a su hospedero. Cuando el gusano llega al intestino, perfora la pared del mismo con su cabeza y esta se infla dentro del tejido, quedando as\u00ed muy bien fijado a este. Pues los m\u00e9dicos han imitado esta estrategia desarrollando un tipo de agujas muy peque\u00f1as que sirven para adherir fuertemente los parches de piel del injerto, pues cuando se ponen en contacto con el agua, se hinchan y mantienen una fuerte uni\u00f3n que seg\u00fan ellos es tres veces m\u00e1s fuerte que las grapas quir\u00fargicas actuales.<\/p>\n<p style=\"text-align: justify\"><a href=\"http:\/\/blog.espol.edu.ec\/dtgarzon\/files\/2015\/05\/5-tecnologias-actuales-que-se-han-inspirado-en-la-naturaleza-1.jpg\"><img loading=\"lazy\" decoding=\"async\" class=\"aligncenter  wp-image-84\" src=\"http:\/\/blog.espol.edu.ec\/dtgarzon\/files\/2015\/05\/5-tecnologias-actuales-que-se-han-inspirado-en-la-naturaleza-1.jpg\" alt=\"5-tecnologias-actuales-que-se-han-inspirado-en-la-naturaleza-1\" width=\"348\" height=\"216\" srcset=\"https:\/\/blog.espol.edu.ec\/dtgarzon\/files\/2015\/05\/5-tecnologias-actuales-que-se-han-inspirado-en-la-naturaleza-1.jpg 630w, https:\/\/blog.espol.edu.ec\/dtgarzon\/files\/2015\/05\/5-tecnologias-actuales-que-se-han-inspirado-en-la-naturaleza-1-300x186.jpg 300w\" sizes=\"auto, (max-width: 348px) 100vw, 348px\" \/><\/a><\/p>\n<p style=\"text-align: justify\">\n<p style=\"text-align: justify\">Las aplicaciones de la biomim\u00e9tica son infinitas, solo hay que mirar a nuestro alrededor y descubrir los misterios de la naturaleza.<\/p>\n<p>&nbsp;<\/p>\n","protected":false},"excerpt":{"rendered":"<p>La biomim\u00e9tica poco a poco se va extendiendo a diferentes \u00e1reas con el objetivo de mejorar la calidad de vida de todos. Entre ellas tenemos: Biomim\u00e9tica en la arquitectura La Arquitectura Biomim\u00e9tica nos acerca a un dise\u00f1o m\u00e1s natural, ya que si tomamos en cuenta las estrategias \u00a0y soluciones que utiliza la naturaleza, podemos aplicarlas &hellip; <\/p>\n<p><a class=\"more-link btn\" href=\"https:\/\/blog.espol.edu.ec\/dtgarzon\/disenos-que-imitan-a-la-naturaleza\/\">Seguir leyendo<\/a><\/p>\n","protected":false},"author":9626,"featured_media":0,"parent":0,"menu_order":0,"comment_status":"open","ping_status":"open","template":"","meta":{"footnotes":""},"class_list":["post-42","page","type-page","status-publish","hentry","nodate","item-wrap"],"_links":{"self":[{"href":"https:\/\/blog.espol.edu.ec\/dtgarzon\/wp-json\/wp\/v2\/pages\/42","targetHints":{"allow":["GET"]}}],"collection":[{"href":"https:\/\/blog.espol.edu.ec\/dtgarzon\/wp-json\/wp\/v2\/pages"}],"about":[{"href":"https:\/\/blog.espol.edu.ec\/dtgarzon\/wp-json\/wp\/v2\/types\/page"}],"author":[{"embeddable":true,"href":"https:\/\/blog.espol.edu.ec\/dtgarzon\/wp-json\/wp\/v2\/users\/9626"}],"replies":[{"embeddable":true,"href":"https:\/\/blog.espol.edu.ec\/dtgarzon\/wp-json\/wp\/v2\/comments?post=42"}],"version-history":[{"count":6,"href":"https:\/\/blog.espol.edu.ec\/dtgarzon\/wp-json\/wp\/v2\/pages\/42\/revisions"}],"predecessor-version":[{"id":85,"href":"https:\/\/blog.espol.edu.ec\/dtgarzon\/wp-json\/wp\/v2\/pages\/42\/revisions\/85"}],"wp:attachment":[{"href":"https:\/\/blog.espol.edu.ec\/dtgarzon\/wp-json\/wp\/v2\/media?parent=42"}],"curies":[{"name":"wp","href":"https:\/\/api.w.org\/{rel}","templated":true}]}}