{"id":43,"date":"2011-10-30T18:21:04","date_gmt":"2011-10-30T23:21:04","guid":{"rendered":"http:\/\/blog.espol.edu.ec\/ebatalla\/?page_id=43"},"modified":"2011-10-30T21:26:30","modified_gmt":"2011-10-31T02:26:30","slug":"mi-monografia","status":"publish","type":"page","link":"https:\/\/blog.espol.edu.ec\/ebatalla\/?page_id=43","title":{"rendered":"Mi monograf\u00eda"},"content":{"rendered":"<p style=\"text-align: center\"><strong>Cultivo hidrop\u00f3nico del Raphanus Sativus<\/strong><\/p>\n<p style=\"text-align: center\"><strong>RESUMEN<\/strong><\/p>\n<p style=\"text-align: justify\">La raz\u00f3n por la que se\u00a0eligi\u00f3\u00a0al r\u00e1bano para cultivarlo fue debido a su corto periodo de germinaci\u00f3n(10 d\u00edas) y su periodo de cosecha(30 d\u00edas) ,as\u00ed como el hecho de que esta especie es tolerante a los cambios de temperatura y se puede sembrar en cualquier \u00e9poca del a\u00f1o. Se pens\u00f3 en esto en el caso de que exista un error durante el experimento, lo cual fue correcto esperar porque en el primer ensayo de cultivo este\u00a0se infecto debido a que no controle el ph del agua y tuve que repetir el trabajo.<\/p>\n<p style=\"text-align: justify\">Para el montaje del sistema\u00a0hidrop\u00f3nico\u00a0se\u00a0necesitaron\u00a0<strong>6<\/strong> tubos de pl\u00e1stico con las medidas\u00a0caracter\u00edsticas\u00a0citadas a\u00a0continuaci\u00f3n:<\/p>\n<p style=\"text-align: justify\">1.54 metros de largo y 0.10 metros de di\u00e1metro, cada uno de estos tubos pose\u00edan un total de 8 agujeros, que constaban de \u00a05.08cm de di\u00e1metro.<\/p>\n<p style=\"text-align: justify\">Cabe recalcar que se trabajo con dos soluciones hidrop\u00f3nicas, la soluci\u00f3n A (macro nutrientes\u00a0) y la soluci\u00f3n B (micro nutrientes)<\/p>\n<ul>\n<li>el primer tubo pl\u00e1stico era la muestra control pose\u00eda solamente humus en su interior<\/li>\n<li>el segundo \u00a0tenia una\u00a0concentraci\u00f3n\u00a0de la soluci\u00f3n A al 100%<\/li>\n<li>el tercero pose\u00eda una concentraci\u00f3n de la\u00a0soluci\u00f3n B al 100%<\/li>\n<li>el cuarto tubo pose\u00eda una concentraci\u00f3n de \u00a0A al 60% y B al 40%<\/li>\n<li>el quinto tubo pose\u00eda una concentraci\u00f3n de A al 40% y B al 60%<\/li>\n<li>y por ultimo el sexto tubo pose\u00eda una\u00a0concentraci\u00f3n\u00a0de A al 50% y B al 50%<\/li>\n<\/ul>\n<p>\ufeff<a href=\"http:\/\/blog.espol.edu.ec\/ebatalla\/files\/2011\/10\/tubos.jpg\"><img loading=\"lazy\" decoding=\"async\" class=\"aligncenter size-medium wp-image-46\" title=\"tubos\" src=\"http:\/\/blog.espol.edu.ec\/ebatalla\/files\/2011\/10\/tubos-253x300.jpg\" alt=\"\" width=\"253\" height=\"300\" srcset=\"https:\/\/blog.espol.edu.ec\/ebatalla\/files\/2011\/10\/tubos-253x300.jpg 253w, https:\/\/blog.espol.edu.ec\/ebatalla\/files\/2011\/10\/tubos.jpg 388w\" sizes=\"auto, (max-width: 253px) 100vw, 253px\" \/><\/a><\/p>\n<p>\ufeffCompuestos que contienen cada una de las soluciones nutritivas A y B<\/p>\n<p style=\"text-align: center\"><a href=\"http:\/\/blog.espol.edu.ec\/ebatalla\/files\/2011\/10\/tabala.jpg\"><img loading=\"lazy\" decoding=\"async\" class=\"aligncenter size-medium wp-image-47\" title=\"tabala\" src=\"http:\/\/blog.espol.edu.ec\/ebatalla\/files\/2011\/10\/tabala-300x192.jpg\" alt=\"\" width=\"300\" height=\"192\" srcset=\"https:\/\/blog.espol.edu.ec\/ebatalla\/files\/2011\/10\/tabala-300x192.jpg 300w, https:\/\/blog.espol.edu.ec\/ebatalla\/files\/2011\/10\/tabala.jpg 718w\" sizes=\"auto, (max-width: 300px) 100vw, 300px\" \/><\/a><\/p>\n<p style=\"text-align: center\"><strong>MATERIALES PARA LA ELABORACI\u00d3N DEL CULTIVO HIDROP\u00d3NICO<\/strong><\/p>\n<p style=\"text-align: center\"><strong><a href=\"http:\/\/blog.espol.edu.ec\/ebatalla\/files\/2011\/10\/materiales1.jpg\"><img loading=\"lazy\" decoding=\"async\" class=\"aligncenter size-full wp-image-48\" title=\"materiales1\" src=\"http:\/\/blog.espol.edu.ec\/ebatalla\/files\/2011\/10\/materiales1.jpg\" alt=\"\" width=\"679\" height=\"516\" srcset=\"https:\/\/blog.espol.edu.ec\/ebatalla\/files\/2011\/10\/materiales1.jpg 679w, https:\/\/blog.espol.edu.ec\/ebatalla\/files\/2011\/10\/materiales1-300x227.jpg 300w\" sizes=\"auto, (max-width: 679px) 100vw, 679px\" \/><\/a> <a href=\"http:\/\/blog.espol.edu.ec\/ebatalla\/files\/2011\/10\/IMAGEN2.jpg\"><img loading=\"lazy\" decoding=\"async\" class=\"aligncenter size-full wp-image-49\" title=\"IMAGEN2\" src=\"http:\/\/blog.espol.edu.ec\/ebatalla\/files\/2011\/10\/IMAGEN2.jpg\" alt=\"\" width=\"610\" height=\"257\" srcset=\"https:\/\/blog.espol.edu.ec\/ebatalla\/files\/2011\/10\/IMAGEN2.jpg 610w, https:\/\/blog.espol.edu.ec\/ebatalla\/files\/2011\/10\/IMAGEN2-300x126.jpg 300w\" sizes=\"auto, (max-width: 610px) 100vw, 610px\" \/><\/a><\/strong><\/p>\n<p style=\"text-align: center\"><strong>MODO DE PREPARACI\u00d3N DE LA\u00a0SOLUCI\u00d3N\u00a0HIDROP\u00d3NICA<\/strong><\/p>\n<p style=\"text-align: left\"><strong>Soluci\u00f3n Concentrada A<\/strong><\/p>\n<p style=\"text-align: left\"><a href=\"http:\/\/blog.espol.edu.ec\/ebatalla\/files\/2011\/10\/1.jpg\"><img loading=\"lazy\" decoding=\"async\" class=\"alignright size-full wp-image-50\" title=\"1\" src=\"http:\/\/blog.espol.edu.ec\/ebatalla\/files\/2011\/10\/1.jpg\" alt=\"\" width=\"237\" height=\"148\" \/><\/a><\/p>\n<p style=\"text-align: left\">\n<p style=\"text-align: left\">\n<p style=\"text-align: left\">\n<p style=\"text-align: left\">Dentro del envase de la\u00a0<strong>Presentaci\u00f3n Juego en Sales<\/strong> hay dos bolsas; una contiene los fertilizantes para preparar la Soluci\u00f3n Concentrada A: nitrato de potasio, nitrato de amonio y superfosfato triple.<\/p>\n<p style=\"text-align: left\">\n<p style=\"text-align: left\">\n<p style=\"text-align: left\">\n<p style=\"text-align: left\">\n<p style=\"text-align: left\">\n<p style=\"text-align: left\">\n<p style=\"text-align: left\">\n<p style=\"text-align: left\"><!--more--><\/p>\n<p style=\"text-align: left\">\n<p style=\"text-align: left\">\n<p style=\"text-align: left\">\n<p style=\"text-align: left\">\n<p style=\"text-align: left\">\n<p style=\"text-align: left\">\n<p style=\"text-align: left\">\n<p style=\"text-align: left\">\n<p style=\"text-align: left\">\n<p style=\"text-align: left\"><a href=\"http:\/\/blog.espol.edu.ec\/ebatalla\/files\/2011\/10\/PREPARACION-5.jpg\"><img loading=\"lazy\" decoding=\"async\" class=\"size-thumbnail wp-image-51 alignright\" title=\"PREPARACION-5\" src=\"http:\/\/blog.espol.edu.ec\/ebatalla\/files\/2011\/10\/PREPARACION-5-150x150.jpg\" alt=\"\" width=\"120\" height=\"120\" \/><\/a><\/p>\n<p style=\"text-align: left\">\n<p style=\"text-align: left\">\n<p><span style=\"line-height: normal\">Echar 3 litros de agua en un recipiente graduado.<\/span><\/p>\n<p><span style=\"line-height: normal\"><!--more--><br \/>\n<\/span><\/p>\n<p><span style=\"line-height: normal\"><br \/>\n<\/span><\/p>\n<p><a href=\"http:\/\/blog.espol.edu.ec\/ebatalla\/files\/2011\/10\/PREPARACION-61.jpg\"> <img loading=\"lazy\" decoding=\"async\" class=\"alignright size-thumbnail wp-image-54\" title=\"PREPARACION-6\" src=\"http:\/\/blog.espol.edu.ec\/ebatalla\/files\/2011\/10\/PREPARACION-61-150x150.jpg\" alt=\"\" width=\"116\" height=\"116\" \/><\/a><\/p>\n<p>Disolver el nitrato de potasio.\u00a0 Agitar vigorosamente hasta observar que el fertilizante se disuelva totalmente.<\/p>\n<p>Luego agregar el nitrato de amonio; agitarVerter el sobrenadante sobre la soluci\u00f3n de nitrato de potasio y nitrato de amonio.<\/p>\n<p>Repetir esta operaci\u00f3n varias veces, agregando poca agua (apenas 50 ml), hasta observar un color claro (transparente).\u00a0 En el fondo queda la arena. Eliminar el residuo final (arena).<\/p>\n<p><!--more--><\/p>\n<p><a href=\"http:\/\/blog.espol.edu.ec\/ebatalla\/files\/2011\/10\/PREPARACION-8.jpg\"><img loading=\"lazy\" decoding=\"async\" class=\"alignright size-thumbnail wp-image-56\" title=\"PREPARACION-8\" src=\"http:\/\/blog.espol.edu.ec\/ebatalla\/files\/2011\/10\/PREPARACION-8-150x150.jpg\" alt=\"\" width=\"150\" height=\"150\" \/><\/a>Una vez que los tres fertilizantes se encuentran juntos en el recipiente, agregar agua hasta completar un volumen final de\u00a0<strong>CINCO (5) litros<\/strong>.<\/p>\n<p>Almacenar la soluci\u00f3n concentrada A en un recipiente con tapa.<\/p>\n<p><!--more--><\/p>\n<p style=\"text-align: justify\"><span style=\"line-height: normal\"><a href=\"http:\/\/blog.espol.edu.ec\/ebatalla\/files\/2011\/10\/PREPARACION-2a1.jpg\"><img loading=\"lazy\" decoding=\"async\" class=\"alignright size-thumbnail wp-image-61\" title=\"PREPARACION-2a\" src=\"http:\/\/blog.espol.edu.ec\/ebatalla\/files\/2011\/10\/PREPARACION-2a1-150x145.jpg\" alt=\"\" width=\"150\" height=\"145\" \/><\/a><\/span><\/p>\n<p style=\"text-align: justify\">\n<p style=\"text-align: justify\"><span style=\"line-height: normal\">Dentro del envase de la\u00a0<strong>Presentaci\u00f3n Juego en Sales<\/strong> la segunda bolsa contiene los fertilizantes para preparar la Soluci\u00f3n Concentrada B: sulfato de magnesio, quelato de hierro y micronutrientes.<\/span><\/p>\n<p style=\"text-align: justify\">\n<p style=\"text-align: justify\"><span style=\"line-height: normal\"><!--more--><br \/>\n<\/span><\/p>\n<p style=\"text-align: justify\">\n<p style=\"text-align: justify\">\n<p style=\"text-align: justify\"><span style=\"line-height: normal\"><br \/>\n<\/span><\/p>\n<p style=\"text-align: justify\">\n<p style=\"text-align: justify\">\n<p style=\"text-align: justify\"><span style=\"line-height: normal\"><br \/>\n<\/span><\/p>\n<p style=\"text-align: justify\"><span style=\"line-height: normal\"><a href=\"http:\/\/blog.espol.edu.ec\/ebatalla\/files\/2011\/10\/PREPARACION-5-11.jpg\"><img loading=\"lazy\" decoding=\"async\" class=\"alignright size-thumbnail wp-image-62\" title=\"PREPARACION-5 (1)\" src=\"http:\/\/blog.espol.edu.ec\/ebatalla\/files\/2011\/10\/PREPARACION-5-11-150x150.jpg\" alt=\"\" width=\"150\" height=\"150\" \/><\/a><\/span><\/p>\n<p style=\"text-align: justify\">\n<p style=\"text-align: justify\"><span style=\"line-height: normal\">En un recipiente graduado, disolver el sulfato de magnesio en un litro de agua.<br \/>\n<\/span><span style=\"line-height: normal\"> Agitar vigorosamente hasta que se disuelva totalmente.<\/span><\/p>\n<p style=\"text-align: justify\"><span style=\"line-height: normal\"><br \/>\n<\/span><\/p>\n<p style=\"text-align: justify\">\n<p style=\"text-align: justify\"><span style=\"line-height: normal\"><br \/>\n<\/span><\/p>\n<p style=\"text-align: justify\"><span style=\"line-height: normal\"><br \/>\n<\/span><\/p>\n<p style=\"text-align: justify\">\n<p style=\"text-align: justify\">\n<p style=\"text-align: justify\"><span style=\"line-height: normal\"><br \/>\n<\/span><\/p>\n<p style=\"text-align: justify\">\n<p style=\"text-align: justify\">\n<p style=\"text-align: justify\">\n<p style=\"text-align: justify\">\n<p style=\"text-align: center\"><span style=\"line-height: normal\"><a href=\"http:\/\/blog.espol.edu.ec\/ebatalla\/files\/2011\/10\/PREPARACION-101.jpg\"><img loading=\"lazy\" decoding=\"async\" class=\"size-thumbnail wp-image-63  aligncenter\" title=\"PREPARACION-10\" src=\"http:\/\/blog.espol.edu.ec\/ebatalla\/files\/2011\/10\/PREPARACION-101-150x150.jpg\" alt=\"\" width=\"135\" height=\"135\" \/><\/a><\/span>En otro recipiente, verter la mezcla de micronutrientes sobre\u00a0<strong>agua destilada o hervida<\/strong>.\u00a0 Agitar hasta disolver totalmente. Echar esta soluci\u00f3n sobre la soluci\u00f3n de sulfato de magnesio.<\/p>\n<p style=\"text-align: justify\">\n<p style=\"text-align: justify\">\n<p style=\"text-align: justify\">\n<p style=\"text-align: justify\">\n<p style=\"text-align: justify\">\n<p style=\"text-align: center\">\n<p style=\"text-align: center\">\n<p style=\"text-align: center\">\n<p style=\"text-align: center\">\n<p style=\"text-align: center\">\n<p style=\"text-align: center\"><strong>CONCLUSIONES<\/strong><\/p>\n<p style=\"text-align: center\">\n<p style=\"text-align: justify\">Nuestra hip\u00f3tesis formulada al principio de la \u00a0investigaci\u00f3n monogr\u00e1fica que fue comprobada y se sustenta debido a que los datos obtenidos de los r\u00e1banos con una concentraci\u00f3n A AL 60% Y B al 40% son muy parecidos a los resultados de control que fue elaborado con humus que es en donde se encuentran todos los nutrientes propicios para el crecimiento de las planta.<\/p>\n<p style=\"text-align: justify\">Estos resultados se deben a que la elevada presencia del nitr\u00f3geno en la solucion de A al 60% y B al 40% permetian otorgar el color verde intenso que\u00a0pose\u00edan\u00a0las hojas de las plantas, aumentar la\u00a0producci\u00f3n\u00a0de hojas, fomentar el r\u00e1pido crecimiento,mejorar la calidad de las hortalizas y a su vez aumento el contenido de proteinas de los cultivos.<\/p>\n<p style=\"text-align: justify\">El magnesio en la solucion Hidrop\u00f3nica fue un componente escencial de clorofila lo que contribuyo a que las hojas estuviesen de un color saludable, el magnesio ayudo a la fomacion de azucares y a la asimilaci\u00f3n de otros nutrientes.<\/p>\n<p style=\"text-align: justify\">Otros de los factores que nos permitieron tener una buena cosecha fue la presencia del f\u00f3sforo y potasio que aceleran la maduraci\u00f3n y estimula la coloraci\u00f3n de los frutos, mejorando la calidad del mismo, ayudando\u00a0as\u00ed\u00a0al desarrollo de los tub\u00e9rculos.<\/p>\n<p style=\"text-align: justify\">A su vez se recomienda implementar para futuras investigaciones el mejoramiento de proceso de desinfeccion de la cascarilla de arroz, ya que uno de los problemas al elaborar nuestro primer ensayo fue que los r\u00e1banos no concluyeron su proceso de cosecha ya que la cascarilla de arroz desarrollo bacterias y otros microorganismos que consumian los nutrientes,lo que nos llevo a un segundo intento del proyecto en donde se desinfecto la cascarilla con amoniaco al 1% para inhibir el crecimiento de organismos.<\/p>\n<p style=\"text-align: justify\">Se puede sugerir tambien para futuras investigaciones el cambio del tipo de sustrato usado como arena lavada o piedrecilla de rio debido a que en estas es m\u00e1s dificil que se desarrollen cualquier especie de organismos y nos brinda una fijacion muy parecida a la de la cascarilla de arroz utilizada.<\/p>\n<p style=\"text-align: justify\">La implementaci\u00f3n de un sistema de goteo y tanques reservorios de los macro nutrientes (Soluci\u00f3n\u00a0A) y\u00a0micro-nutrientes(Soluci\u00f3n\u00a0B) \u00a0se puede proponer como un nuevo tema de\u00a0investigaci\u00f3n\u00a0pues nos lleva a eliminar el tedioso problema de preparar las soluciones semanalmente y optimizar la mezcla de\u00a0macro-nutrientes\u00a0y\u00a0micro-nutrientes\u00a0durante el tiempo en que la planta se desarrolle.<\/p>\n<p style=\"text-align: justify\">\n<p style=\"text-align: justify\">\n<p style=\"text-align: justify\">\n<p style=\"text-align: justify\">\n<p style=\"text-align: justify\">\n<p style=\"text-align: justify\">\n<p style=\"text-align: justify\">\n<p style=\"text-align: justify\">\n","protected":false},"excerpt":{"rendered":"<p>Cultivo hidrop\u00f3nico del Raphanus Sativus RESUMEN La raz\u00f3n por la que se\u00a0eligi\u00f3\u00a0al r\u00e1bano para cultivarlo fue debido a su corto periodo de germinaci\u00f3n(10 d\u00edas) y su periodo de cosecha(30 d\u00edas) ,as\u00ed como el hecho de que esta especie es tolerante a los cambios de temperatura y se puede sembrar en cualquier \u00e9poca del a\u00f1o. Se [&hellip;]<\/p>\n","protected":false},"author":6887,"featured_media":0,"parent":0,"menu_order":0,"comment_status":"open","ping_status":"open","template":"","meta":{"footnotes":""},"class_list":["post-43","page","type-page","status-publish","hentry"],"_links":{"self":[{"href":"https:\/\/blog.espol.edu.ec\/ebatalla\/index.php?rest_route=\/wp\/v2\/pages\/43","targetHints":{"allow":["GET"]}}],"collection":[{"href":"https:\/\/blog.espol.edu.ec\/ebatalla\/index.php?rest_route=\/wp\/v2\/pages"}],"about":[{"href":"https:\/\/blog.espol.edu.ec\/ebatalla\/index.php?rest_route=\/wp\/v2\/types\/page"}],"author":[{"embeddable":true,"href":"https:\/\/blog.espol.edu.ec\/ebatalla\/index.php?rest_route=\/wp\/v2\/users\/6887"}],"replies":[{"embeddable":true,"href":"https:\/\/blog.espol.edu.ec\/ebatalla\/index.php?rest_route=%2Fwp%2Fv2%2Fcomments&post=43"}],"version-history":[{"count":10,"href":"https:\/\/blog.espol.edu.ec\/ebatalla\/index.php?rest_route=\/wp\/v2\/pages\/43\/revisions"}],"predecessor-version":[{"id":45,"href":"https:\/\/blog.espol.edu.ec\/ebatalla\/index.php?rest_route=\/wp\/v2\/pages\/43\/revisions\/45"}],"wp:attachment":[{"href":"https:\/\/blog.espol.edu.ec\/ebatalla\/index.php?rest_route=%2Fwp%2Fv2%2Fmedia&parent=43"}],"curies":[{"name":"wp","href":"https:\/\/api.w.org\/{rel}","templated":true}]}}