{"id":41,"date":"2021-09-02T07:20:02","date_gmt":"2021-09-02T05:20:02","guid":{"rendered":"http:\/\/blog.espol.edu.ec\/ecomodernamundo\/?page_id=41"},"modified":"2021-09-02T07:20:02","modified_gmt":"2021-09-02T05:20:02","slug":"imprimir-rfc","status":"publish","type":"page","link":"https:\/\/blog.espol.edu.ec\/ecomodernamundo\/imprimir-rfc\/","title":{"rendered":"Imprimir RFC"},"content":{"rendered":"<p>Si necesitas declarar impuestos, o para emplearte, descarga e <a href=\"https:\/\/rfc-mx.online\/descargar-e-imprimir-el-rfc\/\">imprimir RFC<\/a> desde la PC o en celular en formato digital<\/p>\n<p>i necesitas declarar impuestos, o para emplearte, descarga e imprimir el RFC desde la computadora o el celular en formato digital, te sacar\u00e1 del apuro.<\/p>\n<p>El documento v\u00e1lido oficial que certifica un RFC se denomina Constancia de Situaci\u00f3n Fiscal con CIF (C\u00e9dula de Identificaci\u00f3n Fiscal).<\/p>\n<p>Tambi\u00e9n all\u00ed puedes conseguir el hist\u00f3rico de comprobantes de notificaciones realizadas por el SAT<\/p>\n<p>La C\u00e9dula de Identificaci\u00f3n Fiscal es creada en su integridad por el Servicio de Administraci\u00f3n Tributaria.<\/p>\n<p>En el caso de las Personas F\u00edsicas, el CIF o Clave de Identificaci\u00f3n Fiscal, lleva impreso el c\u00f3digo referente a la Clave \u00danica de Registro de Poblaci\u00f3n, lo cual resulta en una doble verificaci\u00f3n de la identidad del solicitante.<\/p>\n<p>Algunas veces, quienes necesitan descargar e imprimir el RFC, no disponen de la informaci\u00f3n precisa para realizarlo, aunque pueden acudir a los centros de servicio del SAT, previa cita SAT.<\/p>\n<p>La forma m\u00e1s c\u00f3moda y f\u00e1cil es realizar online, para ello deber\u00e1s ingresar tu CURP y tu contrase\u00f1a o e.firma<\/p>\n<p>Para localizar la direcci\u00f3n web en tu navegador, escribes en Google M\u00e9xico las palabras RFC SAT.<\/p>\n<p>Claro que si lo deseas, tambi\u00e9n tienes la opci\u00f3n de accesar al hacer <a href=\"https:\/\/rfc-mx.online\/como-imprimir-tu-cif\/\">Imprimir CIF<\/a> clic en este enlace: www.sat.gob.mx<\/p>\n<p>&nbsp;<\/p>\n<p>En cuanto hayas ingresado, da clic en el men\u00fa superior donde aparece la palabra \u201cTr\u00e1mites del RFC\u201d, en donde se desplegar\u00e1 un men\u00fa de opciones.<\/p>\n<p>A continuaci\u00f3n, selecciona la opci\u00f3n de \u201cObt\u00e9n tu RFC con la Clave \u00danica del Registro de Poblaci\u00f3n\u201d.<\/p>\n<p>Te aparecer\u00e1 una ventana como \u00e9sta:<\/p>\n<p>Ah\u00ed coloca tu RFC\u00a0 y e.firma vigente y rellena el captcha que te aparece.<\/p>\n<p>El siguiente paso consiste en cliquear sobre el enunciado \u201cImpresi\u00f3n de constancia o CIF\u201d y luego en Acceso a la impresi\u00f3n.<\/p>\n<p>Enseguida se muestra la constancia de RFC que necesitas, por lo que ya puedes a continuaci\u00f3n imprimir RFC gratis en l\u00ednea.<\/p>\n<p>Comentarte que no es necesario que dispongas con un equipo de impresi\u00f3n a color, puesto que tambi\u00e9n son v\u00e1lidas las CIF que han sido obtenidas con la modalidad de \u201cescala de grises\u201d.<\/p>\n","protected":false},"excerpt":{"rendered":"<p>Si necesitas declarar impuestos, o para emplearte, descarga e imprimir RFC desde la PC o en celular en formato digital i necesitas declarar impuestos, o para emplearte, descarga e imprimir el RFC desde la computadora o el celular en formato digital, te sacar\u00e1 del apuro. El documento v\u00e1lido oficial que certifica un RFC se denomina &hellip; <\/p>\n<p class=\"link-more\"><a href=\"https:\/\/blog.espol.edu.ec\/ecomodernamundo\/imprimir-rfc\/\" class=\"more-link\">Continuar leyendo<span class=\"screen-reader-text\"> \"Imprimir RFC\"<\/span><\/a><\/p>\n","protected":false},"author":11076,"featured_media":0,"parent":0,"menu_order":0,"comment_status":"closed","ping_status":"closed","template":"","meta":{"footnotes":""},"class_list":["post-41","page","type-page","status-publish","hentry"],"_links":{"self":[{"href":"https:\/\/blog.espol.edu.ec\/ecomodernamundo\/wp-json\/wp\/v2\/pages\/41","targetHints":{"allow":["GET"]}}],"collection":[{"href":"https:\/\/blog.espol.edu.ec\/ecomodernamundo\/wp-json\/wp\/v2\/pages"}],"about":[{"href":"https:\/\/blog.espol.edu.ec\/ecomodernamundo\/wp-json\/wp\/v2\/types\/page"}],"author":[{"embeddable":true,"href":"https:\/\/blog.espol.edu.ec\/ecomodernamundo\/wp-json\/wp\/v2\/users\/11076"}],"replies":[{"embeddable":true,"href":"https:\/\/blog.espol.edu.ec\/ecomodernamundo\/wp-json\/wp\/v2\/comments?post=41"}],"version-history":[{"count":1,"href":"https:\/\/blog.espol.edu.ec\/ecomodernamundo\/wp-json\/wp\/v2\/pages\/41\/revisions"}],"predecessor-version":[{"id":42,"href":"https:\/\/blog.espol.edu.ec\/ecomodernamundo\/wp-json\/wp\/v2\/pages\/41\/revisions\/42"}],"wp:attachment":[{"href":"https:\/\/blog.espol.edu.ec\/ecomodernamundo\/wp-json\/wp\/v2\/media?parent=41"}],"curies":[{"name":"wp","href":"https:\/\/api.w.org\/{rel}","templated":true}]}}