{"id":99,"date":"2013-05-21T01:43:01","date_gmt":"2013-05-21T01:43:01","guid":{"rendered":"http:\/\/blog.espol.edu.ec\/efquitui\/?page_id=99"},"modified":"2013-05-30T19:12:14","modified_gmt":"2013-05-31T00:12:14","slug":"cartelera","status":"publish","type":"page","link":"https:\/\/blog.espol.edu.ec\/efquitui\/cartelera\/","title":{"rendered":"Cartelera"},"content":{"rendered":"<h1 style=\"text-align: center\">Pel\u00edculas de estreno<\/h1>\n<p>&nbsp;<\/p>\n<h1>\u00bfQu\u00e9 pas\u00f3 ayer? 3<\/h1>\n<h1><a href=\"http:\/\/blog.espol.edu.ec\/efquitui\/files\/2013\/05\/ImageHanhjvjdler.ashx_.jpg\"><img loading=\"lazy\" decoding=\"async\" class=\"alignleft size-full wp-image-334\" src=\"http:\/\/blog.espol.edu.ec\/efquitui\/files\/2013\/05\/ImageHanhjvjdler.ashx_.jpg\" alt=\"\" width=\"260\" height=\"388\" srcset=\"https:\/\/blog.espol.edu.ec\/efquitui\/files\/2013\/05\/ImageHanhjvjdler.ashx_.jpg 260w, https:\/\/blog.espol.edu.ec\/efquitui\/files\/2013\/05\/ImageHanhjvjdler.ashx_-201x300.jpg 201w\" sizes=\"auto, (max-width: 260px) 100vw, 260px\" \/><\/a><\/h1>\n<p><span style=\"text-decoration: underline\"><em><strong>SINOPSIS\u00a0<\/strong><\/em><\/span><\/p>\n<p>Phil, Stu y Doug viven una vida tranquila y feliz. Ya no tienen tatuajes ni cuentas pendientes. El \u00fanico miembro de la manada que no est\u00e1 satisfecho es Alan, la oveja negra del grupo sigue sin prop\u00f3sitos personales. \u00bfY qui\u00e9n mejor que sus tres mejores amigos para ayudarle a dar el primer paso? Esta vez no hay boda, no hay fiesta de despedida de soltero, \u00bfqu\u00e9 desastre podr\u00eda ocurrir entonces? Pero cuando el grupo vuelve a viajar, cualquier cosa puede pasar.<\/p>\n<p>&nbsp;<\/p>\n<p><strong>Idioma:<\/strong>\u00a0Ingl\u00e9s Subtitulada al espa\u00f1ol<\/p>\n<p><strong>Duraci\u00f3n:<\/strong>\u00a01h40min<\/p>\n<p><strong>Censura:<\/strong> 16 a\u00f1os<\/p>\n<p><a href=\"http:\/\/www.hangoverpart3.com\" target=\"_blank\">Sitio Web<\/a><\/p>\n<h3><\/h3>\n<h3><\/h3>\n<h3><\/h3>\n<p>&nbsp;<\/p>\n<h3><\/h3>\n<h3>VER TRAILER:<\/h3>\n<p><iframe loading=\"lazy\" src=\"http:\/\/www.youtube.com\/embed\/KLAkxSjs8ZY\" frameborder=\"0\" width=\"560\" height=\"315\"><\/iframe><\/p>\n<p>&nbsp;<\/p>\n<p>&nbsp;<\/p>\n<p>&nbsp;<\/p>\n<p>&nbsp;<\/p>\n<p>&nbsp;<\/p>\n<h1><span style=\"color: #000000\">R\u00e1pidos y Furiosos 6<\/span><br \/>\n<img loading=\"lazy\" decoding=\"async\" class=\"size-full wp-image-321 alignleft\" src=\"http:\/\/blog.espol.edu.ec\/efquitui\/files\/2013\/05\/ImageHandddler.ashx_.jpg\" alt=\"FAST AND FURIOUS\" width=\"260\" height=\"388\" srcset=\"https:\/\/blog.espol.edu.ec\/efquitui\/files\/2013\/05\/ImageHandddler.ashx_.jpg 260w, https:\/\/blog.espol.edu.ec\/efquitui\/files\/2013\/05\/ImageHandddler.ashx_-201x300.jpg 201w\" sizes=\"auto, (max-width: 260px) 100vw, 260px\" \/><\/h1>\n<p><span style=\"text-decoration: underline\"><em><strong>SINOPSIS\u00a0<\/strong><\/em><\/span>Desde que Dom y Brian derrocaran al imperio del capo en Rio y consiguieran 100 millones de d\u00f3lares, se han dispersado por todo elmundo. Sin embargo, su imposibilidad de volver a casa y vivir para siempre como fugitivos les ha dejado sus vidas incompletas.Mientras tanto, Hobbs sigue la pista de una organizaci\u00f3n de pilotos mercenarios altamente cualificados a lo largo de 12 pa\u00edses, cuyo l\u00edder est\u00e1 acompa\u00f1ado por una segunda al mando revelada como el amor de Dom, Letty, a quien cre\u00edan muerta.<\/p>\n<p><strong>Idioma:<\/strong>\u00a0Ingl\u00e9s Subtitulada al espa\u00f1ol<\/p>\n<p><strong>Duraci\u00f3n:<\/strong>\u00a02h10min<\/p>\n<p><strong>Censura:<\/strong> 12 a\u00f1os<\/p>\n<p>&nbsp;<\/p>\n<p>&nbsp;<\/p>\n<h3><\/h3>\n<h3><\/h3>\n<h3><\/h3>\n<pre><a href=\"http:\/\/www.thefastandthefurious.com\/\" target=\"_blank\">Sitio Web<\/a><\/pre>\n<h3>VER TRAILER:<\/h3>\n<p><iframe loading=\"lazy\" src=\"http:\/\/www.youtube.com\/embed\/dKi5XoeTN0k\" frameborder=\"0\" width=\"560\" height=\"315\"><\/iframe><\/p>\n<p>&nbsp;<\/p>\n<p>&nbsp;<\/p>\n<p>&nbsp;<\/p>\n<p>&nbsp;<\/p>\n<p>&nbsp;<\/p>\n<p>&nbsp;<\/p>\n<h1><span style=\"color: #000080\">Masacre en Texas 3D<\/span><\/h1>\n<h2><img loading=\"lazy\" decoding=\"async\" class=\"alignleft\" src=\"http:\/\/3.bp.blogspot.com\/-nmY5kO0t0hw\/UZ79hiK1QHI\/AAAAAAAAAV4\/ezb62kWk6Jo\/s1600\/ImageHandler.ashx.jpg\" alt=\"\" width=\"208\" height=\"310\" border=\"0\" \/><\/h2>\n<h3><span style=\"text-decoration: underline\"><strong>SINOPSIS\u00a0<\/strong><\/span><\/h3>\n<div style=\"text-align: justify\">\n<p><span style=\"text-align: -webkit-auto\">Esta nueva secuela, contar\u00e1 los acontecimientos que pasaron tras 1974, en Newt, Texas, donde durante d\u00e9cadas las personas desaparecieron sin dejar rastro. La gente del pueblo sospech\u00f3 durante mucho tiempo que la familia Sawyer, eran de alguna manera responsables de esas desapariciones. La palabra se extendi\u00f3 muy r\u00e1pidamente y una multitud de lugare\u00f1os enfurecidos rod<\/span><span style=\"text-align: -webkit-auto\">earon la casa, la quemaron y mataron hasta el \u00faltimo miembro de la familia. O al menos eso hab\u00edan pensado\u2026<\/span><\/p>\n<p><strong>Idioma:<\/strong>\u00a0Ingl\u00e9s Subtitulada al espa\u00f1ol<\/p>\n<\/div>\n<div>\n<p><strong>Duraci\u00f3n:<\/strong>\u00a01h30min<\/p>\n<p><strong>Censura:<\/strong> 16 a\u00f1os<\/p>\n<\/div>\n<p><a href=\"http:\/\/www.texaschainsaw3d.com\/\">Sitio Web<\/a><\/p>\n<h4><\/h4>\n<h4><\/h4>\n<h4>VER TRAILER:<\/h4>\n<p><iframe loading=\"lazy\" src=\"http:\/\/www.youtube.com\/embed\/75TvtJIbbNY\" frameborder=\"0\" width=\"560\" height=\"315\"><\/iframe><\/p>\n<p>&nbsp;<\/p>\n<p>&nbsp;<\/p>\n<p>&nbsp;<\/p>\n<p>&nbsp;<\/p>\n<p>&nbsp;<\/p>\n<p>&nbsp;<\/p>\n<h1>\u00a0<span style=\"text-align: center;color: #000080\">No robar\u00e1s... (a menos que sea necesario)<\/span><\/h1>\n<table class=\"tr-caption-container\" style=\"float: left;margin-right: 1em;text-align: left\" cellspacing=\"0\" cellpadding=\"0\" align=\"center\">\n<tbody>\n<tr>\n<td style=\"text-align: center\"><a href=\"http:\/\/blog.espol.edu.ec\/efquitui\/files\/2013\/05\/ImageHandler.ashx_.jpg\"><img loading=\"lazy\" decoding=\"async\" class=\"size-full wp-image-100 alignleft\" src=\"http:\/\/blog.espol.edu.ec\/efquitui\/files\/2013\/05\/ImageHandler.ashx_.jpg\" alt=\"\" width=\"260\" height=\"388\" srcset=\"https:\/\/blog.espol.edu.ec\/efquitui\/files\/2013\/05\/ImageHandler.ashx_.jpg 260w, https:\/\/blog.espol.edu.ec\/efquitui\/files\/2013\/05\/ImageHandler.ashx_-201x300.jpg 201w\" sizes=\"auto, (max-width: 260px) 100vw, 260px\" \/><\/a><\/td>\n<\/tr>\n<tr>\n<td class=\"tr-caption\" style=\"text-align: center\"><\/td>\n<\/tr>\n<\/tbody>\n<\/table>\n<p><span style=\"text-decoration: underline\"><strong>SINOPSIS\u00a0<\/strong><\/span><\/p>\n<div><\/div>\n<div style=\"text-align: justify\">\u00a0Luc\u00eda es una chica de 16 a\u00f1os, alegre, despreocupada, fuerte y decidida que vive con Marta, su madre, hermanos y Emilio, su padrastro. Un d\u00eda regresa del colegio, y encuentra otra vez, a su padrastro agrediendo a su madre. Emilio rueda por las escaleras. En estado ag\u00f3nico a \u00e9l lo llevan al hospital y a Marta a la c\u00e1rcel por intento de asesinato. Es entonces que la vida de Luc\u00eda cambia. De la noche a la ma\u00f1ana tiene que encontrar una soluci\u00f3n para mantener a sus hermanos y para sacar a su madre de la c\u00e1rcel.<\/div>\n<div><\/div>\n<div>\n<p><strong>Idioma:<\/strong>Espa\u00f1ol<\/p>\n<p><strong>Duraci\u00f3n:<\/strong>1h40min<\/p>\n<p><strong>Censura:<\/strong> 12 a\u00f1os<\/p>\n<\/div>\n<p><a href=\"https:\/\/www.facebook.com\/pages\/NO-ROBARAS-a-menos-que-sea-necesario\/228603127149694\">Sitio Web<\/a><br \/>\n<em><strong><\/strong><\/em><\/p>\n<p>&nbsp;<\/p>\n<p>&nbsp;<\/p>\n<p>&nbsp;<\/p>\n<p><em><strong>VER TRAILER:<\/strong><\/em><\/p>\n<p><em><strong><\/strong><\/em><br \/>\n<iframe loading=\"lazy\" src=\"http:\/\/www.youtube.com\/embed\/t2qn_KX5r9M\" frameborder=\"0\" width=\"640\" height=\"360\"><\/iframe><\/p>\n<p>&nbsp;<\/p>\n<p>Fuente:\u00a0<a href=\"http:\/\/www.supercines.com\/\">www.Supercines.com<\/a><\/p>\n","protected":false},"excerpt":{"rendered":"<p>Pel\u00edculas de estreno &nbsp; \u00bfQu\u00e9 pas\u00f3 ayer? 3 SINOPSIS\u00a0 Phil, Stu y Doug viven una vida tranquila y feliz. Ya no tienen tatuajes ni cuentas pendientes. El \u00fanico miembro de la manada que no est\u00e1 satisfecho es Alan, la oveja negra del grupo sigue sin prop\u00f3sitos personales. \u00bfY qui\u00e9n mejor que sus tres mejores amigos [&hellip;]<\/p>\n","protected":false},"author":8513,"featured_media":0,"parent":0,"menu_order":0,"comment_status":"open","ping_status":"open","template":"","meta":{"footnotes":""},"class_list":["post-99","page","type-page","status-publish","hentry"],"_links":{"self":[{"href":"https:\/\/blog.espol.edu.ec\/efquitui\/wp-json\/wp\/v2\/pages\/99","targetHints":{"allow":["GET"]}}],"collection":[{"href":"https:\/\/blog.espol.edu.ec\/efquitui\/wp-json\/wp\/v2\/pages"}],"about":[{"href":"https:\/\/blog.espol.edu.ec\/efquitui\/wp-json\/wp\/v2\/types\/page"}],"author":[{"embeddable":true,"href":"https:\/\/blog.espol.edu.ec\/efquitui\/wp-json\/wp\/v2\/users\/8513"}],"replies":[{"embeddable":true,"href":"https:\/\/blog.espol.edu.ec\/efquitui\/wp-json\/wp\/v2\/comments?post=99"}],"version-history":[{"count":35,"href":"https:\/\/blog.espol.edu.ec\/efquitui\/wp-json\/wp\/v2\/pages\/99\/revisions"}],"predecessor-version":[{"id":185,"href":"https:\/\/blog.espol.edu.ec\/efquitui\/wp-json\/wp\/v2\/pages\/99\/revisions\/185"}],"wp:attachment":[{"href":"https:\/\/blog.espol.edu.ec\/efquitui\/wp-json\/wp\/v2\/media?parent=99"}],"curies":[{"name":"wp","href":"https:\/\/api.w.org\/{rel}","templated":true}]}}