{"id":24,"date":"2020-10-07T21:34:05","date_gmt":"2020-10-07T19:34:05","guid":{"rendered":"http:\/\/blog.espol.edu.ec\/electricidadbasica\/?page_id=24"},"modified":"2025-10-02T12:36:28","modified_gmt":"2025-10-02T17:36:28","slug":"guia-de-informe","status":"publish","type":"page","link":"https:\/\/blog.espol.edu.ec\/electricidadbasica\/guia-de-informe\/","title":{"rendered":"Gu\u00eda de Informe"},"content":{"rendered":"<p>Estimados estudiantes se adjunta la gu\u00eda de informes y el formato editable.<\/p>\n<ul>\n<li><a href=\"https:\/\/drive.google.com\/file\/d\/1eh4r85lbXgc0YbZ9fLSo863gw_ih3_97\/view?usp=sharing\" target=\"_blank\" rel=\"noopener noreferrer\">Guia Elaboracion Informes<\/a><\/li>\n<li><a href=\"https:\/\/docs.google.com\/document\/d\/1VfLGztu-L-4dczi3yLXQTfKCSCDwfhqB\/edit?usp=drive_link&amp;ouid=118048167658840712171&amp;rtpof=true&amp;sd=true\" target=\"_blank\" rel=\"noopener noreferrer\">Formato de Prepr\u00e1cticas<\/a><\/li>\n<li><a href=\"https:\/\/docs.google.com\/document\/d\/1qzaHVYHl4yEQ1CZR0a8833fHfImctRz2\/edit?usp=drive_link&amp;ouid=118048167658840712171&amp;rtpof=true&amp;sd=true\" target=\"_blank\" rel=\"noopener noreferrer\">Formato de Pr\u00e1cticas<\/a><\/li>\n<\/ul>\n","protected":false},"excerpt":{"rendered":"<p>Estimados estudiantes se adjunta la gu\u00eda de informes y el formato editable. Guia Elaboracion Informes Formato de Prepr\u00e1cticas Formato de Pr\u00e1cticas<\/p>\n","protected":false},"author":11149,"featured_media":0,"parent":0,"menu_order":3,"comment_status":"closed","ping_status":"closed","template":"","meta":{"footnotes":""},"class_list":["post-24","page","type-page","status-publish","hentry"],"_links":{"self":[{"href":"https:\/\/blog.espol.edu.ec\/electricidadbasica\/wp-json\/wp\/v2\/pages\/24","targetHints":{"allow":["GET"]}}],"collection":[{"href":"https:\/\/blog.espol.edu.ec\/electricidadbasica\/wp-json\/wp\/v2\/pages"}],"about":[{"href":"https:\/\/blog.espol.edu.ec\/electricidadbasica\/wp-json\/wp\/v2\/types\/page"}],"author":[{"embeddable":true,"href":"https:\/\/blog.espol.edu.ec\/electricidadbasica\/wp-json\/wp\/v2\/users\/11149"}],"replies":[{"embeddable":true,"href":"https:\/\/blog.espol.edu.ec\/electricidadbasica\/wp-json\/wp\/v2\/comments?post=24"}],"version-history":[{"count":13,"href":"https:\/\/blog.espol.edu.ec\/electricidadbasica\/wp-json\/wp\/v2\/pages\/24\/revisions"}],"predecessor-version":[{"id":772,"href":"https:\/\/blog.espol.edu.ec\/electricidadbasica\/wp-json\/wp\/v2\/pages\/24\/revisions\/772"}],"wp:attachment":[{"href":"https:\/\/blog.espol.edu.ec\/electricidadbasica\/wp-json\/wp\/v2\/media?parent=24"}],"curies":[{"name":"wp","href":"https:\/\/api.w.org\/{rel}","templated":true}]}}