{"id":363,"date":"2022-09-05T21:22:48","date_gmt":"2022-09-05T19:22:48","guid":{"rendered":"http:\/\/blog.espol.edu.ec\/electricidadbasica\/?page_id=363"},"modified":"2023-02-01T21:25:34","modified_gmt":"2023-02-01T20:25:34","slug":"examenes-anteriores","status":"publish","type":"page","link":"https:\/\/blog.espol.edu.ec\/electricidadbasica\/examenes-anteriores\/","title":{"rendered":"Ex\u00e1menes Anteriores"},"content":{"rendered":"<p><strong>Ex\u00e1menes Mejoramiento<\/strong><\/p>\n<ul>\n<li><a href=\"http:\/\/blog.espol.edu.ec\/electricidadbasica\/files\/2022\/10\/ElectB\u00e1sica_2022_PAO1_Eval3_Exam_Sol.pdf\">ElectB\u00e1sica_2022_PAO1_Eval3_Exam_Sol<\/a><\/li>\n<\/ul>\n<p><strong>Ex\u00e1menes Finales (2do Parcial)<\/strong><\/p>\n<ul>\n<li><a href=\"http:\/\/blog.espol.edu.ec\/electricidadbasica\/files\/2023\/02\/ElectB\u00e1sica_2022_PAO2_Eval2_Exam-1.pdf\">ElectB\u00e1sica_2022_PAO2_Eval2_Exam<\/a><\/li>\n<li><a href=\"http:\/\/blog.espol.edu.ec\/electricidadbasica\/files\/2022\/09\/ElectB\u00e1sica_2022_PAO1_Eval2_Exam.pdf\">ElectB\u00e1sica_2022_PAO1_Eval2_Exam<\/a><\/li>\n<li><a href=\"http:\/\/blog.espol.edu.ec\/electricidadbasica\/files\/2022\/09\/ElectB\u00e1sica_2022_PAO1_Eval2_Quiz4.pdf\">ElectB\u00e1sica_2022_PAO1_Eval2_Quiz4<\/a>\u00a0<strong>Lecci\u00f3n 4<\/strong><\/li>\n<\/ul>\n<p><strong>Ex\u00e1menes Parciales (1er Parcial)<\/strong><\/p>\n<ul>\n<li><a href=\"http:\/\/blog.espol.edu.ec\/electricidadbasica\/files\/2023\/02\/ElectB\u00e1sica_2022_PAO2_Eval1_Exam_Sol.pdf\">ElectB\u00e1sica_2022_PAO2_Eval1_Exam_Sol<\/a>\u00a0<strong>Examen<\/strong><\/li>\n<li><a href=\"http:\/\/blog.espol.edu.ec\/electricidadbasica\/files\/2023\/02\/ElectB\u00e1sica_2022_PAO2_Eval1_Quiz2_Sol.pdf\">ElectB\u00e1sica_2022_PAO2_Eval1_Quiz2_Sol<\/a>\u00a0<strong>Lecci\u00f3n 2<\/strong><\/li>\n<li><a href=\"http:\/\/blog.espol.edu.ec\/electricidadbasica\/files\/2023\/02\/ElectB\u00e1sica_2022_PAO2_Eval1_Quiz1_Sol.pdf\">ElectB\u00e1sica_2022_PAO2_Eval1_Quiz1_Sol<\/a>\u00a0<strong>Lecci\u00f3n 1<\/strong><\/li>\n<li><a href=\"http:\/\/blog.espol.edu.ec\/electricidadbasica\/files\/2022\/09\/ElectB\u00e1sica_2022_PAO1_Eval1_Exam.pdf\">ElectB\u00e1sica_2022_PAO1_Eval1_Exam\u00a0<\/a><strong>Examen<\/strong><\/li>\n<li><a href=\"http:\/\/blog.espol.edu.ec\/electricidadbasica\/files\/2022\/09\/ElectB\u00e1sica_2022_PAO1_Eval1_Quiz1.pdf\">ElectB\u00e1sica_2022_PAO1_Eval1_Quiz1<\/a>\u00a0<strong>Lecci\u00f3n 1<\/strong><\/li>\n<li><a href=\"http:\/\/blog.espol.edu.ec\/electricidadbasica\/files\/2022\/11\/ElectBa\u0301sica_2021PAO1_1eraEval_Examen_Solucio\u0301n.pdf\">ElectBa\u0301sica_2021PAO1_1eraEval_Examen_Solucio\u0301n<\/a><strong>Examen<\/strong><\/li>\n<\/ul>\n","protected":false},"excerpt":{"rendered":"<p>Ex\u00e1menes Mejoramiento ElectB\u00e1sica_2022_PAO1_Eval3_Exam_Sol Ex\u00e1menes Finales (2do Parcial) ElectB\u00e1sica_2022_PAO2_Eval2_Exam ElectB\u00e1sica_2022_PAO1_Eval2_Exam ElectB\u00e1sica_2022_PAO1_Eval2_Quiz4\u00a0Lecci\u00f3n 4 Ex\u00e1menes Parciales (1er Parcial) ElectB\u00e1sica_2022_PAO2_Eval1_Exam_Sol\u00a0Examen ElectB\u00e1sica_2022_PAO2_Eval1_Quiz2_Sol\u00a0Lecci\u00f3n 2 ElectB\u00e1sica_2022_PAO2_Eval1_Quiz1_Sol\u00a0Lecci\u00f3n 1 ElectB\u00e1sica_2022_PAO1_Eval1_Exam\u00a0Examen ElectB\u00e1sica_2022_PAO1_Eval1_Quiz1\u00a0Lecci\u00f3n 1 ElectBa\u0301sica_2021PAO1_1eraEval_Examen_Solucio\u0301nExamen<\/p>\n","protected":false},"author":5765,"featured_media":0,"parent":0,"menu_order":0,"comment_status":"closed","ping_status":"closed","template":"","meta":{"footnotes":""},"class_list":["post-363","page","type-page","status-publish","hentry"],"_links":{"self":[{"href":"https:\/\/blog.espol.edu.ec\/electricidadbasica\/wp-json\/wp\/v2\/pages\/363","targetHints":{"allow":["GET"]}}],"collection":[{"href":"https:\/\/blog.espol.edu.ec\/electricidadbasica\/wp-json\/wp\/v2\/pages"}],"about":[{"href":"https:\/\/blog.espol.edu.ec\/electricidadbasica\/wp-json\/wp\/v2\/types\/page"}],"author":[{"embeddable":true,"href":"https:\/\/blog.espol.edu.ec\/electricidadbasica\/wp-json\/wp\/v2\/users\/5765"}],"replies":[{"embeddable":true,"href":"https:\/\/blog.espol.edu.ec\/electricidadbasica\/wp-json\/wp\/v2\/comments?post=363"}],"version-history":[{"count":6,"href":"https:\/\/blog.espol.edu.ec\/electricidadbasica\/wp-json\/wp\/v2\/pages\/363\/revisions"}],"predecessor-version":[{"id":472,"href":"https:\/\/blog.espol.edu.ec\/electricidadbasica\/wp-json\/wp\/v2\/pages\/363\/revisions\/472"}],"wp:attachment":[{"href":"https:\/\/blog.espol.edu.ec\/electricidadbasica\/wp-json\/wp\/v2\/media?parent=363"}],"curies":[{"name":"wp","href":"https:\/\/api.w.org\/{rel}","templated":true}]}}