{"id":773,"date":"2025-10-02T12:41:04","date_gmt":"2025-10-02T17:41:04","guid":{"rendered":"http:\/\/blog.espol.edu.ec\/electricidadbasica\/?page_id=773"},"modified":"2025-10-02T12:45:32","modified_gmt":"2025-10-02T17:45:32","slug":"guia-de-informes-y-formatos","status":"publish","type":"page","link":"https:\/\/blog.espol.edu.ec\/electricidadbasica\/guia-de-informes-y-formatos\/","title":{"rendered":"Gu\u00eda de informes y formatos"},"content":{"rendered":"<div id=\"pl-773\"  class=\"panel-layout\" ><div id=\"pg-773-0\"  class=\"panel-grid panel-no-style\" ><div id=\"pgc-773-0-0\"  class=\"panel-grid-cell\" ><div id=\"panel-773-0-0-0\" class=\"so-panel widget widget_sow-accordion panel-first-child panel-last-child\" data-index=\"0\" ><div\n\t\t\t\n\t\t\tclass=\"so-widget-sow-accordion so-widget-sow-accordion-default-99be652ed941-773\"\n\t\t\t\n\t\t><div>\n\t<div class=\"sow-accordion\">\n\t\t\t<div class=\"sow-accordion-panel\n\t\t\t\t\"\n\t\t\tdata-anchor-id=\"guia-de-elaboracion-de-informes-y-formatos\">\n\t\t\t\t<div class=\"sow-accordion-panel-header-container\" role=\"heading\" aria-level=\"2\">\n\t\t\t\t\t<div class=\"sow-accordion-panel-header\" tabindex=\"0\" role=\"button\" id=\"accordion-label-gu%c3%ada-de-elaboraci%c3%b3n-de-informes-y-formatos\" aria-controls=\"accordion-content-gu%c3%ada-de-elaboraci%c3%b3n-de-informes-y-formatos\" aria-expanded=\"false\">\n\t\t\t\t\t\t<div class=\"sow-accordion-title sow-accordion-title-icon-left\">\n\t\t\t\t\t\t\t\t\t\t\t\t\t\tGu\u00eda de elaboraci\u00f3n de informes y formatos\t\t\t\t\t\t\t\t\t\t\t\t\t<\/div>\n\t\t\t\t\t\t<div class=\"sow-accordion-open-close-button\">\n\t\t\t\t\t\t\t<div class=\"sow-accordion-open-button\">\n\t\t\t\t\t\t\t\t<span class=\"sow-icon-ionicons\" data-sow-icon=\"&#xf218;\"\n\t\t \n\t\taria-hidden=\"true\"><\/span>\t\t\t\t\t\t\t<\/div>\n\t\t\t\t\t\t\t<div class=\"sow-accordion-close-button\">\n\t\t\t\t\t\t\t\t<span class=\"sow-icon-ionicons\" data-sow-icon=\"&#xf209;\"\n\t\t \n\t\taria-hidden=\"true\"><\/span>\t\t\t\t\t\t\t<\/div>\n\t\t\t\t\t\t<\/div>\n\t\t\t\t\t<\/div>\n\t\t\t\t<\/div>\n\n\t\t\t<div\n\t\t\t\tclass=\"sow-accordion-panel-content\"\n\t\t\t\trole=\"region\"\n\t\t\t\taria-labelledby=\"accordion-label-gu%c3%ada-de-elaboraci%c3%b3n-de-informes-y-formatos\"\n\t\t\t\tid=\"accordion-content-gu%c3%ada-de-elaboraci%c3%b3n-de-informes-y-formatos\"\n\t\t\t\tstyle=\"display: none;\"\t\t\t>\n\t\t\t\t<div class=\"sow-accordion-panel-border\">\n\t\t\t\t\t<p>Estimados estudiantes se adjunta la gu\u00eda de informes y el formato editable.<\/p>\n<ul>\n<li><a href=\"https:\/\/drive.google.com\/open?id=1vS94C_to8aX1vrUyO2HI2aKLCaC5cUda&amp;usp=drive_fs\" target=\"_blank\" rel=\"noopener\">Gu\u00eda Elaboraci\u00f3n Informes<\/a><\/li>\n<li><a href=\"https:\/\/docs.google.com\/document\/d\/1VfLGztu-L-4dczi3yLXQTfKCSCDwfhqB\/edit?usp=drive_link&amp;ouid=118048167658840712171&amp;rtpof=true&amp;sd=true\" target=\"_blank\" rel=\"noopener\">Formato de Prepr\u00e1cticas<\/a><\/li>\n<li><a href=\"https:\/\/docs.google.com\/document\/d\/1qzaHVYHl4yEQ1CZR0a8833fHfImctRz2\/edit?usp=drive_link&amp;ouid=118048167658840712171&amp;rtpof=true&amp;sd=true\" target=\"_blank\" rel=\"noopener\">Formato de Pr\u00e1cticas<\/a><\/li>\n<\/ul>\n\t\t\t\t<\/div>\n\t\t\t<\/div>\n\t\t<\/div>\n\t\t<\/div>\n<\/div>\n<\/div><\/div><\/div><\/div><\/div>","protected":false},"excerpt":{"rendered":"<p>Gu\u00eda de elaboraci\u00f3n de informes y formatos Estimados estudiantes se adjunta la gu\u00eda de informes y el formato editable. Gu\u00eda Elaboraci\u00f3n Informes Formato de Prepr\u00e1cticas Formato de Pr\u00e1cticas<\/p>\n","protected":false},"author":1644,"featured_media":0,"parent":0,"menu_order":0,"comment_status":"closed","ping_status":"closed","template":"","meta":{"footnotes":""},"class_list":["post-773","page","type-page","status-publish","hentry"],"_links":{"self":[{"href":"https:\/\/blog.espol.edu.ec\/electricidadbasica\/wp-json\/wp\/v2\/pages\/773","targetHints":{"allow":["GET"]}}],"collection":[{"href":"https:\/\/blog.espol.edu.ec\/electricidadbasica\/wp-json\/wp\/v2\/pages"}],"about":[{"href":"https:\/\/blog.espol.edu.ec\/electricidadbasica\/wp-json\/wp\/v2\/types\/page"}],"author":[{"embeddable":true,"href":"https:\/\/blog.espol.edu.ec\/electricidadbasica\/wp-json\/wp\/v2\/users\/1644"}],"replies":[{"embeddable":true,"href":"https:\/\/blog.espol.edu.ec\/electricidadbasica\/wp-json\/wp\/v2\/comments?post=773"}],"version-history":[{"count":2,"href":"https:\/\/blog.espol.edu.ec\/electricidadbasica\/wp-json\/wp\/v2\/pages\/773\/revisions"}],"predecessor-version":[{"id":776,"href":"https:\/\/blog.espol.edu.ec\/electricidadbasica\/wp-json\/wp\/v2\/pages\/773\/revisions\/776"}],"wp:attachment":[{"href":"https:\/\/blog.espol.edu.ec\/electricidadbasica\/wp-json\/wp\/v2\/media?parent=773"}],"curies":[{"name":"wp","href":"https:\/\/api.w.org\/{rel}","templated":true}]}}