{"id":13,"date":"2016-11-08T19:37:18","date_gmt":"2016-11-08T19:37:18","guid":{"rendered":"http:\/\/blog.espol.edu.ec\/epinzon\/?page_id=13"},"modified":"2016-11-13T20:49:55","modified_gmt":"2016-11-13T20:49:55","slug":"amazonia-ecuatoriana","status":"publish","type":"page","link":"https:\/\/blog.espol.edu.ec\/epinzon\/amazonia-ecuatoriana\/","title":{"rendered":"Amazonia ecuatoriana"},"content":{"rendered":"<h3>Todo sobre la selva amaz\u00f3nica de Ecuador<\/h3>\n<p>Bienvenidos a la Selva Amaz\u00f3nica, la mayor extensi\u00f3n remanente de selva tropical en el mundo. Tambi\u00e9n, el lugar con m\u00e1s zumbidos, crujidos, trinos, rugidos y aullidos \u00a1en vivo! de todo el planeta. \u00bfSab\u00edas que un \u00e1rbol amaz\u00f3nico puede albergar m\u00e1s especies de hormigas que todas las islas brit\u00e1nicas juntas? \u00bfO que en una sola hect\u00e1rea de bosque amaz\u00f3nico pueden habitar la misma cantidad de especies de ranas que en todo el territorio de Am\u00e9rica del Norte? La gran extensi\u00f3n de la jungla aloja m\u00e1s del 20% del total de especies de plantas vascularizadas de la Tierra. Aqu\u00ed es posible encontrar un mono tan peque\u00f1o que puede sentarse en la punta de un dedo, un sapo que llega a pesar hasta ocho libras, una ara\u00f1a que se alimenta de aves, y la serpiente m\u00e1s grande del mundo, la anaconda, que puede llegar a medir hasta 30 pies.<\/p>\n<p>M\u00e1s a\u00fan: El 40% de toda el agua dulce de la Tierra fluye por la cuenca amaz\u00f3nica. Esto es m\u00e1s agua que toda la que fluye por los cauces de los otros seis r\u00edos m\u00e1s grandes del planeta juntos. En el r\u00edo Amazonas existen islas del tama\u00f1o de Suiza, y en sus aguas habitan nutrias m\u00e1s grandes que un ser humano adulto. Hay tramos de este r\u00edo donde una persona ubicada en medio de la corriente no alcanza a ver ninguna de las dos orillas opuestas. El r\u00edo serpentea y se precipita por miles de kil\u00f3metros aliment\u00e1ndose de m\u00e1s de 1 500 fuentes de aguas, incluyendo otros r\u00edos como el Napo, en Ecuador, uno de sus principales afluentes.<\/p>\n<table border=\"0\" width=\"250\" cellspacing=\"5\" align=\"left\">\n<tbody>\n<tr>\n<td><img loading=\"lazy\" decoding=\"async\" src=\"http:\/\/www.ecuadorexplorer.com\/assets\/images\/photos\/amazoneyes.jpg\" alt=\"\" width=\"250\" height=\"115\" \/><\/td>\n<\/tr>\n<tr>\n<td>\n<div align=\"center\"><a title=\"Pueblos ind\u00edgenas amaz\u00f3nicos de Ecuador\" href=\"http:\/\/www.ecuadorexplorer.com\/es\/html\/pueblos-indigenas-amazonicos.html\" target=\"_blank\">Una mirada al interior de las vidas de los ind\u00edgenas amaz\u00f3nicos de Ecuador<\/a><\/div>\n<\/td>\n<\/tr>\n<\/tbody>\n<\/table>\n<p>Esta regi\u00f3n tropical es el hogar de miles de ind\u00edgenas pertenecientes a unas 200 nacionalidades distintas. Entre los m\u00e1s conocidos est\u00e1n los <a title=\"Pueblos ind\u00edgenas amaz\u00f3nicos de Ecuador\" href=\"http:\/\/www.ecuadorexplorer.com\/es\/html\/pueblos-indigenas-amazonicos.html\" target=\"_blank\">Siona, Secoya, Cofan, Shuar, Zaparo, Huaorani, and Quichua<\/a>. Las tribus ind\u00edgenas que habitan la selva ecuatoriana son las guardianas ancestrales de la herencia biol\u00f3gica de esta regi\u00f3n del mundo. Habiendo vivido ah\u00ed por m\u00e1s de 10 000 a\u00f1os, conocen sus plantas, sus animales y sus secretos mejor que nadie.<\/p>\n<p>&nbsp;<\/p>\n<table border=\"0\" width=\"173\" cellspacing=\"5\" align=\"right\">\n<tbody>\n<tr>\n<td><img loading=\"lazy\" decoding=\"async\" src=\"http:\/\/www.ecuadorexplorer.com\/assets\/images\/photos\/indigeneousainbow.jpg\" alt=\"\" width=\"173\" height=\"250\" \/><\/td>\n<\/tr>\n<tr>\n<td>\n<div align=\"center\">Arcoiris en la Amazon\u00eda \u2013 foto de Cherise Miller<\/div>\n<\/td>\n<\/tr>\n<\/tbody>\n<\/table>\n<p>De la Amazon\u00eda provienen muchas de nuestras comidas favoritas: el aguacate, la pimienta negra y la roja, las nueces de brasil, el mara\u00f1\u00f3n, el cacao, la canela, la berenjena, el higo, el jengibre, la ca\u00f1a de az\u00facar, la vainilla y el camote o boniato, entre muchos otros.<\/p>\n<p>Esta regi\u00f3n tambi\u00e9n es fuente de muchas sustancias curativas como quinina para la malaria, curare para la esclerosis m\u00faltiple y el p\u00e1rkinson; tambi\u00e9n de muchos productos industriales como l\u00e1tex, resinas, maderas, petr\u00f3leo y muchos minerales.<\/p>\n<p>En el Oriente de Ecuador se encuentra apenas el 2% de toda la selva amaz\u00f3nica, pero con apenas esta extensi\u00f3n, es suficiente para hacernos conocer toda la magia que posee y despliega ante sus visitantes. Toca mencionar que esta regi\u00f3n del pa\u00eds cuenta con una infraestructura tur\u00edstica de las m\u00e1s desarrolladas del mundo. Una de sus mayores ventajas es su accesibilidad desde Quito mediante viajes relativamente breves de apenas un d\u00eda aproximadamente. Estos son los lugares m\u00e1s frecuentados:<\/p>\n<ul>\n<li><a title=\"Parques nacionales en la Amazon\u00eda\" href=\"http:\/\/www.ecuadorexplorer.com\/es\/html\/amazonia-parque-nacionales.html\" target=\"_blank\">La Reserva de Producci\u00f3n Faun\u00edstica Cuyabeno<\/a><\/li>\n<li><a title=\"Parques nacionales en la Amazon\u00eda\" href=\"http:\/\/www.ecuadorexplorer.com\/es\/html\/amazonia-parque-nacionales.html\" target=\"_blank\">El Protectorado Huaorani<\/a><\/li>\n<li><a title=\"Parques nacionales en la Amazon\u00eda\" href=\"http:\/\/www.ecuadorexplorer.com\/es\/html\/amazonia-parque-nacionales.html\" target=\"_blank\">El Alto Napo<\/a><\/li>\n<li>El Parque Nacional Yasun\u00ed<\/li>\n<\/ul>\n<p>&nbsp;<\/p>\n<p>&nbsp;<\/p>\n<ul>\n<li><a title=\"Parques nacionales en la Amazon\u00eda\" href=\"http:\/\/www.ecuadorexplorer.com\/es\/html\/amazonia-parque-nacionales.html\" target=\"_blank\"><img loading=\"lazy\" decoding=\"async\" class=\"alignnone size-medium\" src=\"http:\/\/elproductor.com\/wp-content\/uploads\/2014\/02\/amazonia.jpg\" alt=\"\" width=\"468\" height=\"312\" \/><\/a><\/li>\n<\/ul>\n<form id=\"vozme_form_c3eeb3bd5ad33b698626441602acc743\" method=\"post\" name=\"vozme_form_c3eeb3bd5ad33b698626441602acc743\" target=\"c3eeb3bd5ad33b698626441602acc743\" action=\"http:\/\/vozme.com\/text2voice.php\"><input name=\"text\" type=\"hidden\" value=\"Amazonia ecuatoriana. Todo sobre la selva amaz\u00f3nica de Ecuador\nBienvenidos a la Selva Amaz\u00f3nica, la mayor extensi\u00f3n remanente de selva tropical en el mundo. Tambi\u00e9n, el lugar con m\u00e1s zumbidos, crujidos, trinos, rugidos y aullidos \u00a1en vivo! de todo el planeta. \u00bfSab\u00edas que un \u00e1rbol amaz\u00f3nico puede albergar m\u00e1s especies de hormigas que todas las islas brit\u00e1nicas juntas? \u00bfO que en una sola hect\u00e1rea de bosque amaz\u00f3nico pueden habitar la misma cantidad de especies de ranas que en todo el territorio de Am\u00e9rica del Norte? La gran extensi\u00f3n de la jungla aloja m\u00e1s del 20% del total de especies de plantas vascularizadas de la Tierra. Aqu\u00ed es posible encontrar un mono tan peque\u00f1o que puede sentarse en la punta de un dedo, un sapo que llega a pesar hasta ocho libras, una ara\u00f1a que se alimenta de aves, y la serpiente m\u00e1s grande del mundo, la anaconda, que puede llegar a medir hasta 30 pies.\nM\u00e1s a\u00fan: El 40% de toda el agua dulce de la Tierra fluye por la cuenca amaz\u00f3nica. Esto es m\u00e1s agua que toda la que fluye por los cauces de los otros seis r\u00edos m\u00e1s grandes del planeta juntos. En el r\u00edo Amazonas existen islas del tama\u00f1o de Suiza, y en sus aguas habitan nutrias m\u00e1s grandes que un ser humano adulto. Hay tramos de este r\u00edo donde una persona ubicada en medio de la corriente no alcanza a ver ninguna de las dos orillas opuestas. El r\u00edo serpentea y se precipita por miles de kil\u00f3metros aliment\u00e1ndose de m\u00e1s de 1 500 fuentes de aguas, incluyendo otros r\u00edos como el Napo, en Ecuador, uno de sus principales afluentes.\n\n\n\n\n\n\n\nUna mirada al interior de las vidas de los ind\u00edgenas amaz\u00f3nicos de Ecuador\n\n\n\n\nEsta regi\u00f3n tropical es el hogar de miles de ind\u00edgenas pertenecientes a unas 200 nacionalidades distintas. Entre los m\u00e1s conocidos est\u00e1n los Siona, Secoya, Cofan, Shuar, Zaparo, Huaorani, and Quichua. Las tribus ind\u00edgenas que habitan la selva ecuatoriana son las guardianas ancestrales de la herencia biol\u00f3gica de esta regi\u00f3n del mundo. Habiendo vivido ah\u00ed por m\u00e1s de 10 000 a\u00f1os, conocen sus plantas, sus animales y sus secretos mejor que nadie.\n&nbsp;\n\n\n\n\n\n\n\nArcoiris en la Amazon\u00eda \u2013 foto de Cherise Miller\n\n\n\n\nDe la Amazon\u00eda provienen muchas de nuestras comidas favoritas: el aguacate, la pimienta negra y la roja, las nueces de brasil, el mara\u00f1\u00f3n, el cacao, la canela, la berenjena, el higo, el jengibre, la ca\u00f1a de az\u00facar, la vainilla y el camote o boniato, entre muchos otros.\nEsta regi\u00f3n tambi\u00e9n es fuente de muchas sustancias curativas como quinina para la malaria, curare para la esclerosis m\u00faltiple y el p\u00e1rkinson; tambi\u00e9n de muchos productos industriales como l\u00e1tex, resinas, maderas, petr\u00f3leo y muchos minerales.\nEn el Oriente de Ecuador se encuentra apenas el 2% de toda la selva amaz\u00f3nica, pero con apenas esta extensi\u00f3n, es suficiente para hacernos conocer toda la magia que posee y despliega ante sus visitantes. Toca mencionar que esta regi\u00f3n del pa\u00eds cuenta con una infraestructura tur\u00edstica de las m\u00e1s desarrolladas del mundo. Una de sus mayores ventajas es su accesibilidad desde Quito mediante viajes relativamente breves de apenas un d\u00eda aproximadamente. Estos son los lugares m\u00e1s frecuentados:\n\nLa Reserva de Producci\u00f3n Faun\u00edstica Cuyabeno\nEl Protectorado Huaorani\nEl Alto Napo\nEl Parque Nacional Yasun\u00ed\n\n&nbsp;\n&nbsp;\n\n\n\n\" \/><input name=\"lang\" type=\"hidden\" value=\"en\" \/><input name=\"gn\" type=\"hidden\" value=\"ml\" \/><input type=\"hidden\" id=\"interface\" name=\"interface\" value=\"full\" \/>\n\t\t\t<div style=\"margin-left:40%;\">\n\t\t\t\n\t\t\t\t<input style=\"float:left;\" type=\"image\" width=\"40\" height=\"40\" src=\"http:\/\/blog.espol.edu.ec\/epinzon\/wp-content\/plugins\/vozme\/img\/megaphone40x40w.gif\" alt=\"Hear this post\" onclick=\"window.open('', 'c3eeb3bd5ad33b698626441602acc743', 'width=600,height=370,scrollbars=yes,location=yes,menubar=yes,resizable=yes,status=yes,toolbar=yes');\">\n\t\t\t\t<div style=\"margin-left:48px; text-align:left;\"><a style=\"font-size:12px;\" href=\"javascript:void(0);\" onclick=\"window.open('', 'c3eeb3bd5ad33b698626441602acc743', 'width=600,height=370,scrollbars=yes,location=yes,menubar=yes,resizable=yes,status=yes,toolbar=yes'); document.getElementById('vozme_form_c3eeb3bd5ad33b698626441602acc743').submit();\">Hear<br\/>this post<\/a><\/div>\n\t\t\t<\/div><\/form>","protected":false},"excerpt":{"rendered":"<p>Todo sobre la selva amaz\u00f3nica de Ecuador Bienvenidos a la Selva Amaz\u00f3nica, la mayor extensi\u00f3n remanente de selva tropical en el mundo. Tambi\u00e9n, el lugar con m\u00e1s zumbidos, crujidos, trinos, rugidos y aullidos \u00a1en vivo! de todo el planeta. \u00bfSab\u00edas que un \u00e1rbol amaz\u00f3nico puede albergar m\u00e1s especies de hormigas que todas las islas brit\u00e1nicas [&hellip;]<\/p>\n","protected":false},"author":10693,"featured_media":0,"parent":0,"menu_order":0,"comment_status":"closed","ping_status":"closed","template":"","meta":{"footnotes":""},"class_list":["post-13","page","type-page","status-publish","hentry"],"_links":{"self":[{"href":"https:\/\/blog.espol.edu.ec\/epinzon\/wp-json\/wp\/v2\/pages\/13","targetHints":{"allow":["GET"]}}],"collection":[{"href":"https:\/\/blog.espol.edu.ec\/epinzon\/wp-json\/wp\/v2\/pages"}],"about":[{"href":"https:\/\/blog.espol.edu.ec\/epinzon\/wp-json\/wp\/v2\/types\/page"}],"author":[{"embeddable":true,"href":"https:\/\/blog.espol.edu.ec\/epinzon\/wp-json\/wp\/v2\/users\/10693"}],"replies":[{"embeddable":true,"href":"https:\/\/blog.espol.edu.ec\/epinzon\/wp-json\/wp\/v2\/comments?post=13"}],"version-history":[{"count":1,"href":"https:\/\/blog.espol.edu.ec\/epinzon\/wp-json\/wp\/v2\/pages\/13\/revisions"}],"predecessor-version":[{"id":14,"href":"https:\/\/blog.espol.edu.ec\/epinzon\/wp-json\/wp\/v2\/pages\/13\/revisions\/14"}],"wp:attachment":[{"href":"https:\/\/blog.espol.edu.ec\/epinzon\/wp-json\/wp\/v2\/media?parent=13"}],"curies":[{"name":"wp","href":"https:\/\/api.w.org\/{rel}","templated":true}]}}