{"id":61,"date":"2016-11-13T19:08:54","date_gmt":"2016-11-13T19:08:54","guid":{"rendered":"http:\/\/blog.espol.edu.ec\/epmoran\/?page_id=61"},"modified":"2016-11-13T19:08:54","modified_gmt":"2016-11-13T19:08:54","slug":"salud-y-alimentacion","status":"publish","type":"page","link":"https:\/\/blog.espol.edu.ec\/epmoran\/salud-y-alimentacion\/","title":{"rendered":"Salud y Alimentaci\u00f3n"},"content":{"rendered":"<p class=\"style9\" style=\"text-align: justify\" align=\"left\"><span style=\"color: #000000\">A pesar de la difusi\u00f3n de las latas y piensos, preparadas por los expertos en nutrici\u00f3n\u00a0 que nos garantiza la justa cuantidad de sustancia nutritiva de la que un gato necesita, y en las justas medidas. Pero non todas las comidas enlatadas van igual de bien , y no es casual la gran diferencias de precios entre las marcas . Para poder elegir correctamente, tenemos que saber exactamente lo que nuestros gatos necesitan en su comedero..<\/span><\/p>\n<p class=\"style9\" style=\"text-align: justify\" align=\"left\"><span style=\"color: #000000\">Prote\u00ednas , el gato es un carn\u00edvoro. De la carne obtiene las prote\u00ednas, que tienen que representar del 30 al 45% de su dieta (35-50% para los cachorros) . Las prote\u00ednas son los elementos esenciales para el cuerpo del gato. Se pueden encontrar prote\u00ednas tambi\u00e9n en los cereales o en las legumbres, pero la que presentan mejor calidad y en mayor cantidad son las de las carnes, pescados, huevos o en\u00a0 la leche. Si se alimenta nuestro gato solo con prote\u00ednas de origen vegetal, el no lograra obtener toda la variedad de prote\u00ednas de las que necesita, y a la larga podr\u00eda tener problemas. Una insuficiencia de taurina, por ejemplo, puede provocar da\u00f1os irreparables a su vista.<\/span><\/p>\n<p class=\"style9\" style=\"text-align: justify\" align=\"left\"><span style=\"color: #000000\">Carbohidratos arroz, pasta, pan, azucares:\u00a0 son los alimentos carbohidratos. Al contrario del hombre, los gatos no los necesitan pr\u00e1cticamente . Todas estas sustancias se sintetizan en el cuerpo para producir energ\u00eda, pero los gatos, para satisfacer este biso\u00f1o, prefieren emplear las grasas, que a paridad de peso son dos veces m\u00e1s energ\u00e9ticas. A pesar de ello los carbohidratos se encuentran en los alimentos para gatos, sobre todo para dar peso e volumen.<\/span><\/p>\n<p class=\"style9\" style=\"text-align: justify\" align=\"left\"><span style=\"color: #000000\">Grasas hay dos tipos de grasas: saturas e insaturas. Las saturas son de origen animal, mientras las insaturas son de origen vegetal. Es f\u00e1cil distinguirlas porque las primeras son s\u00f3lidas a temperatura ambiente (mantequilla), y las segundas liquidas (aceites). Las grasas sirven tanto come pura fuente de energ\u00eda, como para complicados (pero vitales) procesos qu\u00edmicos del cuerpo. Para la primera funci\u00f3n valen todo tipo de grasas, pero para la segunda funci\u00f3n el gato solo puede emplear las saturas, o sea de origen animal. La dieta del gato debe ser constituida entre el 10 y el 30% da grasas (17-35% para los cachorros), y mejor se de origine animal. No hay que preocuparse del colesterol, los gatos no son sujetos a enfermedades a las coronarias, y un poco de mantequilla, adem\u00e1s que mejorar el sabor de la comida, dar\u00e1\u00a0 a su pelo mayor brillo<\/span><\/p>\n<p class=\"style9\" style=\"text-align: justify\" align=\"left\"><span style=\"color: #000000\">Vitaminas las vitaminas son sustancias muy preciosas, indispensables para la salud del gato. Cada alimento (que sea de origen vegetal o animal) contiene alg\u00fan tipo de vitamina. A pesar de ello, otra vez m\u00e1s, el Minino consigue emplear mejor las contenidas en los alimentos de origen animal. La vitamina A es importante para los ojos y la piel. Se encuentra en el h\u00edgado (y en el aceite de h\u00edgado de merluza), en los quesos cremosos, en la pana y en las yema de los huevos. Para garantizar la justa aportaci\u00f3n de vitamina A bastar\u00eda suministrar una vez por\u00a0 semana 60 gramos de h\u00edgado, pero en cualquier caso es mejoro no exceder, porque el exceso es tan malo como la escasez. Las vitaminas B son muy numerosas, y numerosas son sus funciones. Sirven para la asimilaci\u00f3n de los alimentos, y sobretodo las prote\u00ednas (que como hemos visto son el alimento fundamental para el gato). El h\u00edgado es rico, as\u00ed como la levadura (que en grageas, constituye un bocado irresistible para la mayor parte de gato). La vitamina C no es necesaria en la dieta del gato, porque el mismo es capaz de producirla. La vitamina D es indispensable para los huesos. Adem\u00e1s de obtenerla de los pescados grasos, el gato la produce estando al sol. Una dosis excesiva de vitamina D puede ser letal, si combinada a una carencia de calcio. Non es aconsejable tomar la iniciativa de dar un integrador de vitamina D a vuestro gato sin haber consultado col veterinario! La vitamina E se encuentra en los huevos y en los aceites vegetales. Funciona como antioxidante, y parece tener un cierto peso en el proceso de reproducci\u00f3n, pero, atenci\u00f3n, si es demasiada tiene un efecto controproduciente. La vitamina K sirve para la coagulaci\u00f3n de la sangre. Se encuentra en el h\u00edgado.<\/span><\/p>\n<p class=\"style9\" style=\"text-align: justify\" align=\"left\"><span style=\"color: #000000\">Minerales los minerales no dan ning\u00fan aporte energ\u00e9tico, como las vitaminas, pero son igualmente importantes, pero en peque\u00f1as dosis, en la alimentaci\u00f3n del gato. Los alimentos enlatados, bajo el concepto \u201cceniza\u201d, contienen a menudo muchos mas minerales del debido, y esto no es cierto bueno para nuestra mascota. La consecuencia de una alimentaci\u00f3n demasiado rica en minerales son las enfermedades del aparato urinario.<\/span><\/p>\n<p class=\"style9\" style=\"text-align: justify\" align=\"left\"><span style=\"color: #000000\">O sea, que cuando estamos buscando entre los expositores del supermercado, hay que tener presente que un buen alimento es compuesto por un alto contenido en carnes (prote\u00ednas), un buen contenido de grasas, un discreto contenido de carbohidratos y un m\u00ednimo contenido de cenizas.<\/span><\/p>\n<p class=\"style9\" style=\"text-align: justify\" align=\"left\"><span style=\"color: #000000\">Una ultima nota va a la aportaci\u00f3n energ\u00e9tica. En las etiquetas de cada lata encontramos indicado la aportaci\u00f3n cal\u00f3rico por 100 gramos de producto, m\u00e1s o menos siempre el mismo. Tanto para regularos con las dosis, podeis hacer referencia a estas tablas (extractas de la \"enciclopedia del gato\" di Bruce Foogle) .<\/span><\/p>\n<ul>\n<li class=\"style9\" style=\"text-align: justify\"><strong><span style=\"color: #000000\">GATO ADULTO<\/span><\/strong><\/li>\n<\/ul>\n<table>\n<tbody>\n<tr>\n<td class=\"style9\" width=\"35%\">\n<p align=\"center\"><span style=\"color: #000000\">peso del adulto<\/span><\/p>\n<\/td>\n<td class=\"style9\" width=\"25%\">\n<p align=\"center\"><span style=\"color: #000000\">2,5 kg<\/span><\/p>\n<\/td>\n<td class=\"style9\" width=\"19%\">\n<p align=\"center\"><span style=\"color: #000000\">4 kg<\/span><\/p>\n<\/td>\n<td class=\"style9\" width=\"21%\">\n<p align=\"center\"><span style=\"color: #000000\">6,5 kg<\/span><\/p>\n<\/td>\n<\/tr>\n<tr>\n<td class=\"style9\" width=\"35%\">\n<p align=\"center\"><span style=\"color: #000000\">inactivo<\/span><\/p>\n<\/td>\n<td class=\"style9\" width=\"25%\">\n<p align=\"center\"><span style=\"color: #000000\">125-175<\/span><\/p>\n<\/td>\n<td class=\"style9\" width=\"19%\">\n<p align=\"center\"><span style=\"color: #000000\">200-280<\/span><\/p>\n<\/td>\n<td class=\"style9\" width=\"21%\">\n<p align=\"center\"><span style=\"color: #000000\">325-455<\/span><\/p>\n<\/td>\n<\/tr>\n<tr>\n<td class=\"style9\" width=\"35%\">\n<p align=\"center\"><span style=\"color: #000000\">activo<\/span><\/p>\n<\/td>\n<td class=\"style9\" width=\"25%\">\n<p align=\"center\"><span style=\"color: #000000\">175-225<\/span><\/p>\n<\/td>\n<td class=\"style9\" width=\"19%\">\n<p align=\"center\"><span style=\"color: #000000\">280-360<\/span><\/p>\n<\/td>\n<td class=\"style9\" width=\"21%\">\n<p align=\"center\"><span style=\"color: #000000\">455-585<\/span><\/p>\n<\/td>\n<\/tr>\n<tr>\n<td class=\"style9\" width=\"35%\">\n<p align=\"center\"><span style=\"color: #000000\">hembra gr\u00e1vida<\/span><\/p>\n<\/td>\n<td class=\"style9\" width=\"25%\">\n<p align=\"center\"><span style=\"color: #000000\">250<\/span><\/p>\n<\/td>\n<td class=\"style9\" width=\"19%\">\n<p align=\"center\"><span style=\"color: #000000\">400<\/span><\/p>\n<\/td>\n<td class=\"style9\" width=\"21%\">\n<p align=\"center\"><span style=\"color: #000000\">650<\/span><\/p>\n<\/td>\n<\/tr>\n<\/tbody>\n<\/table>\n<ul>\n<li class=\"style9\" style=\"text-align: justify\"><strong><span style=\"color: #000000\">ALIMENTACI\u00d3N CACHORRO<\/span><\/strong><\/li>\n<\/ul>\n<table>\n<tbody>\n<tr>\n<td class=\"style9\">\n<p align=\"center\"><span style=\"color: #000000\">edad del cachorro<\/span><\/p>\n<\/td>\n<td class=\"style9\">\n<p align=\"center\"><span style=\"color: #000000\">necesidades energ\u00e9ticas (kcal al d\u00eda)<\/span><\/p>\n<\/td>\n<\/tr>\n<tr>\n<td class=\"style9\">\n<p align=\"center\"><span style=\"color: #000000\">dos meses<\/span><\/p>\n<\/td>\n<td class=\"style9\">\n<p align=\"center\"><span style=\"color: #000000\">175<\/span><\/p>\n<\/td>\n<\/tr>\n<tr>\n<td class=\"style9\">\n<p align=\"center\"><span style=\"color: #000000\">tres meses<\/span><\/p>\n<\/td>\n<td class=\"style9\">\n<p align=\"center\"><span style=\"color: #000000\">270<\/span><\/p>\n<\/td>\n<\/tr>\n<tr>\n<td class=\"style9\">\n<p align=\"center\"><span style=\"color: #000000\">seis meses<\/span><\/p>\n<\/td>\n<td class=\"style9\">\n<p align=\"center\"><span style=\"color: #000000\">280<\/span><\/p>\n<\/td>\n<\/tr>\n<\/tbody>\n<\/table>\n<p class=\"style9\" style=\"text-align: justify\"><span style=\"color: #000000\">No es conveniente destetar al cachorro antes de los 21 d\u00edas, y ser\u00eda mejor no hacerlo hasta los 30, pero para ocasiones en que sea necesario, el cachorro debe ser alimentado con biber\u00f3n con leche especial para cachorros que puede ser de una marca comercial o preparado en casa a base de leche de vaca, crema de leche, yema de huevo y calcio.<\/span><\/p>\n<table cellspacing=\"1\" cellpadding=\"3\">\n<tbody>\n<tr>\n<td class=\"style9\" valign=\"center\">\n<p align=\"center\"><span style=\"color: #000000\">Edad<\/span><\/p>\n<\/td>\n<td class=\"style9\" valign=\"center\">\n<p align=\"center\"><span style=\"color: #000000\">N\u00ba de tomas<\/span><\/p>\n<\/td>\n<td class=\"style9\" valign=\"center\">\n<p align=\"center\"><span style=\"color: #000000\">Lacteadas<\/span><\/p>\n<\/td>\n<td class=\"style9\" valign=\"center\">\n<p align=\"center\"><span style=\"color: #000000\">C\u00e1rnicas<\/span><\/p>\n<\/td>\n<td class=\"style9\" valign=\"center\">\n<p align=\"center\"><span style=\"color: #000000\">g. carne\/d\u00eda<\/span><\/p>\n<\/td>\n<\/tr>\n<tr>\n<td class=\"style9\" valign=\"center\">\n<p align=\"center\"><span style=\"color: #000000\">7 d\u00edas<\/span><\/p>\n<\/td>\n<td class=\"style9\" valign=\"center\">\n<p align=\"center\"><span style=\"color: #000000\">6-7<\/span><\/p>\n<\/td>\n<td class=\"style9\" valign=\"center\">\n<p align=\"center\"><span style=\"color: #000000\">6-7<\/span><\/p>\n<\/td>\n<td class=\"style9\" valign=\"center\">\n<p align=\"center\"><span style=\"color: #000000\">-<\/span><\/p>\n<\/td>\n<td class=\"style9\" valign=\"center\">\n<p align=\"center\"><span style=\"color: #000000\">-<\/span><\/p>\n<\/td>\n<\/tr>\n<tr>\n<td class=\"style9\" valign=\"center\">\n<p align=\"center\"><span style=\"color: #000000\">15 d\u00edas<\/span><\/p>\n<\/td>\n<td class=\"style9\" valign=\"center\">\n<p align=\"center\"><span style=\"color: #000000\">5-4<\/span><\/p>\n<\/td>\n<td class=\"style9\" valign=\"center\">\n<p align=\"center\"><span style=\"color: #000000\">5-4<\/span><\/p>\n<\/td>\n<td class=\"style9\" valign=\"center\">\n<p align=\"center\"><span style=\"color: #000000\">-<\/span><\/p>\n<\/td>\n<td class=\"style9\" valign=\"center\">\n<p align=\"center\"><span style=\"color: #000000\">-<\/span><\/p>\n<\/td>\n<\/tr>\n<tr>\n<td class=\"style9\" valign=\"center\">\n<p align=\"center\"><span style=\"color: #000000\">21 d\u00edas<\/span><\/p>\n<\/td>\n<td class=\"style9\" valign=\"center\">\n<p align=\"center\"><span style=\"color: #000000\">4<\/span><\/p>\n<\/td>\n<td class=\"style9\" valign=\"center\">\n<p align=\"center\"><span style=\"color: #000000\">3<\/span><\/p>\n<\/td>\n<td class=\"style9\" valign=\"center\">\n<p align=\"center\"><span style=\"color: #000000\">1<\/span><\/p>\n<\/td>\n<td class=\"style9\" valign=\"center\">\n<p align=\"center\"><span style=\"color: #000000\">30<\/span><\/p>\n<\/td>\n<\/tr>\n<tr>\n<td class=\"style9\" valign=\"center\">\n<p align=\"center\"><span style=\"color: #000000\">30 d\u00edas<\/span><\/p>\n<\/td>\n<td class=\"style9\" valign=\"center\">\n<p align=\"center\"><span style=\"color: #000000\">4<\/span><\/p>\n<\/td>\n<td class=\"style9\" valign=\"center\">\n<p align=\"center\"><span style=\"color: #000000\">2<\/span><\/p>\n<\/td>\n<td class=\"style9\" valign=\"center\">\n<p align=\"center\"><span style=\"color: #000000\">2<\/span><\/p>\n<\/td>\n<td class=\"style9\" valign=\"center\">\n<p align=\"center\"><span style=\"color: #000000\">50<\/span><\/p>\n<\/td>\n<\/tr>\n<tr>\n<td class=\"style9\" valign=\"center\">\n<p align=\"center\"><span style=\"color: #000000\">45 d\u00edas<\/span><\/p>\n<\/td>\n<td class=\"style9\" valign=\"center\">\n<p align=\"center\"><span style=\"color: #000000\">4-3<\/span><\/p>\n<\/td>\n<td class=\"style9\" valign=\"center\">\n<p align=\"center\"><span style=\"color: #000000\">1-2<\/span><\/p>\n<\/td>\n<td class=\"style9\" valign=\"center\">\n<p align=\"center\"><span style=\"color: #000000\">2<\/span><\/p>\n<\/td>\n<td class=\"style9\" valign=\"center\">\n<p align=\"center\"><span style=\"color: #000000\">75<\/span><\/p>\n<\/td>\n<\/tr>\n<tr>\n<td class=\"style9\" valign=\"center\">\n<p align=\"center\"><span style=\"color: #000000\">60 d\u00edas<\/span><\/p>\n<\/td>\n<td class=\"style9\" valign=\"center\">\n<p align=\"center\"><span style=\"color: #000000\">4-3<\/span><\/p>\n<\/td>\n<td class=\"style9\" valign=\"center\">\n<p align=\"center\"><span style=\"color: #000000\">1<\/span><\/p>\n<\/td>\n<td class=\"style9\" valign=\"center\">\n<p align=\"center\"><span style=\"color: #000000\">2-3<\/span><\/p>\n<\/td>\n<td class=\"style9\" valign=\"center\">\n<p align=\"center\"><span style=\"color: #000000\">100<\/span><\/p>\n<\/td>\n<\/tr>\n<tr>\n<td class=\"style9\" valign=\"center\">\n<p align=\"center\"><span style=\"color: #000000\">4 meses<\/span><\/p>\n<\/td>\n<td class=\"style9\" valign=\"center\">\n<p align=\"center\"><span style=\"color: #000000\">3<\/span><\/p>\n<\/td>\n<td class=\"style9\" valign=\"center\">\n<p align=\"center\"><span style=\"color: #000000\">1<\/span><\/p>\n<\/td>\n<td class=\"style9\" valign=\"center\">\n<p align=\"center\"><span style=\"color: #000000\">2<\/span><\/p>\n<\/td>\n<td class=\"style9\" valign=\"center\">\n<p align=\"center\"><span style=\"color: #000000\">150<\/span><\/p>\n<\/td>\n<\/tr>\n<\/tbody>\n<\/table>\n<p class=\"style9\" style=\"text-align: justify\"><span style=\"color: #000000\">El alimento c\u00e1rnico se compondr\u00e1 de carne o pescado, arroz o pasta y verdura y como alimentos complementarios leche, queso blanco etc.<br \/>\nEn ciertos casos (crecimiento, gestaci\u00f3n, lactancia), es necesario completar la dieta con vitaminas y minerales.<br \/>\nEsta alimentaci\u00f3n se podr\u00e1 sustituir por alimentos enlatados o secos del tipo apropiado a su edad y estado fisiol\u00f3gico. Su veterinario es quien mejor puede aconsejarle.<\/span><\/p>\n<ul>\n<li class=\"style9\" style=\"text-align: justify\"><strong><span style=\"color: #000000\">No debe comer:<\/span><\/strong><\/li>\n<\/ul>\n<p class=\"style9\" style=\"text-align: justify\"><span style=\"color: #000000\">Pescado o v\u00edsceras sin cocer previamente.<br \/>\nAz\u00facar, chocolate o dulces.<br \/>\nEmbutidos curados (s\u00ed podr\u00e1 tomar los cocidos; jam\u00f3n York, pavo, etc).<\/span><\/p>\n","protected":false},"excerpt":{"rendered":"<p>A pesar de la difusi\u00f3n de las latas y piensos, preparadas por los expertos en nutrici\u00f3n\u00a0 que nos garantiza la justa cuantidad de sustancia nutritiva de la que un gato necesita, y en las justas medidas. Pero non todas las comidas enlatadas van igual de bien , y no es casual la gran diferencias de [&hellip;]<\/p>\n","protected":false},"author":10710,"featured_media":0,"parent":0,"menu_order":0,"comment_status":"closed","ping_status":"closed","template":"","meta":{"footnotes":""},"class_list":["post-61","page","type-page","status-publish","hentry"],"_links":{"self":[{"href":"https:\/\/blog.espol.edu.ec\/epmoran\/wp-json\/wp\/v2\/pages\/61","targetHints":{"allow":["GET"]}}],"collection":[{"href":"https:\/\/blog.espol.edu.ec\/epmoran\/wp-json\/wp\/v2\/pages"}],"about":[{"href":"https:\/\/blog.espol.edu.ec\/epmoran\/wp-json\/wp\/v2\/types\/page"}],"author":[{"embeddable":true,"href":"https:\/\/blog.espol.edu.ec\/epmoran\/wp-json\/wp\/v2\/users\/10710"}],"replies":[{"embeddable":true,"href":"https:\/\/blog.espol.edu.ec\/epmoran\/wp-json\/wp\/v2\/comments?post=61"}],"version-history":[{"count":1,"href":"https:\/\/blog.espol.edu.ec\/epmoran\/wp-json\/wp\/v2\/pages\/61\/revisions"}],"predecessor-version":[{"id":62,"href":"https:\/\/blog.espol.edu.ec\/epmoran\/wp-json\/wp\/v2\/pages\/61\/revisions\/62"}],"wp:attachment":[{"href":"https:\/\/blog.espol.edu.ec\/epmoran\/wp-json\/wp\/v2\/media?parent=61"}],"curies":[{"name":"wp","href":"https:\/\/api.w.org\/{rel}","templated":true}]}}