{"id":2,"date":"2010-06-08T15:28:53","date_gmt":"2010-06-08T15:28:53","guid":{"rendered":""},"modified":"2010-08-24T10:54:42","modified_gmt":"2010-08-24T15:54:42","slug":"about","status":"publish","type":"page","link":"https:\/\/blog.espol.edu.ec\/epromero\/about\/","title":{"rendered":"About"},"content":{"rendered":"<p>Hola compa\u00f1eros polit\u00e9cnicos, en este blog encontraran algunos tutoriales y aplicaciones que les puedan ser \u00fatiles para resolver algunos problemas en sus computadores, asi como tambi\u00e9n publicar\u00e9 algunas noticias relacionadas con avances tecnol\u00f3gicos.<\/p>\n","protected":false},"excerpt":{"rendered":"<p>Hola compa\u00f1eros polit\u00e9cnicos, en este blog encontraran algunos tutoriales y aplicaciones que les puedan ser \u00fatiles para resolver algunos problemas en sus computadores, asi como tambi\u00e9n publicar\u00e9 algunas noticias relacionadas con avances tecnol\u00f3gicos.<\/p>\n","protected":false},"author":4545,"featured_media":0,"parent":0,"menu_order":0,"comment_status":"open","ping_status":"open","template":"","meta":{"footnotes":""},"class_list":["post-2","page","type-page","status-publish","hentry"],"_links":{"self":[{"href":"https:\/\/blog.espol.edu.ec\/epromero\/wp-json\/wp\/v2\/pages\/2","targetHints":{"allow":["GET"]}}],"collection":[{"href":"https:\/\/blog.espol.edu.ec\/epromero\/wp-json\/wp\/v2\/pages"}],"about":[{"href":"https:\/\/blog.espol.edu.ec\/epromero\/wp-json\/wp\/v2\/types\/page"}],"author":[{"embeddable":true,"href":"https:\/\/blog.espol.edu.ec\/epromero\/wp-json\/wp\/v2\/users\/4545"}],"replies":[{"embeddable":true,"href":"https:\/\/blog.espol.edu.ec\/epromero\/wp-json\/wp\/v2\/comments?post=2"}],"version-history":[{"count":4,"href":"https:\/\/blog.espol.edu.ec\/epromero\/wp-json\/wp\/v2\/pages\/2\/revisions"}],"predecessor-version":[{"id":133,"href":"https:\/\/blog.espol.edu.ec\/epromero\/wp-json\/wp\/v2\/pages\/2\/revisions\/133"}],"wp:attachment":[{"href":"https:\/\/blog.espol.edu.ec\/epromero\/wp-json\/wp\/v2\/media?parent=2"}],"curies":[{"name":"wp","href":"https:\/\/api.w.org\/{rel}","templated":true}]}}