{"id":80,"date":"2016-11-15T19:33:12","date_gmt":"2016-11-15T19:33:12","guid":{"rendered":"http:\/\/blog.espol.edu.ec\/erihucor\/?page_id=80"},"modified":"2016-11-15T19:33:12","modified_gmt":"2016-11-15T19:33:12","slug":"quieres-escribir-tu-propio-micro-cuento","status":"publish","type":"page","link":"https:\/\/blog.espol.edu.ec\/erihucor\/quieres-escribir-tu-propio-micro-cuento\/","title":{"rendered":"\u00bfQuieres escribir tu propio micro cuento?"},"content":{"rendered":"<p style=\"text-align: center\">\n<h2><span id=\"como_hacer_un_microcuento_en_4_pasos\">\u00bfC\u00d3MO HACER UN MICRO CUENTO EN 4 PASOS?<\/span><\/h2>\n<p>A continuaci\u00f3n encontrar\u00e1s una manera \u00f3ptima de construir tu propio <b>microcuento<\/b> en solo cuatro pasos. Te ser\u00e1 \u00fatil para escribir una narraci\u00f3n de estas caracter\u00edsticas, ya sea para la escuela, alg\u00fan concurso o por gusto personal.<\/p>\n<p><strong>1.<\/strong> Antes que nada, lo primero que debes preguntarte es <b>\u00bfqu\u00e9 deseo narrar en mi relato? <\/b>El microcuento es un relato por sobre todo inteligente. Debes pensar en una historia que sea lo bastante interesante, llamativa y que permita una condensaci\u00f3n profunda de las ideas. La recomendaci\u00f3n es que pienses el argumento de tu microcuento como una cebolla: podr\u00edas presentar una historia que en apariencia tiene una sola forma, pero que al ser le\u00eddo por el lector, \u00e9ste comprenda que tiene muchas m\u00e1s capas de las que se est\u00e1n mostrando.<\/p>\n<p><strong>2.<\/strong> Para conseguir el efecto mencionado anteriormente, tendr\u00e1s que apoyarte en alguno de los recursos que son propios del microcuento <b>\u00bfqu\u00e9 recurso utilizar\u00e9 para conseguir un efecto que impacte al lector?<\/b> Podr\u00eda tratarse de un juego de ingenio para producir extra\u00f1amiento en el lector, recurrir al humor o bien, utilizar la iron\u00eda, el cual es el recurso m\u00e1s t\u00edpico del microcuento. Diego Mu\u00f1oz Valenzuela es un escritor de microcuentos, que en su relato \u201cAmor cibern\u00e9tico\u201d utiliza el recurso de la iron\u00eda para presentar a dos personas deformes que se conocen a trav\u00e9s de la red y que se inventaban una realidad virtual, donde ninguno de los dos ten\u00eda defectos.<\/p>\n<p><strong>3.<\/strong> En tercer lugar, es fundamental que juegues con los tiempos de la narraci\u00f3n <b>\u00bfde qu\u00e9 forma el narrador manejar\u00e1 el tiempo de mi relato?<\/b> Puede que tu microcuento se l\u00edmite a reflejar un solo minuto en la vida de alguien, el cual se extiende a lo largo de todo el texto; o bien, puede que construyas un microcuento que tenga m\u00faltiples saltos el\u00edpticos, consiguiendo que en un solo microcuento se condense la vida completa de una persona. Esos efectos est\u00e9ticos tienen un profundo efecto en el lector. Aprovecha las ventajas de jugar con estos recursos que est\u00e1n a disposici\u00f3n de cualquier escritor, sea novato o experto.<\/p>\n<p><strong>4.<\/strong> Por \u00faltimo, preg\u00fantate <b>\u00bfqui\u00e9n ser\u00e1 el lector ideal de mi microcuento?<\/b> No subestimes a tu lector, sobre todo trat\u00e1ndose de un microcuento. Necesitar\u00e1s a uno que sea lo bastante culto para comprender que detr\u00e1s de tu texto est\u00e1 presente una multiplicidad de otros textos literarios <i>(intertextualidad)<\/i>. Un microcuento por el hecho de ser breve, no implica que sea un texto menos rico en t\u00e9rminos de contenido. No olvides lo siguiente: Al escribir un microcuento est\u00e1s bordeando un texto que podr\u00eda tener la misma potencialidad de una novela o un cuento largo.<\/p>\n<p>&nbsp;<\/p>\n<p><img loading=\"lazy\" decoding=\"async\" class=\"wp-image-81 aligncenter\" src=\"http:\/\/blog.espol.edu.ec\/erihucor\/files\/2016\/11\/Screen-Shot-2015-05-19-at-2-850x400.png\" alt=\"screen-shot-2015-05-19-at-2\" width=\"419\" height=\"197\" \/><\/p>\n<p style=\"text-align: center\">\n<form id=\"vozme_form_39d74cafb1e544be1c3a49479df81aff\" method=\"post\" name=\"vozme_form_39d74cafb1e544be1c3a49479df81aff\" target=\"39d74cafb1e544be1c3a49479df81aff\" action=\"http:\/\/vozme.com\/text2voice.php\"><input name=\"text\" type=\"hidden\" value=\"\u00bfQuieres escribir tu propio micro cuento?. \n\u00bfC\u00d3MO HACER UN MICRO CUENTO EN 4 PASOS?\nA continuaci\u00f3n encontrar\u00e1s una manera \u00f3ptima de construir tu propio microcuento en solo cuatro pasos. Te ser\u00e1 \u00fatil para escribir una narraci\u00f3n de estas caracter\u00edsticas, ya sea para la escuela, alg\u00fan concurso o por gusto personal.\n1. Antes que nada, lo primero que debes preguntarte es \u00bfqu\u00e9 deseo narrar en mi relato? El microcuento es un relato por sobre todo inteligente. Debes pensar en una historia que sea lo bastante interesante, llamativa y que permita una condensaci\u00f3n profunda de las ideas. La recomendaci\u00f3n es que pienses el argumento de tu microcuento como una cebolla: podr\u00edas presentar una historia que en apariencia tiene una sola forma, pero que al ser le\u00eddo por el lector, \u00e9ste comprenda que tiene muchas m\u00e1s capas de las que se est\u00e1n mostrando.\n2. Para conseguir el efecto mencionado anteriormente, tendr\u00e1s que apoyarte en alguno de los recursos que son propios del microcuento \u00bfqu\u00e9 recurso utilizar\u00e9 para conseguir un efecto que impacte al lector? Podr\u00eda tratarse de un juego de ingenio para producir extra\u00f1amiento en el lector, recurrir al humor o bien, utilizar la iron\u00eda, el cual es el recurso m\u00e1s t\u00edpico del microcuento. Diego Mu\u00f1oz Valenzuela es un escritor de microcuentos, que en su relato \u201cAmor cibern\u00e9tico\u201d utiliza el recurso de la iron\u00eda para presentar a dos personas deformes que se conocen a trav\u00e9s de la red y que se inventaban una realidad virtual, donde ninguno de los dos ten\u00eda defectos.\n3. En tercer lugar, es fundamental que juegues con los tiempos de la narraci\u00f3n \u00bfde qu\u00e9 forma el narrador manejar\u00e1 el tiempo de mi relato? Puede que tu microcuento se l\u00edmite a reflejar un solo minuto en la vida de alguien, el cual se extiende a lo largo de todo el texto; o bien, puede que construyas un microcuento que tenga m\u00faltiples saltos el\u00edpticos, consiguiendo que en un solo microcuento se condense la vida completa de una persona. Esos efectos est\u00e9ticos tienen un profundo efecto en el lector. Aprovecha las ventajas de jugar con estos recursos que est\u00e1n a disposici\u00f3n de cualquier escritor, sea novato o experto.\n4. Por \u00faltimo, preg\u00fantate \u00bfqui\u00e9n ser\u00e1 el lector ideal de mi microcuento? No subestimes a tu lector, sobre todo trat\u00e1ndose de un microcuento. Necesitar\u00e1s a uno que sea lo bastante culto para comprender que detr\u00e1s de tu texto est\u00e1 presente una multiplicidad de otros textos literarios (intertextualidad). Un microcuento por el hecho de ser breve, no implica que sea un texto menos rico en t\u00e9rminos de contenido. No olvides lo siguiente: Al escribir un microcuento est\u00e1s bordeando un texto que podr\u00eda tener la misma potencialidad de una novela o un cuento largo.\n&nbsp;\n\n\n\" \/><input name=\"lang\" type=\"hidden\" value=\"en\" \/><input name=\"gn\" type=\"hidden\" value=\"ml\" \/><input type=\"hidden\" id=\"interface\" name=\"interface\" value=\"full\" \/>\n\t\t\t<div style=\"margin-left:40%;\">\n\t\t\t\n\t\t\t\t<input style=\"float:left;\" type=\"image\" width=\"40\" height=\"40\" src=\"http:\/\/blog.espol.edu.ec\/erihucor\/wp-content\/plugins\/vozme\/img\/megaphone40x40w.gif\" alt=\"Hear this post\" onclick=\"window.open('', '39d74cafb1e544be1c3a49479df81aff', 'width=600,height=370,scrollbars=yes,location=yes,menubar=yes,resizable=yes,status=yes,toolbar=yes');\">\n\t\t\t\t<div style=\"margin-left:48px; text-align:left;\"><a style=\"font-size:12px;\" href=\"javascript:void(0);\" onclick=\"window.open('', '39d74cafb1e544be1c3a49479df81aff', 'width=600,height=370,scrollbars=yes,location=yes,menubar=yes,resizable=yes,status=yes,toolbar=yes'); document.getElementById('vozme_form_39d74cafb1e544be1c3a49479df81aff').submit();\">Hear<br\/>this post<\/a><\/div>\n\t\t\t<\/div><\/form>","protected":false},"excerpt":{"rendered":"<p>\u00bfC\u00d3MO HACER UN MICRO CUENTO EN 4 PASOS? A continuaci\u00f3n encontrar\u00e1s una manera \u00f3ptima de construir tu propio microcuento en solo cuatro pasos. Te ser\u00e1 \u00fatil para escribir una narraci\u00f3n de estas caracter\u00edsticas, ya sea para la escuela, alg\u00fan concurso o por gusto personal. 1. Antes que nada, lo primero que debes preguntarte es \u00bfqu\u00e9 [&hellip;]<\/p>\n","protected":false},"author":10707,"featured_media":0,"parent":0,"menu_order":0,"comment_status":"closed","ping_status":"closed","template":"","meta":{"_monsterinsights_skip_tracking":false,"_monsterinsights_sitenote_active":false,"_monsterinsights_sitenote_note":"","_monsterinsights_sitenote_category":0,"footnotes":""},"class_list":["post-80","page","type-page","status-publish","hentry"],"_links":{"self":[{"href":"https:\/\/blog.espol.edu.ec\/erihucor\/wp-json\/wp\/v2\/pages\/80","targetHints":{"allow":["GET"]}}],"collection":[{"href":"https:\/\/blog.espol.edu.ec\/erihucor\/wp-json\/wp\/v2\/pages"}],"about":[{"href":"https:\/\/blog.espol.edu.ec\/erihucor\/wp-json\/wp\/v2\/types\/page"}],"author":[{"embeddable":true,"href":"https:\/\/blog.espol.edu.ec\/erihucor\/wp-json\/wp\/v2\/users\/10707"}],"replies":[{"embeddable":true,"href":"https:\/\/blog.espol.edu.ec\/erihucor\/wp-json\/wp\/v2\/comments?post=80"}],"version-history":[{"count":1,"href":"https:\/\/blog.espol.edu.ec\/erihucor\/wp-json\/wp\/v2\/pages\/80\/revisions"}],"predecessor-version":[{"id":82,"href":"https:\/\/blog.espol.edu.ec\/erihucor\/wp-json\/wp\/v2\/pages\/80\/revisions\/82"}],"wp:attachment":[{"href":"https:\/\/blog.espol.edu.ec\/erihucor\/wp-json\/wp\/v2\/media?parent=80"}],"curies":[{"name":"wp","href":"https:\/\/api.w.org\/{rel}","templated":true}]}}