{"id":65,"date":"2009-11-20T17:02:47","date_gmt":"2009-11-20T22:02:47","guid":{"rendered":"http:\/\/blog.espol.edu.ec\/ernestofrez\/?page_id=65"},"modified":"2009-11-25T10:16:47","modified_gmt":"2009-11-25T15:16:47","slug":"notas","status":"publish","type":"page","link":"https:\/\/blog.espol.edu.ec\/ernestofrez\/notas\/","title":{"rendered":"NoTaS"},"content":{"rendered":"<p class=\"MsoNormal\" align=\"center\"><strong><span style=\"font-size: 16pt\" lang=\"ES\">LA  MAGIA DE<\/span><\/strong><strong><span style=\"font-size: 16pt\" lang=\"ES\"> CRISS ANGEL<\/span><\/strong><\/p>\n<p class=\"MsoNormal\" align=\"center\">\n<p class=\"MsoNormal\" align=\"center\"><img loading=\"lazy\" decoding=\"async\" class=\"alignnone size-full wp-image-69\" style=\"margin-left: 12px;margin-right: 12px\" src=\"http:\/\/blog.espol.edu.ec\/ernestofrez\/files\/2009\/11\/mindfreak_1.jpg\" alt=\"mindfreak_1\" hspace=\"12\" width=\"299\" height=\"224\" align=\"left\" srcset=\"https:\/\/blog.espol.edu.ec\/ernestofrez\/files\/2009\/11\/mindfreak_1.jpg 430w, https:\/\/blog.espol.edu.ec\/ernestofrez\/files\/2009\/11\/mindfreak_1-300x225.jpg 300w\" sizes=\"auto, (max-width: 299px) 100vw, 299px\" \/><\/p>\n<p class=\"MsoNormal\" style=\"text-align: justify\"><strong><\/strong><strong><\/strong><span style=\"font-size: 10pt\"><a href=\"http:\/\/www.portaldemagia.net\/criss-angel\/\"><span lang=\"ES\"><span style=\"color: blue\">Criss Angel<\/span><\/span><\/a><\/span><span style=\"font-size: 10pt\"> <span lang=\"ES\">se transform\u00f3 en un icono televisivo desde su primera aparici\u00f3n en el programa \u201cMindfreak\u201d. No solo por su sexy pinta de rockero, sino por sus sorprendentes trucos de magia. Entre los cuales destacaban: levitar, caminar sobre las aguas, desaparecer a voluntad propia, partirse por la mitad y atravesar ventanas sin quebrar sus vidrios.No obstante, conseguir la fama no fue tarea f\u00e1cil para Criss. En 2001, se vio obligado a hipotecar la casa de su madre para conseguir los 300 mil d\u00f3lares que necesitaba para financiar el proyecto televisivo \u201cMindfreak\u201d.<\/span><\/span><\/p>\n<p class=\"MsoNormal\" style=\"margin-right: 0cm;margin-left: 0cm\"><span style=\"font-size: 10pt;font-family: &quot;Times New Roman&quot;,&quot;serif&amp;quot\"><span style=\"font-size: 10pt\" lang=\"ES\">Un a\u00f1o despu\u00e9s acumul\u00f3 utilidades por 4 millones de d\u00f3lares y recibi\u00f3 jugosas ofertas de cadenas como ABC y TBS de Jap\u00f3n, que deseaban incorporar a sus aclamados productos televisivos ideas frescas. Todo ello, con el af\u00e1n de elevar sus niveles de audiencia de forma impresionante.<\/span><\/span><\/p>\n<p class=\"MsoNormal\" style=\"margin-right: 0cm;margin-left: 0cm\"><span style=\"font-size: 10pt;font-family: &quot;Times New Roman&quot;,&quot;serif&amp;quot\"><span style=\"font-size: 10pt\" lang=\"ES\">Este m\u00faltifac\u00e9tico y g\u00f3tico personaje, cuyo nombre real es Christopher N. Sarantakos, naci\u00f3 el 19 de diciembre de 1967 en East Meadow, Nueva York. Y se interes\u00f3 por la magia a los siete a\u00f1os, luego de que su t\u00eda Stella le hiciera un truco de magia.<\/span><\/span><\/p>\n<p class=\"MsoNormal\" style=\"margin-right: 0cm;margin-left: 0cm\"><span style=\"font-size: 10pt;font-family: &quot;Times New Roman&quot;,&quot;serif&amp;quot\"><span style=\"font-size: 10pt\" lang=\"ES\">Sin embargo, fue hasta los 19 a\u00f1os que obtuvo ingresos superiores a los 3 mil d\u00f3lares, actuando en populares clubes nocturnos de Las Vegas -lugar donde conocer\u00eda a su maestro y mentor, Matthias-.<\/span><\/span><\/p>\n<p class=\"MsoNormal\" style=\"margin-right: 0cm;margin-left: 0cm\"><span style=\"font-size: 10pt;font-family: &quot;Times New Roman&quot;,&quot;serif&amp;quot\"><span style=\"font-size: 10pt\" lang=\"ES\">Para 2005, Criss Angel estren\u00f3 en A&amp;E su nuevo programa \u201cCriss Angel Mindfreak\u201d. Un proyecto donde promociona tanto su magia como m\u00fasica. En \u00e9l, ha realizado actos de escapismo, levitaci\u00f3n e incluso se ha colgado de un helic\u00f3ptero en movimiento sosteni\u00e9ndose en el aire con ganchos incrustados a su espalda.<\/span><\/span><\/p>\n<p class=\"MsoNormal\" style=\"margin-right: 0cm;margin-left: 0cm\"><span style=\"font-size: 10pt;font-family: &quot;Times New Roman&quot;,&quot;serif&amp;quot\"><span style=\"font-size: 10pt\" lang=\"ES\">Dichos actos le han permitido ganar, en cuatro ocasiones, el premio Merl\u00edn entregado por la Asociaci\u00f3n Internacional de Magos en los a\u00f1os 2001, 2004, 2005 y 2008. Convirti\u00e9ndose as\u00ed en uno de los ilusionistas mejor cotizados de todo el mundo.<\/span><\/span><\/p>\n<p class=\"MsoNormal\" style=\"margin-right: 0cm;margin-left: 0cm\"><span style=\"font-size: 10pt;font-family: &quot;Times New Roman&quot;,&quot;serif&amp;quot\"><span style=\"font-size: 10pt\" lang=\"ES\">Adem\u00e1s, gracias a su af\u00e1n de perfeccionar los trucos que lo han hecho famoso, fue nombrado Mago del A\u00f1o por la Academia de Artes M\u00e1gicas (AMA), en un evento de prensa en el Magic Castle de Hollywood.<\/span><\/span><\/p>\n<p class=\"MsoNormal\" style=\"margin-right: 0cm;margin-left: 0cm\"><span style=\"font-size: 10pt;font-family: &quot;Times New Roman&quot;,&quot;serif&amp;quot\"><span style=\"font-size: 10pt\" lang=\"ES\"><br \/>\n<\/span><\/span><\/p>\n<p class=\"MsoNormal\" style=\"text-align: justify\"><span style=\"font-size: 10pt;font-family: &quot;Times New Roman&quot;,&quot;serif&amp;quot\"><!--[if gte vml 1]&gt;   &lt;![endif]--><!--[if !vml]--><img loading=\"lazy\" decoding=\"async\" class=\"alignnone size-full wp-image-70\" style=\"margin-left: 12px;margin-right: 12px\" src=\"http:\/\/blog.espol.edu.ec\/ernestofrez\/files\/2009\/11\/criss_angel.jpg\" alt=\"criss_angel\" hspace=\"12\" width=\"225\" height=\"161\" align=\"left\" srcset=\"https:\/\/blog.espol.edu.ec\/ernestofrez\/files\/2009\/11\/criss_angel.jpg 525w, https:\/\/blog.espol.edu.ec\/ernestofrez\/files\/2009\/11\/criss_angel-300x213.jpg 300w\" sizes=\"auto, (max-width: 225px) 100vw, 225px\" \/><!--[endif]--><span style=\"font-size: 10pt\" lang=\"ES\">Por supuesto, el mago tambi\u00e9n ha sido duramente criticado por algunas comunidades m\u00e1gicas. Esto debido al uso excesivo de trucos de c\u00e1mara, actores que pasan por desprevenidos espectadores y la edici\u00f3n de v\u00eddeo de muchos de los efectos de sus programas.<\/span><\/span><\/p>\n<p class=\"MsoNormal\" style=\"text-align: justify\"><span style=\"font-size: 10pt;font-family: &quot;Times New Roman&quot;,&quot;serif&amp;quot\"><span style=\"font-size: 10pt\" lang=\"ES\">Cabe se\u00f1alar que a su paso por tierras cuscatlecas, Franz Czeisler, due\u00f1o del circo Tihany Spectacular, destac\u00f3 que no solo es un gran amigo de Criss Angel, sino que \u00e9l conforma \u201cuna nueva era de la magia, junto con David Copperfield, Siegfried y Roy, donde la tecnolog\u00eda moderna puede hacer que el p\u00fablico vea lo que mago quiere que vea\u201d.<\/span><\/span><\/p>\n<p class=\"MsoNormal\" align=\"center\"><span style=\"font-size: 10pt\"><span style=\"font-size: 10pt;font-family: &quot;Times New Roman&quot;,&quot;serif&amp;quot\"><!--[if gte vml 1]&gt;  &lt;![endif]--><!--[if !vml]--><img loading=\"lazy\" decoding=\"async\" class=\"alignnone size-full wp-image-71\" style=\"border: 0pt none\" src=\"http:\/\/blog.espol.edu.ec\/ernestofrez\/files\/2009\/11\/crissangel-mindfreaklogo-400x.gif\" border=\"0\" alt=\"crissangel-mindfreaklogo-400x\" width=\"248\" height=\"160\" \/><!--[endif]--><\/span><\/span><\/p>\n<p class=\"MsoNormal\" style=\"text-align: justify\">\n","protected":false},"excerpt":{"rendered":"<p>LA MAGIA DE CRISS ANGEL Criss Angel se transform\u00f3 en un icono televisivo desde su primera aparici\u00f3n en el programa \u201cMindfreak\u201d. No solo por su sexy pinta de rockero, sino por sus sorprendentes trucos de magia. Entre los cuales destacaban: levitar, caminar sobre las aguas, desaparecer a voluntad propia, partirse por la mitad y atravesar [&hellip;]<\/p>\n","protected":false},"author":3098,"featured_media":0,"parent":0,"menu_order":0,"comment_status":"open","ping_status":"open","template":"","meta":{"footnotes":""},"class_list":["post-65","page","type-page","status-publish","hentry"],"_links":{"self":[{"href":"https:\/\/blog.espol.edu.ec\/ernestofrez\/wp-json\/wp\/v2\/pages\/65","targetHints":{"allow":["GET"]}}],"collection":[{"href":"https:\/\/blog.espol.edu.ec\/ernestofrez\/wp-json\/wp\/v2\/pages"}],"about":[{"href":"https:\/\/blog.espol.edu.ec\/ernestofrez\/wp-json\/wp\/v2\/types\/page"}],"author":[{"embeddable":true,"href":"https:\/\/blog.espol.edu.ec\/ernestofrez\/wp-json\/wp\/v2\/users\/3098"}],"replies":[{"embeddable":true,"href":"https:\/\/blog.espol.edu.ec\/ernestofrez\/wp-json\/wp\/v2\/comments?post=65"}],"version-history":[{"count":10,"href":"https:\/\/blog.espol.edu.ec\/ernestofrez\/wp-json\/wp\/v2\/pages\/65\/revisions"}],"predecessor-version":[{"id":68,"href":"https:\/\/blog.espol.edu.ec\/ernestofrez\/wp-json\/wp\/v2\/pages\/65\/revisions\/68"}],"wp:attachment":[{"href":"https:\/\/blog.espol.edu.ec\/ernestofrez\/wp-json\/wp\/v2\/media?parent=65"}],"curies":[{"name":"wp","href":"https:\/\/api.w.org\/{rel}","templated":true}]}}